{"id":2,"date":"2017-12-22T08:34:01","date_gmt":"2017-12-22T08:34:01","guid":{"rendered":"https:\/\/blogi.savonia.fi\/3dtulostus\/?page_id=2"},"modified":"2021-08-09T08:19:04","modified_gmt":"2021-08-09T05:19:04","slug":"tietoa","status":"publish","type":"page","link":"https:\/\/blogi.savonia.fi\/3dtulostus\/tietoa\/","title":{"rendered":"Tietoa blogista"},"content":{"rendered":"<p>T\u00e4ss\u00e4 blogissa kerromme Savonian eri alojen n\u00e4kemyksi\u00e4 ja kokemuksia 3D-tulostuksen mahdollisuuksista nyt ja tulevaisuudessa.<\/p>\n<p>3D-tulostusymp\u00e4rist\u00f6ss\u00e4mme on k\u00e4ynniss\u00e4 seuraavat EAKR-rahoitteiset hankkeet, joihin tutkimusty\u00f6 liittyy:<\/p>\n<ul>\n<li>Lis\u00e4\u00e4v\u00e4 Valmistus Pohjois-Savossa (LIVA), 1.9.2016 &#8211; 31.12.2018<\/li>\n<li>3D-tulostusymp\u00e4rist\u00f6n investointi- &amp; kehityshanke, 1.10.2018 &#8211; 31.12.2020<\/li>\n<\/ul>\n<p><img loading=\"lazy\" decoding=\"async\" class=\"alignnone  wp-image-860\" src=\"https:\/\/blogi.savonia.fi\/3dtulostus\/wp-content\/uploads\/sites\/4961\/2021\/03\/lippulogot-1024x194_2020-300x57.png\" alt=\"\" width=\"684\" height=\"130\" srcset=\"https:\/\/blogi.savonia.fi\/3dtulostus\/wp-content\/uploads\/sites\/4961\/2021\/03\/lippulogot-1024x194_2020-300x57.png 300w, https:\/\/blogi.savonia.fi\/3dtulostus\/wp-content\/uploads\/sites\/4961\/2021\/03\/lippulogot-1024x194_2020-768x146.png 768w, https:\/\/blogi.savonia.fi\/3dtulostus\/wp-content\/uploads\/sites\/4961\/2021\/03\/lippulogot-1024x194_2020.png 1024w\" sizes=\"auto, (max-width: 684px) 100vw, 684px\" \/><\/p>\n<p>Blogin toimituskunta:<\/p>\n<p>Klaudia K\u00e4kel\u00e4<br \/>\nViestint\u00e4asiantuntija<\/p>\n<p>Anu R\u00e4ty-H\u00e4rk\u00f6ne<br \/>\nInformaatikko<\/p>\n<p>Anne Heikkinen<br \/>\nViestint\u00e4p\u00e4\u00e4llikk\u00f6<\/p>\n","protected":false},"excerpt":{"rendered":"<p>T\u00e4ss\u00e4 blogissa kerromme Savonian eri alojen n\u00e4kemyksi\u00e4 ja kokemuksia 3D-tulostuksen mahdollisuuksista nyt ja tulevaisuudessa. 3D-tulostusymp\u00e4rist\u00f6ss\u00e4mme on k\u00e4ynniss\u00e4 seuraavat EAKR-rahoitteiset hankkeet, joihin tutkimusty\u00f6 liittyy: Lis\u00e4\u00e4v\u00e4 Valmistus Pohjois-Savossa (LIVA), 1.9.2016 &#8211; 31.12.2018 3D-tulostusymp\u00e4rist\u00f6n investointi- &amp; kehityshanke, 1.10.2018 &#8211; 31.12.2020 Blogin toimituskunta: Klaudia K\u00e4kel\u00e4 Viestint\u00e4asiantuntija Anu R\u00e4ty-H\u00e4rk\u00f6ne Informaatikko Anne Heikkinen Viestint\u00e4p\u00e4\u00e4llikk\u00f6<\/p>\n","protected":false},"author":476,"featured_media":0,"parent":0,"menu_order":0,"comment_status":"closed","ping_status":"open","template":"","meta":{"footnotes":""},"class_list":["post-2","page","type-page","status-publish","hentry"],"_links":{"self":[{"href":"https:\/\/blogi.savonia.fi\/3dtulostus\/wp-json\/wp\/v2\/pages\/2","targetHints":{"allow":["GET"]}}],"collection":[{"href":"https:\/\/blogi.savonia.fi\/3dtulostus\/wp-json\/wp\/v2\/pages"}],"about":[{"href":"https:\/\/blogi.savonia.fi\/3dtulostus\/wp-json\/wp\/v2\/types\/page"}],"author":[{"embeddable":true,"href":"https:\/\/blogi.savonia.fi\/3dtulostus\/wp-json\/wp\/v2\/users\/476"}],"replies":[{"embeddable":true,"href":"https:\/\/blogi.savonia.fi\/3dtulostus\/wp-json\/wp\/v2\/comments?post=2"}],"version-history":[{"count":7,"href":"https:\/\/blogi.savonia.fi\/3dtulostus\/wp-json\/wp\/v2\/pages\/2\/revisions"}],"predecessor-version":[{"id":1161,"href":"https:\/\/blogi.savonia.fi\/3dtulostus\/wp-json\/wp\/v2\/pages\/2\/revisions\/1161"}],"wp:attachment":[{"href":"https:\/\/blogi.savonia.fi\/3dtulostus\/wp-json\/wp\/v2\/media?parent=2"}],"curies":[{"name":"wp","href":"https:\/\/api.w.org\/{rel}","templated":true}]}}