{"id":905,"date":"2025-12-28T11:24:09","date_gmt":"2025-12-28T09:24:09","guid":{"rendered":"https:\/\/blogi.savonia.fi\/anuverbaan\/?page_id=905"},"modified":"2025-12-29T14:40:37","modified_gmt":"2025-12-29T12:40:37","slug":"cv-ja-infograafi","status":"publish","type":"page","link":"https:\/\/blogi.savonia.fi\/anuverbaan\/cv-ja-infograafi\/","title":{"rendered":"CV JA INFOGRAAFI"},"content":{"rendered":"\n<p>Valikosta l\u00f6yd\u00e4t allekirjoittaneen ajankohtaisen video-esittelyn, lyhyen curriculum vitaen sek\u00e4 infograafin.<\/p>\n","protected":false},"excerpt":{"rendered":"<p>Valikosta l\u00f6yd\u00e4t allekirjoittaneen ajankohtaisen video-esittelyn, lyhyen curriculum vitaen sek\u00e4 infograafin.<\/p>\n","protected":false},"author":9246,"featured_media":0,"parent":0,"menu_order":0,"comment_status":"closed","ping_status":"closed","template":"","meta":{"footnotes":""},"class_list":["post-905","page","type-page","status-publish","hentry"],"_links":{"self":[{"href":"https:\/\/blogi.savonia.fi\/anuverbaan\/wp-json\/wp\/v2\/pages\/905","targetHints":{"allow":["GET"]}}],"collection":[{"href":"https:\/\/blogi.savonia.fi\/anuverbaan\/wp-json\/wp\/v2\/pages"}],"about":[{"href":"https:\/\/blogi.savonia.fi\/anuverbaan\/wp-json\/wp\/v2\/types\/page"}],"author":[{"embeddable":true,"href":"https:\/\/blogi.savonia.fi\/anuverbaan\/wp-json\/wp\/v2\/users\/9246"}],"replies":[{"embeddable":true,"href":"https:\/\/blogi.savonia.fi\/anuverbaan\/wp-json\/wp\/v2\/comments?post=905"}],"version-history":[{"count":3,"href":"https:\/\/blogi.savonia.fi\/anuverbaan\/wp-json\/wp\/v2\/pages\/905\/revisions"}],"predecessor-version":[{"id":1002,"href":"https:\/\/blogi.savonia.fi\/anuverbaan\/wp-json\/wp\/v2\/pages\/905\/revisions\/1002"}],"wp:attachment":[{"href":"https:\/\/blogi.savonia.fi\/anuverbaan\/wp-json\/wp\/v2\/media?parent=905"}],"curies":[{"name":"wp","href":"https:\/\/api.w.org\/{rel}","templated":true}]}}