{"id":44,"date":"2022-08-18T13:00:13","date_gmt":"2022-08-18T10:00:13","guid":{"rendered":"https:\/\/blogi.savonia.fi\/arvostavavuorovaikutus\/?page_id=44"},"modified":"2022-12-09T12:00:24","modified_gmt":"2022-12-09T10:00:24","slug":"palautteen-antaminen","status":"publish","type":"page","link":"https:\/\/blogi.savonia.fi\/arvostavavuorovaikutus\/palautteen-antaminen\/","title":{"rendered":"Palautteen antaminen"},"content":{"rendered":"\n\n<!-- iframe plugin v.6.0 wordpress.org\/plugins\/iframe\/ -->\n<iframe loading=\"lazy\" width=\"560\" height=\"315\" src=\"https:\/\/www.youtube.com\/embed\/xaR8rbENA4c\" title=\"YouTube video player\" frameborder=\"0\" allow=\"accelerometer; autoplay; clipboard-write; encrypted-media; gyroscope; picture-in-picture\" 0=\"allowfullscreen&gt;&lt;\/iframe\" scrolling=\"yes\" class=\"iframe-class\"><\/iframe>\n\n\n\n\n<figure class=\"wp-block-table is-style-regular has-medium-font-size\"><table class=\"has-black-color has-text-color\"><tbody><tr><td><strong>Tavoite<\/strong><\/td><td>Osallistuja<br>&#8211; Kehittyy palautteen antamisessa <br>&#8211; Ymm\u00e4rt\u00e4\u00e4 palautteen merkityksen hyv\u00e4n ja kehitt\u00e4v\u00e4n vuorovaikutuksen kannalta<br>&#8211; Motivoituu harjoittelemaan palautteen antamista ty\u00f6tovereille<\/td><\/tr><tr><td><strong>Sis\u00e4lt\u00f6<\/strong><\/td><td>Viritys &nbsp; <br>V\u00e4liteht\u00e4v\u00e4n purku &nbsp; <br>P\u00e4iv\u00e4n aiheen k\u00e4sittely: palautteen antaminen \/ puheeksi ottaminen &nbsp; <br>Harjoittelu ja sen purkaminen &nbsp; <br>Yhteenveto ja kiteytys &nbsp; <br>Uuden v\u00e4liteht\u00e4v\u00e4n muotoilu<\/td><\/tr><tr><td><br><br><br><br><br><br><br><strong>Menetelm\u00e4t ja harjoitukset<\/strong><\/td><td><strong>Viritys<\/strong><br>1. Kierros korttien avulla: Yksi osallistuja valitsee pakasta kortin ja lukee sen sis\u00e4lt\u00e4m\u00e4n kysymyksen. Lukijan toisella puolella istuva vastaa ensimm\u00e4isen\u00e4 kysymykseen. Kaikki vastaavat vuorotellen kortin kysymykseen. Kortin nostanut vastaa viimeiseksi. <br>2. Ty\u00f6pajan vet\u00e4j\u00e4\/t kertaavat edellisten kertojen teemat ja valmennuksen tavoitteen sek\u00e4 sitovat t\u00e4m\u00e4n ty\u00f6pajan teeman ja tavoitteet niihin. &nbsp;<br> <br><strong>V\u00e4liteht\u00e4v\u00e4n purku<\/strong> Kuullaan edellisell\u00e4 kerralla v\u00e4liteht\u00e4v\u00e4ksi annetut tarinat osallistujilta: Milloin itse k\u00e4ytit rikastavaa vuorovaikutusta? Tarkastele ty\u00f6tilanteita ja ty\u00f6n ulkopuolista el\u00e4m\u00e4\u00e4. Tuo mukanasi tarina, jossa kuvaat tilannetta ja sen kulkua. &nbsp; <br><br><strong>P\u00e4iv\u00e4n aiheen k\u00e4sittely<\/strong> Ty\u00f6pajan vet\u00e4j\u00e4 esittelee palauteteeman kokonaisuuden (diat) &nbsp; <br><em>Kierros kaikilta:<\/em> Millainen olen palautteen antajana? Joko suullisesti tai niin, ett\u00e4 osallistujat kirjoittavat jokainen lapulle. Laput kootaan ja ryhmitell\u00e4\u00e4n p\u00f6yd\u00e4lle. Keskustellaan, millaisia palautteen antajia ty\u00f6yhteis\u00f6st\u00e4 l\u00f6ytyy. <br><br><em>Pariporina:<\/em> Mill\u00e4 tavalla annettua palautetta on mahdollista kuulla ja ottaa vastaan? Keskustelun tulokset kootaan yhteiskeskustelussa, johon liitet\u00e4\u00e4n palautteen antamista koskevaa tiedollista materiaalia. Ty\u00f6pajan vet\u00e4j\u00e4 kirjaa parien tuottamaa materiaalia PowerPointiin. &nbsp;Diat (9-11) rakentavan palautteen antamisesta toiveen muodossa (aikaisemmilta kerroilta arvostava vuorovaikutus ja min\u00e4viestint\u00e4 sis\u00e4ltyv\u00e4t t\u00e4h\u00e4n) &nbsp; <br><br><strong>Harjoittelu ja sen purkaminen<\/strong><br>\u2022<em>Parity\u00f6skentely:<\/em> Menet asiakkaan luokse ja havaitset, ett\u00e4 Hilkassa ei ole kirjauksia haavan hoidosta ja hoidon arvioinnista viime p\u00e4ivilt\u00e4. Tarkistat haavan ja huomaat sen menneen huonompaan p\u00e4in. Olet ep\u00e4varma, onko sit\u00e4 hoidettu. Asiakaskaan ei osaa kertoa, onko h\u00e4n saanut hoitoa. Menet toimistolle ja selvit\u00e4t toimiston Hilkasta, ketk\u00e4 ovat k\u00e4yneet t\u00e4ll\u00e4 asiakkaalla edellisin\u00e4 p\u00e4ivin\u00e4. <br><em>Miettik\u00e4\u00e4, mik\u00e4 olisi paras tapa ja tilanne ottaa asia puheeksi<\/em>?&nbsp;Suunnitelkaa sanoitus tarkasti erityisesti silloin, kun otat asian puheeksi suoraan yksitt\u00e4isen asiakkaalla k\u00e4yneen ty\u00f6kaverin kanssa. <br>\u2022Kirjoittakaa lause paperille! &nbsp; <br><br>Kuullaan ensin vastaukset kysymykseen 1 ja keskustellaan niist\u00e4. Valmentajat kokoavat paperit pareilta ja lukevat lauseet vuorotellen. Parit t\u00e4ydent\u00e4v\u00e4t ja perustelevat valintojaan. <br><br><strong>Yhteenveto ja kiteytys<\/strong> Miten kiteyt\u00e4tte t\u00e4m\u00e4n ty\u00f6pajan antia? <br>&nbsp; <br><strong>Uuden v\u00e4liteht\u00e4v\u00e4n muotoilu<\/strong> &nbsp;<\/td><\/tr><tr><td>K\u00e4ytett\u00e4v\u00e4 materiaali<\/td><td>Kortit <br>Diat <br>Paperit ja kyn\u00e4t<\/td><\/tr><tr><td>V\u00e4liteht\u00e4v\u00e4<\/td><td><strong>My\u00f6nteisen palautteen antaminen ty\u00f6tovereille ja esihenkil\u00f6lle. <\/strong><br>Ohjeista n\u00e4in: Ota paperilappu ja mieti, mit\u00e4 haluat kullekin ty\u00f6kaverille sanoa h\u00e4nen vahvuuksistaan, osaamisestaan, ty\u00f6panoksestaan, asenteestaan,\u2026. Voit antaa lapun suoraan h\u00e4nelle tai sujauttaa taitetun paperin toisen taskuun tai reppuun tai pukukaapin oveen. Anna palaute nimell\u00e4si! Kaikki antavat palautetta kaikille, ihan kaikille! My\u00f6s esihenkil\u00f6ille. Ja esihenkil\u00f6t tietysti ty\u00f6ntekij\u00f6ille. Tuo kaksi palautelappua seuraavaan ty\u00f6pajaan. Valmistaudu lukemaan ne toisille.<\/td><\/tr><\/tbody><\/table><\/figure>\n\n\n\n<div data-wp-interactive=\"core\/file\" class=\"wp-block-file\"><object data-wp-bind--hidden=\"!state.hasPdfPreview\" hidden class=\"wp-block-file__embed\" data=\"https:\/\/blogi.savonia.fi\/arvostavavuorovaikutus\/wp-content\/uploads\/sites\/10962\/2022\/11\/Tyopaja_3_Palautteen_antaminen-pdf.pdf\" type=\"application\/pdf\" style=\"width:100%;height:600px\" aria-label=\"Tiedoston Tyopaja_3_Palautteen_antaminen-pdf upotus.\"><\/object><a id=\"wp-block-file--media-8a7ce428-dd07-4c90-b9f3-a13b8146f77f\" href=\"https:\/\/blogi.savonia.fi\/arvostavavuorovaikutus\/wp-content\/uploads\/sites\/10962\/2022\/11\/Tyopaja_3_Palautteen_antaminen-pdf.pdf\">Tyopaja_3_Palautteen_antaminen-pdf<\/a><a href=\"https:\/\/blogi.savonia.fi\/arvostavavuorovaikutus\/wp-content\/uploads\/sites\/10962\/2022\/11\/Tyopaja_3_Palautteen_antaminen-pdf.pdf\" class=\"wp-block-file__button wp-element-button\" download aria-describedby=\"wp-block-file--media-8a7ce428-dd07-4c90-b9f3-a13b8146f77f\">Lataa<\/a><\/div>\n","protected":false},"excerpt":{"rendered":"<p>Tavoite Osallistuja&#8211; Kehittyy palautteen antamisessa &#8211; Ymm\u00e4rt\u00e4\u00e4 palautteen merkityksen hyv\u00e4n ja kehitt\u00e4v\u00e4n vuorovaikutuksen kannalta&#8211; Motivoituu harjoittelemaan palautteen antamista ty\u00f6tovereille Sis\u00e4lt\u00f6 Viritys &nbsp; V\u00e4liteht\u00e4v\u00e4n purku &nbsp; P\u00e4iv\u00e4n aiheen k\u00e4sittely: palautteen antaminen \/ puheeksi ottaminen &nbsp; Harjoittelu ja sen purkaminen &nbsp; Yhteenveto&hellip; <\/p>\n","protected":false},"author":24,"featured_media":0,"parent":0,"menu_order":0,"comment_status":"closed","ping_status":"closed","template":"","meta":{"footnotes":""},"class_list":["post-44","page","type-page","status-publish","hentry"],"_links":{"self":[{"href":"https:\/\/blogi.savonia.fi\/arvostavavuorovaikutus\/wp-json\/wp\/v2\/pages\/44","targetHints":{"allow":["GET"]}}],"collection":[{"href":"https:\/\/blogi.savonia.fi\/arvostavavuorovaikutus\/wp-json\/wp\/v2\/pages"}],"about":[{"href":"https:\/\/blogi.savonia.fi\/arvostavavuorovaikutus\/wp-json\/wp\/v2\/types\/page"}],"author":[{"embeddable":true,"href":"https:\/\/blogi.savonia.fi\/arvostavavuorovaikutus\/wp-json\/wp\/v2\/users\/24"}],"replies":[{"embeddable":true,"href":"https:\/\/blogi.savonia.fi\/arvostavavuorovaikutus\/wp-json\/wp\/v2\/comments?post=44"}],"version-history":[{"count":16,"href":"https:\/\/blogi.savonia.fi\/arvostavavuorovaikutus\/wp-json\/wp\/v2\/pages\/44\/revisions"}],"predecessor-version":[{"id":257,"href":"https:\/\/blogi.savonia.fi\/arvostavavuorovaikutus\/wp-json\/wp\/v2\/pages\/44\/revisions\/257"}],"wp:attachment":[{"href":"https:\/\/blogi.savonia.fi\/arvostavavuorovaikutus\/wp-json\/wp\/v2\/media?parent=44"}],"curies":[{"name":"wp","href":"https:\/\/api.w.org\/{rel}","templated":true}]}}