{"id":52,"date":"2022-08-18T13:05:23","date_gmt":"2022-08-18T10:05:23","guid":{"rendered":"https:\/\/blogi.savonia.fi\/arvostavavuorovaikutus\/?page_id=52"},"modified":"2022-11-30T21:31:52","modified_gmt":"2022-11-30T19:31:52","slug":"tunteiden-kohtaaminen-ja-kasittely","status":"publish","type":"page","link":"https:\/\/blogi.savonia.fi\/arvostavavuorovaikutus\/tunteiden-kohtaaminen-ja-kasittely\/","title":{"rendered":"Tunteiden kohtaaminen ja k\u00e4sittely"},"content":{"rendered":"\n\n<!-- iframe plugin v.6.0 wordpress.org\/plugins\/iframe\/ -->\n<iframe loading=\"lazy\" width=\"560\" height=\"315\" src=\"https:\/\/www.youtube.com\/embed\/2XREPIsGC28\" title=\"YouTube video player\" frameborder=\"0\" allow=\"accelerometer; autoplay; clipboard-write; encrypted-media; gyroscope; picture-in-picture\" 0=\"allowfullscreen&gt;&lt;\/iframe\" scrolling=\"yes\" class=\"iframe-class\"><\/iframe>\n\n\n\n\n<figure class=\"wp-block-table is-style-regular has-medium-font-size\"><table class=\"has-black-color has-text-color\"><tbody><tr><td>Ty\u00f6paja 5 Tunteiden kohtaaminen ja k\u00e4sittely ty\u00f6yhteis\u00f6ss\u00e4, 1,5h&nbsp;<\/td><\/tr><tr><td><strong>Tavoite&nbsp;<\/strong><\/td><td><strong>Osallistujat\u00a0<\/strong><br>&#8211; tunnistavat omia tunteitaan ja sanoittavat niit\u00e4\u00a0<br>&#8211; rohkaistuvat puhumaan tunteista<br>&#8211; ymm\u00e4rt\u00e4v\u00e4t tunteista puhumisen merkityksen ty\u00f6yhteis\u00f6ss\u00e4\u00a0\u00a0<\/td><\/tr><tr><td><strong>Sis\u00e4lt\u00f6&nbsp;<\/strong><\/td><td>Tunteiden check-in eli fiiliskierros&nbsp;<br>Viritys: keskustelukortit<br>Valmennuksen tavoitteen kertaaminen&nbsp;<br>V\u00e4liteht\u00e4v\u00e4n purku&nbsp;&nbsp;<br>P\u00e4iv\u00e4n aiheen alustus&nbsp;<br>Yhteenveto ja kiteytys&nbsp;&nbsp;<br>Arvioiva keskustelu koko valmennuspaketista ja kiitokset osallistumisesta<\/td><\/tr><tr><td><strong>Menetelm\u00e4t&nbsp;<\/strong><\/td><td><strong>Fiilis-kierros<\/strong><br>Aloita valmennus fiilis-kierroksella eli pyyd\u00e4 osallistujia kertomaan juuri t\u00e4m\u00e4n hetken tunteesta ja fiiliksist\u00e4. Kierros on nopea, eik\u00e4 ole tarkoitus pys\u00e4hty\u00e4 keskustelemaan\u00a0kenenk\u00e4\u00e4n tunteesta syv\u00e4llisemmin. Jokainen osallistuja itse p\u00e4\u00e4tt\u00e4\u00e4, kuinka paljon haluaa selitt\u00e4\u00e4 tunnettaan ja sen taustoja. \u00a0\u00a0<br><br><strong>Viritys:<\/strong> keskustelukortit. Joku ryhm\u00e4st\u00e4 vet\u00e4\u00e4 keskustelukorttipakasta kysymyksen, johon jokainen vuorollaan vastaa. (T\u00e4m\u00e4n vaiheen voi j\u00e4tt\u00e4\u00e4 pois, mik\u00e4li tunne-check on vienyt liikaa aikaa) \u00a0<br>\u00a0<br><strong>Ty\u00f6pajan tavoitteiden kertaus<\/strong>\u00a0<br>T\u00e4m\u00e4 on valmennussarjan viimeinen osuus. Joten on hyv\u00e4 my\u00f6s kerrata, mit\u00e4 aiheita on t\u00e4h\u00e4n menness\u00e4 k\u00e4yty l\u00e4pi ja miten tunteiden k\u00e4sittely ja kohtaaminen liittyv\u00e4t arvostavaan vuorovaikutukseen (= kun tunnistat omat tunteesi ja opettelet sanoittamaan niit\u00e4, on min\u00e4-viestien k\u00e4ytt\u00f6 palautteen antamisessa helpompaa. Lis\u00e4ksi toisen tunteiden ymm\u00e4rt\u00e4minen ja huomioiminen on osa arvostavaa vuorovaikutusta).<br><br><strong>V\u00e4liteht\u00e4v\u00e4n purku:<\/strong> Keksi omaan ty\u00f6yhteis\u00f6\u00f6nne yksi pelis\u00e4\u00e4nt\u00f6 tukemaan joko palautteen antamista, puheeksi ottamista, aktiivista kuuntelemista tai palautteen vastaanottamista. Jokainen lukee \u00e4\u00e4neen keksim\u00e4ns\u00e4 pelis\u00e4\u00e4nn\u00f6n. Laput ker\u00e4t\u00e4\u00e4n ja niist\u00e4 voidaan my\u00f6hemmin koota ty\u00f6yhteis\u00f6n vuorovaikutuksen pelis\u00e4\u00e4nt\u00f6juliste. <br>\u00a0\u00a0<br><strong>P\u00e4iv\u00e4n aiheen alustus (diat)<\/strong>\u00a0Valmentaja k\u00e4ytt\u00e4\u00e4 alla olevaa diaesityst\u00e4 soveltuvin osin. Usein keskustelu on vilkasta ja tilaa on hyv\u00e4 antaa osallistujille. My\u00f6s hiljaiset hetket ovat sallittuja &#8211; tunteista puhuminen, niiden tunnistaminen ja sanoittaminen vaatii aikaa ja rauhaa. <\/td><\/tr><tr><td><strong>Harjoitus&nbsp;<\/strong><\/td><td>T\u00e4ss\u00e4 ty\u00f6pajassa ei tarvitse varsinaista harjoitusta. Jos kuitenkin haluaa aktivoida osallistujia, voi esimerkiksi pyyt\u00e4\u00e4 heit\u00e4 kertomaan jostakin tunteestaan ja tunnustella sit\u00e4 dian 10 kysymysten avulla. <\/td><\/tr><tr><td><strong>K\u00e4ytett\u00e4v\u00e4 materiaali&nbsp;<\/strong><\/td><td>Keskustelukortit, Diat&nbsp;<\/td><\/tr><\/tbody><\/table><\/figure>\n\n\n\n<div data-wp-interactive=\"core\/file\" class=\"wp-block-file\"><object data-wp-bind--hidden=\"!state.hasPdfPreview\" hidden class=\"wp-block-file__embed\" data=\"https:\/\/blogi.savonia.fi\/arvostavavuorovaikutus\/wp-content\/uploads\/sites\/10962\/2022\/11\/Tyopaja_5_Tunteiden_kohtaaminen_20220905.pdf\" type=\"application\/pdf\" style=\"width:100%;height:551px\" aria-label=\"Tiedoston Tyopaja_5_Tunteiden_kohtaaminen_20220905 upotus.\"><\/object><a id=\"wp-block-file--media-44275b56-ff34-4099-83db-dbda7a582cbb\" href=\"https:\/\/blogi.savonia.fi\/arvostavavuorovaikutus\/wp-content\/uploads\/sites\/10962\/2022\/11\/Tyopaja_5_Tunteiden_kohtaaminen_20220905.pdf\" target=\"_blank\" rel=\"noreferrer noopener\">Tyopaja_5_Tunteiden_kohtaaminen_20220905<\/a><a href=\"https:\/\/blogi.savonia.fi\/arvostavavuorovaikutus\/wp-content\/uploads\/sites\/10962\/2022\/11\/Tyopaja_5_Tunteiden_kohtaaminen_20220905.pdf\" class=\"wp-block-file__button wp-element-button\" download aria-describedby=\"wp-block-file--media-44275b56-ff34-4099-83db-dbda7a582cbb\">Lataa<\/a><\/div>\n","protected":false},"excerpt":{"rendered":"<p>Ty\u00f6paja 5 Tunteiden kohtaaminen ja k\u00e4sittely ty\u00f6yhteis\u00f6ss\u00e4, 1,5h&nbsp; Tavoite&nbsp; Osallistujat\u00a0&#8211; tunnistavat omia tunteitaan ja sanoittavat niit\u00e4\u00a0&#8211; rohkaistuvat puhumaan tunteista&#8211; ymm\u00e4rt\u00e4v\u00e4t tunteista puhumisen merkityksen ty\u00f6yhteis\u00f6ss\u00e4\u00a0\u00a0 Sis\u00e4lt\u00f6&nbsp; Tunteiden check-in eli fiiliskierros&nbsp;Viritys: keskustelukortitValmennuksen tavoitteen kertaaminen&nbsp;V\u00e4liteht\u00e4v\u00e4n purku&nbsp;&nbsp;P\u00e4iv\u00e4n aiheen alustus&nbsp;Yhteenveto ja kiteytys&nbsp;&nbsp;Arvioiva keskustelu koko valmennuspaketista&hellip; <\/p>\n","protected":false},"author":24,"featured_media":0,"parent":0,"menu_order":0,"comment_status":"closed","ping_status":"closed","template":"","meta":{"footnotes":""},"class_list":["post-52","page","type-page","status-publish","hentry"],"_links":{"self":[{"href":"https:\/\/blogi.savonia.fi\/arvostavavuorovaikutus\/wp-json\/wp\/v2\/pages\/52","targetHints":{"allow":["GET"]}}],"collection":[{"href":"https:\/\/blogi.savonia.fi\/arvostavavuorovaikutus\/wp-json\/wp\/v2\/pages"}],"about":[{"href":"https:\/\/blogi.savonia.fi\/arvostavavuorovaikutus\/wp-json\/wp\/v2\/types\/page"}],"author":[{"embeddable":true,"href":"https:\/\/blogi.savonia.fi\/arvostavavuorovaikutus\/wp-json\/wp\/v2\/users\/24"}],"replies":[{"embeddable":true,"href":"https:\/\/blogi.savonia.fi\/arvostavavuorovaikutus\/wp-json\/wp\/v2\/comments?post=52"}],"version-history":[{"count":15,"href":"https:\/\/blogi.savonia.fi\/arvostavavuorovaikutus\/wp-json\/wp\/v2\/pages\/52\/revisions"}],"predecessor-version":[{"id":245,"href":"https:\/\/blogi.savonia.fi\/arvostavavuorovaikutus\/wp-json\/wp\/v2\/pages\/52\/revisions\/245"}],"wp:attachment":[{"href":"https:\/\/blogi.savonia.fi\/arvostavavuorovaikutus\/wp-json\/wp\/v2\/media?parent=52"}],"curies":[{"name":"wp","href":"https:\/\/api.w.org\/{rel}","templated":true}]}}