{"id":105,"date":"2021-03-25T20:54:43","date_gmt":"2021-03-25T18:54:43","guid":{"rendered":"https:\/\/blogi.savonia.fi\/bakteerienpolku\/?page_id=105"},"modified":"2021-12-13T16:43:38","modified_gmt":"2021-12-13T14:43:38","slug":"tunnistus-malditofilla","status":"publish","type":"page","link":"https:\/\/blogi.savonia.fi\/bakteerienpolku\/etusivu\/analysointi-laitteilla\/tunnistus-malditofilla\/","title":{"rendered":"Tunnistus MALDI-TOF MS:ll\u00e4"},"content":{"rendered":"\n<p>Bakteerien tunnistaminen MALDI-TOF MS -menetelm\u00e4ll\u00e4 alkaa kasvatetun bakteerin sekoittamisella laitevalmistajan matriisiin n\u00e4ytelevyll\u00e4. Matriisin teht\u00e4v\u00e4 on auttaa tutkittavan bakteerin proteiinien ionisoitumista analyysin aikana. Matriisiin sekoitetun n\u00e4ytteen annetaan kiteyty\u00e4 n\u00e4ytelevylle ennen koneeseen sy\u00f6tt\u00e4mist\u00e4. <\/p>\n\n\n\n<p>Kun n\u00e4ytelevy sy\u00f6tet\u00e4\u00e4n laitteeseen n\u00e4ytteisiin kohdistetaan lyhyit\u00e4 laserpulsseja, joiden avulla n\u00e4yte alkaa haihtua ja ionisoitua kaasuksi. Ionisoituneet molekyylit seuraavaksi kiihdytet\u00e4\u00e4n s\u00e4hk\u00f6kentt\u00e4\u00e4 apunak\u00e4ytt\u00e4en vakuumiputken l\u00e4pi detektoriin eli tunnistimeen, joka mittaa kulkevien molekyylien nopeuden. Nopeuteen, jolla molekyylit kulkevat vaikuttaa niiden massa, mink\u00e4 vuoksi pienet molekyylit kulkevat putkessa nopeammin kuin isot. <\/p>\n\n\n\n<p>Detektori luo siihen saapuneiden molekyylien massan ja varauksen suhteen perusteella n\u00e4ytteist\u00e4 massaspektrin, joka on ominainen tietylle bakteerisuvulle, lajille, alalajille tai jopa tyypille. Laite vertailee tutkitun n\u00e4ytteen massaspektri\u00e4 jatkuvasti p\u00e4ivittyv\u00e4\u00e4n tietokantaan bakteerien massaspektreist\u00e4 ja vastaa n\u00e4ytteen bakteerin sopivimman massaspektrin perusteella.<\/p>\n\n\n\n<hr class=\"wp-block-separator is-style-wide\" \/>\n\n\n\n<p>CROXATTO, A; PROD\u00b4HOM, G ja GREUB, G. 2011 Applications of MALDI-TOF mass spectrometry in clinical diagnostic microbiology. FEMS microbiology reviews 36\/2011, 380-382.<\/p>\n","protected":false},"excerpt":{"rendered":"<p>Bakteerien tunnistaminen MALDI-TOF MS -menetelm\u00e4ll\u00e4 alkaa kasvatetun bakteerin sekoittamisella laitevalmistajan matriisiin n\u00e4ytelevyll\u00e4. Matriisin teht\u00e4v\u00e4 on auttaa tutkittavan bakteerin proteiinien ionisoitumista analyysin aikana. Matriisiin sekoitetun n\u00e4ytteen annetaan kiteyty\u00e4 n\u00e4ytelevylle ennen koneeseen sy\u00f6tt\u00e4mist\u00e4. Kun n\u00e4ytelevy sy\u00f6tet\u00e4\u00e4n laitteeseen n\u00e4ytteisiin kohdistetaan lyhyit\u00e4 laserpulsseja, joiden avulla n\u00e4yte alkaa haihtua ja ionisoitua kaasuksi. Ionisoituneet molekyylit seuraavaksi kiihdytet\u00e4\u00e4n s\u00e4hk\u00f6kentt\u00e4\u00e4 apunak\u00e4ytt\u00e4en vakuumiputken l\u00e4pi\u2026 <span class=\"read-more\"><a href=\"https:\/\/blogi.savonia.fi\/bakteerienpolku\/etusivu\/analysointi-laitteilla\/tunnistus-malditofilla\/\">Read More &raquo;<\/a><\/span><\/p>\n","protected":false},"author":2959,"featured_media":0,"parent":103,"menu_order":3,"comment_status":"closed","ping_status":"closed","template":"","meta":{"footnotes":""},"class_list":["post-105","page","type-page","status-publish","hentry"],"_links":{"self":[{"href":"https:\/\/blogi.savonia.fi\/bakteerienpolku\/wp-json\/wp\/v2\/pages\/105","targetHints":{"allow":["GET"]}}],"collection":[{"href":"https:\/\/blogi.savonia.fi\/bakteerienpolku\/wp-json\/wp\/v2\/pages"}],"about":[{"href":"https:\/\/blogi.savonia.fi\/bakteerienpolku\/wp-json\/wp\/v2\/types\/page"}],"author":[{"embeddable":true,"href":"https:\/\/blogi.savonia.fi\/bakteerienpolku\/wp-json\/wp\/v2\/users\/2959"}],"replies":[{"embeddable":true,"href":"https:\/\/blogi.savonia.fi\/bakteerienpolku\/wp-json\/wp\/v2\/comments?post=105"}],"version-history":[{"count":15,"href":"https:\/\/blogi.savonia.fi\/bakteerienpolku\/wp-json\/wp\/v2\/pages\/105\/revisions"}],"predecessor-version":[{"id":292,"href":"https:\/\/blogi.savonia.fi\/bakteerienpolku\/wp-json\/wp\/v2\/pages\/105\/revisions\/292"}],"up":[{"embeddable":true,"href":"https:\/\/blogi.savonia.fi\/bakteerienpolku\/wp-json\/wp\/v2\/pages\/103"}],"wp:attachment":[{"href":"https:\/\/blogi.savonia.fi\/bakteerienpolku\/wp-json\/wp\/v2\/media?parent=105"}],"curies":[{"name":"wp","href":"https:\/\/api.w.org\/{rel}","templated":true}]}}