{"id":57,"date":"2020-11-16T16:11:45","date_gmt":"2020-11-16T14:11:45","guid":{"rendered":"https:\/\/blogi.savonia.fi\/bakteerienpolku\/?page_id=57"},"modified":"2024-07-24T12:14:28","modified_gmt":"2024-07-24T09:14:28","slug":"etusivu","status":"publish","type":"page","link":"https:\/\/blogi.savonia.fi\/bakteerienpolku\/","title":{"rendered":"Etusivu"},"content":{"rendered":"\n<p><strong>Tervetuloa Blogiin!<\/strong><span class=\"has-inline-color has-vivid-red-color\"><\/span><\/p>\n\n\n\n<p>Bioanalyytikon opintoihin kuuluu kolmen viikon harjoittelujakso mikrobiologian laboratoriossa. Ennen harjoittelun alkua on hyv\u00e4 palautella mikrobiologian teoriaa mieleen. T\u00e4m\u00e4 blogi on tehty kurssimateriaalien rinnalle auttamaan harjoittelujaksolle valmistautumisessa ja kertaamisessa.<\/p>\n\n\n\n<p>T\u00e4ss\u00e4 blogissa kuvataan keskeisi\u00e4 kliinisen mikrobiologian laboratorion tutkimusmenetelmi\u00e4. Blogin sis\u00e4lt\u00f6 on suunniteltu luettavaksi ennen harjoittelujaksoa keskussairaalan kliinisen mikrobiologian laboratoriossa. Blogin on tilannut ISLAB ja se on tuotettu opinn\u00e4ytety\u00f6n\u00e4 Pohjois-Savon aluelaboratorion k\u00e4ytt\u00f6\u00f6n. Blogia on p\u00e4ivitetty ajantasaiseksi kev\u00e4\u00e4ll\u00e4 2024. Blogin tavoitteena on auttaa sinua ymm\u00e4rt\u00e4m\u00e4\u00e4n kliinisen mikrobiologian tutkimusprosessin vaiheita ja yhdist\u00e4m\u00e4\u00e4n teoriatietoa k\u00e4yt\u00e4nn\u00f6n laboratorioty\u00f6h\u00f6n. <span class=\"has-inline-color has-vivid-red-color\"><\/span><\/p>\n\n\n\n<p>Esittelemme kliinisen mikrobiologian tutkimusprosessia tavallisimpien virtsan taudinaiheuttajabakteerien avulla. Blogissa k\u00e4yd\u00e4\u00e4n l\u00e4pi kolmen bakteerin, <em>Escherichia Colin<\/em>, <em>Enterococcus faecalisin<\/em> ja <em>Klebsiella pneumoniaen<\/em> polku mikrobiologian laboratoriossa bakteerin tunnistamiseksi ja sen antibioottiherkkyyden m\u00e4\u00e4ritt\u00e4miseksi. Lis\u00e4ksi esitell\u00e4\u00e4n yksi keskeisin laboratoriolaite, Vitek MALDI-TOF, joita k\u00e4ytet\u00e4\u00e4n bakteerien tunnistamiseen. T\u00e4m\u00e4n blogin avulla opit kliinisen mikrobiologian tutkimusprosessin vaiheet ja kykenet soveltamaan niit\u00e4 eri ty\u00f6pisteiden teht\u00e4viin keskussairaalaharjoittelussa.<\/p>\n\n\n\n<p>Toivomme, ett\u00e4 blogissa esitetyt alustavat tiedot tutkimusprosesseista ja menetelmist\u00e4 helpottavat laboratorion ty\u00f6teht\u00e4vien omaksumista harjoittelun alussa.&nbsp; Lis\u00e4ksi blogimateriaalin avulla voi syvent\u00e4\u00e4 aiheeseen liittyv\u00e4\u00e4 tiet\u00e4myst\u00e4 tekstiin liitettyjen l\u00e4hteiden avulla.<\/p>\n\n\n\n<p>Joonas \u00c4iki\u00e4 ja Marcus Miettinen<span class=\"has-inline-color has-vivid-red-color\"><\/span><\/p>\n\n\n\n<hr class=\"wp-block-separator has-css-opacity\" \/>\n\n\n\n<p class=\"has-cyan-bluish-gray-color has-text-color has-link-color wp-elements-f0dc5bb6ce938244cc28e232c2ab497f\">Blogia on muokattu kev\u00e4\u00e4ll\u00e4 2024<\/p>\n","protected":false},"excerpt":{"rendered":"<p>Tervetuloa Blogiin! Bioanalyytikon opintoihin kuuluu kolmen viikon harjoittelujakso mikrobiologian laboratoriossa. Ennen harjoittelun alkua on hyv\u00e4 palautella mikrobiologian teoriaa mieleen. T\u00e4m\u00e4 blogi on tehty kurssimateriaalien rinnalle auttamaan harjoittelujaksolle valmistautumisessa ja kertaamisessa. T\u00e4ss\u00e4 blogissa kuvataan keskeisi\u00e4 kliinisen mikrobiologian laboratorion tutkimusmenetelmi\u00e4. Blogin sis\u00e4lt\u00f6 on suunniteltu luettavaksi ennen harjoittelujaksoa keskussairaalan kliinisen mikrobiologian laboratoriossa. Blogin on tilannut ISLAB ja se\u2026 <span class=\"read-more\"><a href=\"https:\/\/blogi.savonia.fi\/bakteerienpolku\/\">Read More &raquo;<\/a><\/span><\/p>\n","protected":false},"author":2959,"featured_media":0,"parent":0,"menu_order":0,"comment_status":"closed","ping_status":"closed","template":"","meta":{"footnotes":""},"class_list":["post-57","page","type-page","status-publish","hentry"],"_links":{"self":[{"href":"https:\/\/blogi.savonia.fi\/bakteerienpolku\/wp-json\/wp\/v2\/pages\/57","targetHints":{"allow":["GET"]}}],"collection":[{"href":"https:\/\/blogi.savonia.fi\/bakteerienpolku\/wp-json\/wp\/v2\/pages"}],"about":[{"href":"https:\/\/blogi.savonia.fi\/bakteerienpolku\/wp-json\/wp\/v2\/types\/page"}],"author":[{"embeddable":true,"href":"https:\/\/blogi.savonia.fi\/bakteerienpolku\/wp-json\/wp\/v2\/users\/2959"}],"replies":[{"embeddable":true,"href":"https:\/\/blogi.savonia.fi\/bakteerienpolku\/wp-json\/wp\/v2\/comments?post=57"}],"version-history":[{"count":11,"href":"https:\/\/blogi.savonia.fi\/bakteerienpolku\/wp-json\/wp\/v2\/pages\/57\/revisions"}],"predecessor-version":[{"id":318,"href":"https:\/\/blogi.savonia.fi\/bakteerienpolku\/wp-json\/wp\/v2\/pages\/57\/revisions\/318"}],"wp:attachment":[{"href":"https:\/\/blogi.savonia.fi\/bakteerienpolku\/wp-json\/wp\/v2\/media?parent=57"}],"curies":[{"name":"wp","href":"https:\/\/api.w.org\/{rel}","templated":true}]}}