{"id":118,"date":"2024-09-29T20:38:30","date_gmt":"2024-09-29T17:38:30","guid":{"rendered":"https:\/\/blogi.savonia.fi\/emiliavesterinen\/?page_id=118"},"modified":"2024-10-29T17:27:51","modified_gmt":"2024-10-29T15:27:51","slug":"valiarviointi","status":"publish","type":"page","link":"https:\/\/blogi.savonia.fi\/emiliavesterinen\/harjoittelut\/4-harjoittelu-lasten-nuorten-ja-perheiden-hoitotyo\/valiarviointi\/","title":{"rendered":"V\u00c4LIARVIOINTI"},"content":{"rendered":"\n<p><strong>OPPIMISENTAIDOT<\/strong><\/p>\n\n\n\n<p>Olen arvioinut ja kehitt\u00e4nyt lasten ja nuorten hoitoty\u00f6n osaamistani. Opin parhaiten ensin itse vierest\u00e4 katsomalla ja sen j\u00e4lkeen rauhallisesti itse tekem\u00e4ll\u00e4 ja kertaamalla useaan otteeseen jo tehty\u00e4.<\/p>\n\n\n\n<p><strong>EETTINEN OSAAMINEN<\/strong><\/p>\n\n\n\n<p>Osaan soveltaa lasten oikeuksia, lasten ja nuorten hoitoty\u00f6h\u00f6n liittyvi\u00e4 eettisi\u00e4 ohjeita ja lains\u00e4\u00e4d\u00e4nt\u00f6\u00e4. Tunnistan eettisi\u00e4 ristiriitatilanteita ja osaa tuoda niit\u00e4 esille rakentavalla tavalla. K\u00e4vimme yhdess\u00e4 ohjaajani kanssa lastenoikeuksiin ja lains\u00e4\u00e4d\u00e4nt\u00f6\u00f6n liittyvi\u00e4 asioita.<\/p>\n\n\n\n<p><strong>OHJAUS- JA OPETUSOSAAMINEN:<\/strong><\/p>\n\n\n\n<p>Olin mukana monissa erilaisissa potilaskontakti tilanteissa sek\u00e4 koen ett\u00e4 potilasohjaukseni l\u00e4ht\u00f6tasoni on jo hyv\u00e4 ja osaan ohjata potilasta kunhan olen perehtynyt potilaan hoitoon ja annettaviin hoito-ohjeisiin ensin. Ohjaan potilasta ja h\u00e4nen perhett\u00e4\u00e4n my\u00f6s itsen\u00e4isesti.<\/p>\n\n\n\n<p><strong>TY\u00d6YHTEIS\u00d6OSAAMINEN:<\/strong><\/p>\n\n\n\n<p>Noudatan harjoittelupaikkani s\u00e4\u00e4nt\u00f6j\u00e4 ja ohjeita ja perehdyn n\u00e4ihin ensimm\u00e4isin\u00e4 p\u00e4ivin\u00e4, osaan noudattaa omalta osaltani ty\u00f6vuorolistan t\u00e4ytt\u00f6\u00e4 ja blogia. Tunnistan harjoittelussa opiskelijan roolin sek\u00e4 vastuun omasta oppimisestani. Koen ett\u00e4 minulla on hyv\u00e4t vuorovaikutustaidot sek\u00e4 taitoja vertaisty\u00f6skentelyyn ja tiimi- ja verkostoty\u00f6h\u00f6n.<\/p>\n\n\n\n<p><strong>ASIAKASL\u00c4HT\u00d6ISYYS:<\/strong><\/p>\n\n\n\n<p>Toimin lapsen, nuoren ja perheen yksil\u00f6llisyytt\u00e4 ja kulttuuritaustaa kunnioittaen. Kohtaan jokaisen potilaan potilaana h\u00e4nen taustoistaan huolimatta.<\/p>\n\n\n\n<p><strong>N\u00c4YTT\u00d6\u00d6NPERUSTUVA TOIMINTA JA P\u00c4\u00c4T\u00d6KSENTEKO:<\/strong><\/p>\n\n\n\n<p>Osaan soveltaa n\u00e4ytt\u00f6\u00f6n perustuvaa tietoa lapsen kasvusta ja kehityksest\u00e4, niihin vaikuttavista tekij\u00f6ist\u00e4, perhehoitoty\u00f6st\u00e4 ja lasten sairauksista kun laadin hoitoty\u00f6n suunnitelmaa.<\/p>\n\n\n\n<p><strong>KLIININEN HOITOTY\u00d6:<\/strong><\/p>\n\n\n\n<p>Tunnistan lapsen\/nuoren perustarpeita ja osaan suunnitella ja toteuttaa perushoitoa. Osaan tarkkailla ja arvioida lapsen\/nuoren PEWS arvoja ja reagoida n\u00e4ihin tarvittaessa. Osaan suunnitella ty\u00f6j\u00e4rjestyst\u00e4 ty\u00f6vuorolle ja toteuttaa l\u00e4\u00e4k\u00e4rin antamia m\u00e4\u00e4r\u00e4yksi\u00e4\/toimia niiden mukaisesti esim. laboratorio kokeiden tilaaminen, nesterajoituksen huomioiminen, oirekuvan huomiointi. Osaan antaa potilaan seuraavalle vastuuhoitajalle kattavan raportin potilaan tilanteesta ja se on minulle luontevaa. <\/p>\n\n\n\n<p><\/p>\n","protected":false},"excerpt":{"rendered":"<p>OPPIMISENTAIDOT Olen arvioinut ja kehitt\u00e4nyt lasten ja nuorten hoitoty\u00f6n osaamistani. Opin parhaiten ensin itse vierest\u00e4 katsomalla ja sen j\u00e4lkeen rauhallisesti itse tekem\u00e4ll\u00e4 ja kertaamalla useaan otteeseen jo tehty\u00e4. EETTINEN OSAAMINEN Osaan soveltaa lasten oikeuksia, lasten ja nuorten hoitoty\u00f6h\u00f6n liittyvi\u00e4 eettisi\u00e4&#8230; <a class=\"more-link\" href=\"https:\/\/blogi.savonia.fi\/emiliavesterinen\/harjoittelut\/4-harjoittelu-lasten-nuorten-ja-perheiden-hoitotyo\/valiarviointi\/\">Continue Reading &rarr;<\/a><\/p>\n","protected":false},"author":10559,"featured_media":0,"parent":111,"menu_order":3,"comment_status":"open","ping_status":"closed","template":"","meta":{"footnotes":""},"class_list":["post-118","page","type-page","status-publish","hentry"],"_links":{"self":[{"href":"https:\/\/blogi.savonia.fi\/emiliavesterinen\/wp-json\/wp\/v2\/pages\/118","targetHints":{"allow":["GET"]}}],"collection":[{"href":"https:\/\/blogi.savonia.fi\/emiliavesterinen\/wp-json\/wp\/v2\/pages"}],"about":[{"href":"https:\/\/blogi.savonia.fi\/emiliavesterinen\/wp-json\/wp\/v2\/types\/page"}],"author":[{"embeddable":true,"href":"https:\/\/blogi.savonia.fi\/emiliavesterinen\/wp-json\/wp\/v2\/users\/10559"}],"replies":[{"embeddable":true,"href":"https:\/\/blogi.savonia.fi\/emiliavesterinen\/wp-json\/wp\/v2\/comments?post=118"}],"version-history":[{"count":4,"href":"https:\/\/blogi.savonia.fi\/emiliavesterinen\/wp-json\/wp\/v2\/pages\/118\/revisions"}],"predecessor-version":[{"id":140,"href":"https:\/\/blogi.savonia.fi\/emiliavesterinen\/wp-json\/wp\/v2\/pages\/118\/revisions\/140"}],"up":[{"embeddable":true,"href":"https:\/\/blogi.savonia.fi\/emiliavesterinen\/wp-json\/wp\/v2\/pages\/111"}],"wp:attachment":[{"href":"https:\/\/blogi.savonia.fi\/emiliavesterinen\/wp-json\/wp\/v2\/media?parent=118"}],"curies":[{"name":"wp","href":"https:\/\/api.w.org\/{rel}","templated":true}]}}