{"id":1582,"date":"2024-04-06T12:03:47","date_gmt":"2024-04-06T09:03:47","guid":{"rendered":"https:\/\/blogi.savonia.fi\/ingacheburkova\/?page_id=1582"},"modified":"2024-12-09T15:07:13","modified_gmt":"2024-12-09T13:07:13","slug":"developing-nursing-competencies","status":"publish","type":"page","link":"https:\/\/blogi.savonia.fi\/ingacheburkova\/developing-nursing-competencies\/","title":{"rendered":"Developing Nursing Competencies \/ Hoitoty\u00f6n osaamisen t\u00e4ydent\u00e4minen"},"content":{"rendered":"<p><a href=\"https:\/\/blogi.savonia.fi\/ingacheburkova\/wp-content\/uploads\/sites\/10334\/2024\/04\/INFO-KIRJE.pdf\">INFO KIRJE<\/a><\/p>\n<p><a href=\"https:\/\/blogi.savonia.fi\/ingacheburkova\/wp-content\/uploads\/sites\/10334\/2024\/04\/Arviointilomake-suomeksi.pdf\">Arviointilomake suomeksi<\/a><\/p>\n<p><span style=\"color: #0000ff\"><strong>My Lerning Goals<\/strong><strong>:<\/strong> <span id=\"sample-permalink\"><a href=\"https:\/\/blogi.savonia.fi\/ingacheburkova\/developing-nursing-competencies\/developing-nursing-competencies-hoitotyon-osaamisen-taydentaminen\/\">https:\/\/blogi.savonia.fi\/ingacheburkova\/developing-nursing-competencies\/<span id=\"editable-post-name\">developing-nursi\u2026en-taydentaminen<\/span>\/<\/a><\/span><\/span><\/p>\n<p>1st Week Reflection\u00a0<a href=\"https:\/\/blogi.savonia.fi\/ingacheburkova\/1st-week-reflection\/\">https:\/\/blogi.savonia.fi\/ingacheburkova\/1st-week-reflection\/<\/a><\/p>\n<p>2nd \u00a0Week Reflection\u00a0<a href=\"https:\/\/blogi.savonia.fi\/ingacheburkova\/2nd-week-reflection\/\">https:\/\/blogi.savonia.fi\/ingacheburkova\/2nd-week-reflection\/<\/a><\/p>\n<p>3rd Week Reflection <a href=\"https:\/\/blogi.savonia.fi\/ingacheburkova\/3rd-week-reflection\/\">https:\/\/blogi.savonia.fi\/ingacheburkova\/3rd-week-reflection\/<\/a><\/p>\n","protected":false},"excerpt":{"rendered":"<p>INFO KIRJE Arviointilomake suomeksi My Lerning Goals: https:\/\/blogi.savonia.fi\/ingacheburkova\/developing-nursing-competencies\/developing-nursi\u2026en-taydentaminen\/ 1st Week Reflection\u00a0https:\/\/blogi.savonia.fi\/ingacheburkova\/1st-week-reflection\/ 2nd \u00a0Week Reflection\u00a0https:\/\/blogi.savonia.fi\/ingacheburkova\/2nd-week-reflection\/ 3rd Week Reflection https:\/\/blogi.savonia.fi\/ingacheburkova\/3rd-week-reflection\/<\/p>\n","protected":false},"author":8444,"featured_media":0,"parent":0,"menu_order":1,"comment_status":"open","ping_status":"closed","template":"","meta":{"footnotes":""},"class_list":["post-1582","page","type-page","status-publish","hentry","clearfix"],"_links":{"self":[{"href":"https:\/\/blogi.savonia.fi\/ingacheburkova\/wp-json\/wp\/v2\/pages\/1582","targetHints":{"allow":["GET"]}}],"collection":[{"href":"https:\/\/blogi.savonia.fi\/ingacheburkova\/wp-json\/wp\/v2\/pages"}],"about":[{"href":"https:\/\/blogi.savonia.fi\/ingacheburkova\/wp-json\/wp\/v2\/types\/page"}],"author":[{"embeddable":true,"href":"https:\/\/blogi.savonia.fi\/ingacheburkova\/wp-json\/wp\/v2\/users\/8444"}],"replies":[{"embeddable":true,"href":"https:\/\/blogi.savonia.fi\/ingacheburkova\/wp-json\/wp\/v2\/comments?post=1582"}],"version-history":[{"count":10,"href":"https:\/\/blogi.savonia.fi\/ingacheburkova\/wp-json\/wp\/v2\/pages\/1582\/revisions"}],"predecessor-version":[{"id":1819,"href":"https:\/\/blogi.savonia.fi\/ingacheburkova\/wp-json\/wp\/v2\/pages\/1582\/revisions\/1819"}],"wp:attachment":[{"href":"https:\/\/blogi.savonia.fi\/ingacheburkova\/wp-json\/wp\/v2\/media?parent=1582"}],"curies":[{"name":"wp","href":"https:\/\/api.w.org\/{rel}","templated":true}]}}