{"id":526,"date":"2023-02-02T13:11:09","date_gmt":"2023-02-02T11:11:09","guid":{"rendered":"https:\/\/blogi.savonia.fi\/ingacheburkova\/?page_id=526"},"modified":"2023-03-31T16:19:23","modified_gmt":"2023-03-31T13:19:23","slug":"arviointi","status":"publish","type":"page","link":"https:\/\/blogi.savonia.fi\/ingacheburkova\/peadiatric-internship\/arviointi\/","title":{"rendered":"Arviointi \/ Final evaluation"},"content":{"rendered":"<p style=\"text-align: left\">Period:<strong>\u00a013.02. ; 21.03 &#8211; 22.03.2023<\/strong><\/p>\n<p>Place: <strong>Kurkim\u00e4kin\u00a0Ckindergarden, Kuopio<\/strong><\/p>\n<p>Group<strong>: Keltainenserkut \u00a0<\/strong>Child&#8217;s\u00a0age: <strong>4 years of old<\/strong><\/p>\n<p style=\"text-align: center\"><b>FINAL EVALUATION\u00a0<\/b><\/p>\n<p><i>Time of my Paediatric Internship has run really \u00a0fast. Therefore step-by\u00a0step\u00a0I have got to my Final Evaluation.<\/i><\/p>\n<p><i>First of all\u00a0I would\u00a0highlight\u00a0this internship has been \u00a0pretty\u00a0interesting\u00a0and\u00a0absolutely new for me,\u00a0because it has been very different from my previous ones in\u00a0a hospital environment.<\/i><\/p>\n<p><i>However this practice had been very\u00a0useful and interesting for me. I very love to be here \ud83d\udc9c<\/i><\/p>\n<p><b>LEARNING SKILLS<\/b><\/p>\n<p><u>Level of competence: <\/u><\/p>\n<p>After my Middle-Evaluation discussion with my teachers, I reviewed and updated my blog; I have once again done own analysing with self\u00a0critical view and make conclusion for my next steps in this practice.<br \/>\nI am seriously attentive and really cautious about various nursing care work and especially my duties related to family and their health.<\/p>\n<p>I am always open and welcoming honest and fair feedback. I am able to evaluate my skills , as well as critically evaluate myself and my actions. I have a great attitude to criticism, I like to receive feedback , as well as to request it. I understand that it assists me in adjustments and developing my skills and knowledge as well as improve my abilities .<\/p>\n<p><u>Goals<\/u>:<\/p>\n<ul>\n<li><em>Beginning this internship:<\/em> reviewing and creating my training plan; description of initial level, previously completed internships, planning of own activity;<\/li>\n<li><em>During the internship:<\/em> evaluate progress of learning in blog and participation in collective activities of training;<\/li>\n<li><em>On the last steps:<\/em> \u00a0make analyse and summarise of gotten new experience and new knowledge the I have got during this internship; update and correct my individual training plan independently in accordance with instructions; reflects on the progress of my learning; identifies my own strengths and areas to be developed.<\/li>\n<\/ul>\n<p><u>Self-Evaluation<\/u><\/p>\n<p>At my first step in this internship, I had have to implement the knowledge and practical skills that I\u00a0had\u00a0already been learning In Savonia UAS and by my previous internships in various nursing care fields.<\/p>\n<p>And by my final steps in this internship,\u00a0I had been demonstrating my new knowledge and progress in my nurses skills.<\/p>\n<p>I may say promptly that I have tried and succeeded in making that goodunderstandeble connection with children. By the end of the last fifth week of practice , I felt that I had learned to feel the children and pour out their mood and show empathy for them in different situations.<\/p>\n<p>Following recommendations and guidelines from my tutor-teacher at\u00a0Middle-Evaluation, I changed my writing style and have started to write \u00a0my blog by describeing in detail my thoughts , experiences and summarize the most important things directly according to <span lang=\"EN-GB\">Evaluation sheet.<\/span><\/p>\n<p><b>ETHICAL COMPETENCE AND PROFESSIONALITY<\/b><\/p>\n<p><u>Level of competence: <\/u>Particularly during this internship in the Kindergarden where there are kids all over the world I have to apply the ethical guidelines and legislation related to children\u2019s rights . Morover, I have to consider child orientation and the cultural aspect in his or her nursing work<\/p>\n<p><u>Goals: <\/u>To speak with kiddos in that language which is suitable for them and more comfortable. If a child doesn\u2019t speak yet, I think it it even easier to build trust and respect with him ot her. To get to know the child\u2019s background and culture closer and be able to understand better the mindset of a kid.<\/p>\n<p>This rule works both with children and with colleagues in our team-work.<\/p>\n<p><u>Self-Evaluation:<\/u><\/p>\n<p>Thus I am pleased to work in multicultural team and working with collective rules and instructions. I very well know how to play in\u00a0\u00a0teamwork.<\/p>\n<p>I am able to help my colleagues by \u00a0substituting\u00a0each one.<\/p>\n<p><strong><em>For example:\u00a0<\/em><\/strong><\/p>\n<ul>\n<li>I had been woking 1 day in a new group, where there were children of 2 years old. It was because a colleague was ill. Therefore me and Minna were substituting her.\u00a0By substituting our colleague, I have once again seen that teamwork and helping each other are very important aspect in nursing life;<\/li>\n<li>When we played in the yard, I offer my help-hand to my colleague with a baby without waiting for her to ask. Therefore I am able to understand my colleagues without words.<\/li>\n<\/ul>\n<p>Thereby \u00a0I understud once again the significance of multidisciplinary collaboration in nursing care of children and family.\u00a0And I have \u00a0familiared with instructions governing exceptional circumstances in the training unit.<\/p>\n<p>Throughout the practice , I had been communicating with children in Finnish and in English. and built trusting relationships with them. Even though different children came from different backgrounds, I understand and respect their point of view and world outlook, and I succeeded.<\/p>\n<p><b>WORKING SOCIETY COMPETENCE<\/b><\/p>\n<p><u>Level of competence: <\/u>I have already encountered with the team members of this very kindergarden when was having an interview, however, I still have to get to know them better and it may help me in gaining more experience in this field.<\/p>\n<p><u>Goals:<\/u>\u00a0It is very important to be able to work in teams and assume responsibility for my own work . This goal works both with kids and collegues.<\/p>\n<p><u>Self-Evaluation<\/u><\/p>\n<p>I was part of the team at this practice , many times I received feedback about my work and moments that need to be adjusted a little in order to develop my skills in a practical way.<\/p>\n<p><b>CHILDREN &#8211; ORIENTED NURSING CARE<\/b><\/p>\n<p><u>Level of competence:\u00a0<\/u>Uses child-oriented approach and takes cultural aspects into consideration in my nursing care<span class=\"Apple-converted-space\">\u00a0<\/span><\/p>\n<p>I have never worked in kindergarten, especially with\u00a0children and their parents and relativies. Thus I \u00a0assume that this is a big first step in Paediatric field. I believe that I will be needing a lot of guidance at this stage since you cannot just tell children information in that way you tell her to the adults and elderly.<\/p>\n<p><u>Goals:<\/u> It\u00a0refers to the many aspects of Paediatric knowledge, skills, and abilities required of nurses who provide care to children. This includes knowledge and expertise in areas such as child development, pediatric pharmacology, communication and assessment of children, and family-centered care. Nurses who specialise in children-oriented nursing care must be able to appropriately adapt care to meet the unique needs of children, as well as be knowledgeable about the specific health conditions that commonly affect children; provide resource-oriented family nursing care, inform the kid\u2019s parents about the current situations, talk about the experiences of the child, his or her thoughts and feelings, achievements for the day and overall well-being , maybe some problems that need solutions and the things that we can focus on.<\/p>\n<p><u>Self-Evaluation:<\/u><\/p>\n<p>In this internship I have got great experience and interpersonal skills to effectively communicate with children and their families. Additionally, nurses who provide children-oriented nursing care must have a compassionate and empathetic attitude towards their patients, and be able to provide care in a way that is reassuring and non-threatening to children.<\/p>\n<p><strong><em>For example:<\/em><\/strong><\/p>\n<ul>\n<li>There was the\u00a0<strong><i>Finnish national holiday &#8211;\u00a0<\/i><i>Kalevala Day.<\/i><\/strong>With my colleagues we organised a celebration\u00a0event \u00a0in our group in which we were listening to music, reading the Kalevala poem and discussing it with the our children. Thus thereby I have I have im<strong><em>plemented different national culture aspects and child-oriented approach<\/em> <\/strong>into consideration in the nursing care;<\/li>\n<li>There are a couple of <em><strong>children with their own cultural and religious background in our group<\/strong><\/em>. Thus, when we was planning the lessons (p\u00e4iv\u00e4n ja viikon ohje), we always keep this aspect into our mind and due to proper respect they religious backgrounds <strong><em>we had not been playing heavy music.<\/em><\/strong> Thereby it had been realising\u00a0respectful and non-judgmental towards our children and they families, regardless of their cultural or religious background by implementing cultural and religious practices.<\/li>\n<\/ul>\n<p>In result, I have payed my\u00a0y consider onto different national culture aspects and child-oriented approaches in nursing care, I had been providing individual care that takes into account child&#8217; unique needs, values, and beliefs. All of this make better outcomes, increased children and they family satisfaction, and improved overall health and well-being.<\/p>\n<p>Additionally, I have learnt about implement in practice the different cultural and religious practices: be respectful and non-judgmental towards our children and they families, regardless of their cultural or religious background.\u00a0By implementing these steps, me and my colleagues \u00a0had been creating \u00a0a supportive and respectful environment for children and families from diverse cultural and religious backgrounds, and provide care that meets their unique needs and expectations, learn about the cultural and religious practices of children in our group; understand and respect different beliefs, values, rituals, and customs to provide appropriate care.<\/p>\n<p><b>EVIDENCE-BASED NURSING AND DECISION-MAKING<\/b><\/p>\n<p><u>Level of competence: <\/u>I assume that in order to explore these competencies further, I will consider examples from this very practice, and links will be made between the various examples from practice and the competencies in order to demonstrate their importance.<\/p>\n<p><u>Goals:<\/u>\u00a0 be able to apply evidence-based information on children\u2019s growth and development, the factors influencing them and on family nursing.<\/p>\n<p><u>Self-Evaluation:<\/u><\/p>\n<p>I have got more information and learnt about Initial Discussion. It takes place before the child is gone in and during child is being in kindergarten environment + VASU &#8211; preschool observation form. My mentor deploy explain me\u00a0about interview with parents and about B-W &#8211; 4 year old kids\u2019 form and demonstrated me how it works in real life.<br \/>\nAll these care plans and meetings help me and my colleagues in settings shared objectives and agreeing on the ways to promote each child\u2019s individual development, learning and wellbeing in a systematic and goal-oriented manner.<\/p>\n<p><b>CLINICAL NURSING CARE<\/b><\/p>\n<p><i>This very aspect is really\u00a0specific and differs from a hospital environment<\/i><\/p>\n<p><u>Level of competence:<\/u>\u00a0 I have experienced \u201cworking\u201d with kids only at my lessons during the labs and simulations.<\/p>\n<p><u>Goals: <\/u>I want to analyse and evaluate children\u2019s needs, mood changes wishes , threats and how they see perspectives as it really differs from adulsts\u2019 ones . I know for sure that I will be playing a lot with kids during this preriod and I wanna build trusting relationships with kids , so they can openly and easily share their emotions and worries with me. Also each kid is an individual, so I want to experience building a particular approach with everyone , so we can get to know each other better. According to the care for children and mentor them, this in my goals as well. Aslo offering emotional supportand and handling difficult family members or situations what comes to my mind when I think of clinical goals for this practice.<\/p>\n<p><u>Self-Evaluation:\u00a0<\/u><\/p>\n<p>Like I have mentioned over, in this practice there are not the most common nursing care interventions as erform children\u2019s pharmacotherapy and fluid therapy \/ injections or medication calculations and management for children.<\/p>\n<p>But I have got really great experience to identifies basic needs of 2-4 years \u00a0children and plans and performs basic nursing care with every day monitoring and assesses children\u00b4s vital signs.<\/p>\n<p><strong><em>For example:<\/em><\/strong><\/p>\n<p>During holidays-week (hiihtoloma) we had group with different ages children from 2 to 5 yeas and there were many new children. In this way, I was supervising, assessing and monitoring each of new children and providing my care with paying more attention to the various individual characteristics of each one child.<\/p>\n<ul>\n<li>The children who are more younger sleep more longer and therefor they should sleep separately from the older children who sleep little. Therefore we did not put our children to sleep all together in one room. Otherwise we have divided our group into 3 small groups and put them to sleep in different rooms separately. Thereby we provided them quite comfortable environment for healthy sleeping.<\/li>\n<li>The children with food allergies to eggs were seated at a separate table in order to prevent the negative effects of smell and inhalation of the allergen.<\/li>\n<\/ul>\n<p>I have once again realised the important role kindergarten workers play in promoting the health and well-being of young children, as well as in developing healthy habits in kindergarten!<\/p>\n<p>Paediatric nurses in kindergarten must be skilled in working with children from different backgrounds and developmental stages. They must be able to communicate effectively with both children and their parents, providing education about healthy habits and disease prevention. Furthermore, they should be knowledgeable about child development, so that they can identify any potential problems.<\/p>\n<p>I think that I have enough demonstrated my abilities, my nursing skillful and my resource for families, educators, \u00a0promoting healthy lifestyles and helping children to realise their full grow physical, cognitive and emotional potential. To summarise, I would say \u00a0that \u00a0have enough demonstrated my previous \u00a0knowledge and \u00a0experience from previous practice \u00a0as well as my nursing skilful paediatric field.<\/p>\n<p>&nbsp;<\/p>\n<p style=\"text-align: center\"><em>I am very pleased, inspired and motivated to have this unique\u00a0experience!<\/em><\/p>\n<p style=\"text-align: center\"><em>Many thanks to my colleagues and especially to my mentor Mina!\u00a0<\/em><\/p>\n<p style=\"text-align: center\"><em>Aika meni niiiin nopeasti. Olen surullinen, ett\u00e4 minun t\u00e4ytyy l\u00e4hte\u00e4. Mutta muistoin sinusta ja lastenhoiton harjoitellu ovat aina syd\u00e4mess\u00e4ni!<\/em><\/p>\n<p style=\"text-align: center\"><em>Kiitos, ett\u00e4 teette arvokasta ty\u00f6t\u00e4 opetuassa ja ohjauksessa minua varmistaen minun tulevien hoitajien osaamisen kehittymisen\u00a0<\/em><\/p>\n<p style=\"text-align: center\"><i>Kiitoksia ja kumarrus! Ei\u00a0hyv\u00e4sti\u00a0vaan n\u00e4kemiin! \ud83d\ude4f\ud83c\udffb\ud83d\udc9c<\/i><\/p>\n","protected":false},"excerpt":{"rendered":"<p>Period:\u00a013.02. ; 21.03 &#8211; 22.03.2023 Place: Kurkim\u00e4kin\u00a0Ckindergarden, Kuopio Group: Keltainenserkut \u00a0Child&#8217;s\u00a0age: 4 years of old FINAL EVALUATION\u00a0 Time of my Paediatric Internship has run really \u00a0fast. Therefore step-by\u00a0step\u00a0I have got to my Final Evaluation. First of all\u00a0I would\u00a0highlight\u00a0this internship has been \u00a0pretty\u00a0interesting\u00a0and\u00a0absolutely new for me,\u00a0because it has been very different from my previous ones in\u00a0a hospital environment. However this practice had been very\u00a0useful and interesting for me. I very love to be here \ud83d\udc9c LEARNING SKILLS Level of competence: After my Middle-Evaluation discussion with my teachers, I reviewed and updated my blog; I have once again done own analysing with self\u00a0critical view and make conclusion for my next steps in this practice. I am seriously attentive and really cautious about various nursing care work and especially my duties related to family and their health. I am always open and welcoming honest and fair feedback. I [&hellip;]<\/p>\n","protected":false},"author":8444,"featured_media":0,"parent":523,"menu_order":1,"comment_status":"open","ping_status":"closed","template":"page-templates\/single-project.php","meta":{"footnotes":""},"class_list":["post-526","page","type-page","status-publish","hentry","clearfix"],"_links":{"self":[{"href":"https:\/\/blogi.savonia.fi\/ingacheburkova\/wp-json\/wp\/v2\/pages\/526","targetHints":{"allow":["GET"]}}],"collection":[{"href":"https:\/\/blogi.savonia.fi\/ingacheburkova\/wp-json\/wp\/v2\/pages"}],"about":[{"href":"https:\/\/blogi.savonia.fi\/ingacheburkova\/wp-json\/wp\/v2\/types\/page"}],"author":[{"embeddable":true,"href":"https:\/\/blogi.savonia.fi\/ingacheburkova\/wp-json\/wp\/v2\/users\/8444"}],"replies":[{"embeddable":true,"href":"https:\/\/blogi.savonia.fi\/ingacheburkova\/wp-json\/wp\/v2\/comments?post=526"}],"version-history":[{"count":54,"href":"https:\/\/blogi.savonia.fi\/ingacheburkova\/wp-json\/wp\/v2\/pages\/526\/revisions"}],"predecessor-version":[{"id":808,"href":"https:\/\/blogi.savonia.fi\/ingacheburkova\/wp-json\/wp\/v2\/pages\/526\/revisions\/808"}],"up":[{"embeddable":true,"href":"https:\/\/blogi.savonia.fi\/ingacheburkova\/wp-json\/wp\/v2\/pages\/523"}],"wp:attachment":[{"href":"https:\/\/blogi.savonia.fi\/ingacheburkova\/wp-json\/wp\/v2\/media?parent=526"}],"curies":[{"name":"wp","href":"https:\/\/api.w.org\/{rel}","templated":true}]}}