{"id":590,"date":"2023-03-01T12:31:16","date_gmt":"2023-03-01T10:31:16","guid":{"rendered":"https:\/\/blogi.savonia.fi\/ingacheburkova\/?page_id=590"},"modified":"2024-12-09T14:58:01","modified_gmt":"2024-12-09T12:58:01","slug":"midl-evaluation","status":"publish","type":"page","link":"https:\/\/blogi.savonia.fi\/ingacheburkova\/peadiatric-internship\/midl-evaluation\/","title":{"rendered":"V\u00e4liarviointi"},"content":{"rendered":"<p><em>Harjoittelupaikka: Kurkim\u00e4en p\u00e4iv\u00e4koti, Kuopio. <\/em><\/p>\n<p><em>Ryhm\u00e4: Keltainenserkut &#8211; 4 vuotta lapset<\/em><\/p>\n<p style=\"text-align: center\"><b><strong id=\"yui_3_17_2_1_1670782103716_35\">V\u00c4LIARVOINTI\u00a0<\/strong><\/b><\/p>\n<p style=\"text-align: center\"><b>Lasten ja\u00a0Perhe\u00a0hoito harjoittelu\u00a0<\/b><\/p>\n<p>Joka p\u00e4iv\u00e4 min\u00e4 menen p\u00e4iv\u00e4kotiin iloisella mielell\u00e4,\u00a0vaikka lastenhoitoty\u00f6 on tottakai vaikea.<\/p>\n<p>Olen jo suorittanut 3 viikkoa minun harjoittelustani.\u00a0On jo aika\u00a0Harjoittelun V\u00e4liarviointi.<\/p>\n<p>Miten n\u00e4m\u00e4 kolme viikkoa ovat menneet? Mit\u00e4 uutta minulla on? Mit\u00e4 minun pit\u00e4\u00e4 parantaa? Miten voisin erityisesti arvioida saavutettuani osaamistani ja tavoitteitani?<\/p>\n<p style=\"text-align: center\">LEARNING SKILLS\u00a0:<\/p>\n<p>Min\u00e4 olen jo tunnut itsevarmasti, koska min\u00e4 jo hyvin muistan \u00a0kaikki lapset meid\u00e4n ryhm\u00e4ss\u00e4; kuka sy\u00f6 mit\u00e4; kenell\u00e4 on laktosi-allergia; miten ja ket\u00e4 tarvitse avusta WC:ss\u00e4; kenell\u00e4 on m\u00e4rk\u00e4 s\u00e4nky p\u00e4iv\u00e4unissa jne.\u00a0Tied\u00e4n hyvin p\u00e4iv\u00e4- ja viikko- ohje \u00a0ja rutiinit; Ja min\u00e4 hyvin ymm\u00e4rr\u00e4n miksi se on t\u00e4rke\u00e4\u00e4 seurata rutiinia, p\u00e4iv\u00e4\u00e4- ja viikko-ohje.<\/p>\n<p>Ensin minulla oli monia kysymyksi\u00e4 ja monet asiat olivat ep\u00e4selv\u00e4ksi. Mutta pikku hilja askel askeleelta min\u00e4 opin. Ja nyt min\u00e4 teen monia asioita itseni ilman kysymyksi\u00e4.<\/p>\n<p>Ja lis\u00e4ksi min\u00e4 luen koulumateriaalia ja toistan viel\u00e4 kerran lasten ravinnon: <a href=\"http:\/\/fineli.fi\">Finelli.fi\u00a0\u00a0 <\/a>ja kirja HEALTH AND JOY FROM FOOD (NatioNal NutritioN Council.<\/p>\n<p>Minun tiimi on eritt\u00e4in ammattitlainen opettaja ja lastenhoitajat. Min\u00e4 aina nautin katson heid\u00e4n ty\u00f6skentelyst\u00e4 ja kysyn niin paljon kysymyksi\u00e4 joka p\u00e4iv\u00e4n\u00e4. Onneksi kollegani selitt\u00e4v\u00e4t minulle aina kaiken eritt\u00e4in hyvin ymm\u00e4rrett\u00e4v\u00e4 ja mielenkiintoisesti.<\/p>\n<p style=\"text-align: center\">ETHICAL COMPETENCE AND PROFESSIONALITY<\/p>\n<p>Min\u00e4 puhun ja kommunikoidan lasten kanssa sit\u00e4 kielell\u00e4 mit\u00e4 heille on sopivalla ja mukavammalla. Joskus k\u00e4yt\u00e4n kuvia tai pyyd\u00e4n toistamista uudenkerran tutustua lasten mieli ja ymm\u00e4rt\u00e4\u00e4 paremmin lasten ajattele.<br \/>\nHaluaisin viel\u00e4 lis\u00e4t\u00e4, ett\u00e4 lastenhoitaja ja opeteja pit\u00e4 olla vahvat luonteen, sinnikkyys, rehellisyys, kunnioitus, laillisuus, oikeudenmukaisuus, k\u00e4rsiv\u00e4llisyys ja yhten\u00e4isyys <em>(incl.\u00a0honest, respect, lawfulness, fairness, patience, persistence and solidarity)<\/em>. \u00a0Koska joskus lapset eiv\u00e4t osa kuule tai ymm\u00e4rr\u00e4 ensimm\u00e4isell\u00e4 kerralla.<\/p>\n<p>Jokainen lapsi on yksil\u00f6.\u00a0Siis pit\u00e4\u00e4 olla\u00a0jokaisen lasten kanssa kohdeltava samalla kunnioituksella kuin aikuisten kanssa.<\/p>\n<p>Samaan aikaan min\u00e4 osan olla yst\u00e4v\u00e4llisesti ilman mit\u00e4\u00e4n suosiota, ennakkoluuloja tai puolueellisuutta kaikkien lasten kanssa.<\/p>\n<p style=\"text-align: center\">WORKING SOCIETY COMPETENCE<\/p>\n<p>T\u00e4ss\u00e4 yleinen idea on osaa ty\u00f6skentelem\u00e4\u00e4n ryhmiss\u00e4 ja kantamaan vastuuta omasta ty\u00f6st\u00e4ni. T\u00e4m\u00e4 tavoite toimii sek\u00e4 lasten ett\u00e4 kollegoiden kanssa.<br \/>\nOlen osallistunut tiimikokouksiin. Me yhdess\u00e4 suunnittelemme viikkoohje, p\u00e4\u00e4t\u00f6ksentekoon ja vastuunjakoon. Olen jo tutustunut tiimin kanssa, ryhm\u00e4n kanssa ja nyt tied\u00e4 miten se toimii sek\u00e4 sis\u00e4ll\u00e4 ett\u00e4 ulkopuolella.\u00a0Yhteenvetona voin sanoa, ett\u00e4 aloin tuntea luottamusta itseeni ja tekoihini sek\u00e4 positiivisiin tunteisiin, kun tein ty\u00f6t\u00e4 itsen\u00e4isesti.\u00a0Mentorini todella auttavat minua saamaan uutta tietoa ja antavat minulle aina hyv\u00e4-neuvoja.<\/p>\n<p>Meid\u00e4n tiimi on monikulttuurinen. Se on todella hyv\u00e4 mahdollisuus\u00a0vaihtaa kokemus toistensa kanssa.<\/p>\n<p style=\"text-align: center\">CHILDREN -ORIENTED NURSING CARE<\/p>\n<p>Minun yleinen idea: ymm\u00e4rt\u00e4\u00e4, analysoida ja arvioida lapsen kiinnostuksen kohteita ja tarpeita, mielialan muutoksia ja toiveita; antaa opastusta ja hoitaa perheenj\u00e4seni\u00e4 siin\u00e4 tapauksessa. Minulla ei ole ollut mahdollisuutta puhua vanhempien kanssa kun vanhemmat tulevat viem\u00e4\u00e4n lapset kotiin. Mutta min\u00e4\u00a0tarkasti \u00a0kuuntelen ja seuraan, kuinka kollegani tekev\u00e4t sen.<\/p>\n<p style=\"text-align: center\">EVIDENCE-BASED NURSING AND DECISION-MAKING<\/p>\n<p>Tavoitteena oli osata soveltaa n\u00e4ytt\u00f6\u00f6n perustuvaa tietoa lasten kasvusta ja kehityksest\u00e4, heihin vaikuttavista tekij\u00f6ist\u00e4 ja perhehoidosta .<br \/>\nOlen tuntenut &#8220;<em>Medline Plus<\/em>&#8221; itsen\u00e4isesti ja n\u00e4kyv\u00e4 lasten kortit &#8211; Eidetic Memory cards.<\/p>\n<p>Minun mentorini Minna kertoi minulle alustavan keskustelusta ennen kuin lapsi joutuu p\u00e4iv\u00e4kotiymp\u00e4rist\u00f6\u00f6n + VASU (esikoulun tarkkailulomake) &amp; B-W (4-vuotiaiden lasten lomake) ja haastattelusta vanhempien kanssa ja 4-vuotiaiden lasten ja kuinka se tapahtuvaa ja toimii el\u00e4m\u00e4ss\u00e4.<\/p>\n<p>Kaikki n\u00e4m\u00e4 hoitosuunnitelmat ja tapaamiset auttavat asettamaan yhteisi\u00e4 tavoitteita ja sopimaan tavoista edist\u00e4\u00e4 kunkin lapsen yksil\u00f6llist\u00e4 kehityst\u00e4, oppimista ja hyvinvointia systemaattisesti ja tavoitteellisesti.<br \/>\nHoitosuunnitelma koostuu yleens\u00e4 perustiedoista, lapsen yksil\u00f6llisen suunnitelman laatimisesta, arvioinnista, kuinka lapsen mahdollisen aikaisemman yksil\u00f6llisen suunnitelman tavoitteet ja toimenpiteet ovat toteutuneet, sek\u00e4 asetetaan tavoitteita pedagogiselle toiminnalle.<br \/>\nLis\u00e4ksi p\u00e4iv\u00e4kodin tavoitteet ja tavoitteet sis\u00e4lt\u00e4v\u00e4t yleens\u00e4 joitain yleisi\u00e4 tavoitteita, kuten<br \/>\nTurvallisen mutta haastavan ymp\u00e4rist\u00f6n ja ohjelman tarjoaminen;\u00a0motivoi lapsia, joten he ovat innokkaita oppimaan;\u00a0k\u00e4ytt\u00e4m\u00e4ll\u00e4 peli\u00e4, sek\u00e4 j\u00e4sennelty\u00e4 ett\u00e4 ilmaista;\u00a0yhten\u00e4isen ryhm\u00e4n kehitt\u00e4minen, jossa jokainen lapsi tuntee olonsa riitt\u00e4v\u00e4n rentoutuneeksi ollakseen oma itsens\u00e4<br \/>\nMy\u00f6s muita t\u00e4llaisen laitoksen k\u00e4sitteit\u00e4 ovat henkil\u00f6kohtaisen, sosiaalisen ja tunnekehityksen kehitt\u00e4minen, lukujen, muotojen, mittausten sek\u00e4 maailman tuntemuksen ja ymm\u00e4rryksen oppiminen.<\/p>\n<p style=\"text-align: center\">CLINICAL NURSING CARE<\/p>\n<p>T\u00e4ss\u00e4 ei ole ty\u00f6, kuten: l\u00e4\u00e4ke-hoito, kivun-hoitoa, l\u00e4\u00e4kitys ja nesteterapia.<\/p>\n<p>Tavoitteisiin ja p\u00e4\u00e4m\u00e4\u00e4riin liittyen haluan uuden kerran tarkista, ett\u00e4 harjoittelu p\u00e4iv\u00e4kotiss\u00e4 poikkeaa suuresti tavallisista kliinisist\u00e4 tavoitteista sairaalassa.<\/p>\n<p>Mutta t\u00e4m\u00e4 kokemus on todella t\u00e4rke\u00e4, koska se antaa minulle perustavanlaatuista tietoa lasten terveydenhoidosta ja hyvinvoinnista.<\/p>\n<p>T\u00e4ss\u00e4 min\u00e4 saan merkitt\u00e4v\u00e4\u00e4 perustietoa varhaislapsuuden fyysisen ja henkisen kehityksen. T\u00e4st\u00e4 min\u00e4 sain hyv\u00e4\u00e4 tietoa ja kokemus joka\u00a0auttaa minua ty\u00f6skentelem\u00e4\u00e4n sairaan lapsen kanssa.<\/p>\n<p>&nbsp;<\/p>\n<p style=\"text-align: center\"><em>Syd\u00e4mellinen kiitokset, Minna, kun teit harjoittelusta niin antoisan ja sinun tukit sek\u00e4 rohkaisitte minua t\u00e4m\u00e4n matkan ajan.<\/em><\/p>\n<p style=\"text-align: center\"><em>Olet antanut minulle\u00a0varmuutta\u00a0ja inspiraatiota jatkaa eteenp\u00e4in.<\/em><\/p>\n<p style=\"text-align: center\"><em>Odotan innolla jatkaa harjoittelua eteenp\u00e4in! Ja olen oikein kiinnostunut saamaan lis\u00e4\u00e4 uutta tietoa! \ud83d\udc9c<\/em><\/p>\n","protected":false},"excerpt":{"rendered":"<p>Harjoittelupaikka: Kurkim\u00e4en p\u00e4iv\u00e4koti, Kuopio. Ryhm\u00e4: Keltainenserkut &#8211; 4 vuotta lapset V\u00c4LIARVOINTI\u00a0 Lasten ja\u00a0Perhe\u00a0hoito harjoittelu\u00a0 Joka p\u00e4iv\u00e4 min\u00e4 menen p\u00e4iv\u00e4kotiin iloisella mielell\u00e4,\u00a0vaikka lastenhoitoty\u00f6 on tottakai vaikea. Olen jo suorittanut 3 viikkoa minun harjoittelustani.\u00a0On jo aika\u00a0Harjoittelun V\u00e4liarviointi. Miten n\u00e4m\u00e4 kolme viikkoa ovat menneet? Mit\u00e4 uutta minulla on? Mit\u00e4 minun pit\u00e4\u00e4 parantaa? Miten voisin erityisesti arvioida saavutettuani osaamistani ja tavoitteitani? LEARNING SKILLS\u00a0: Min\u00e4 olen jo tunnut itsevarmasti, koska min\u00e4 jo hyvin muistan \u00a0kaikki lapset meid\u00e4n ryhm\u00e4ss\u00e4; kuka sy\u00f6 mit\u00e4; kenell\u00e4 on laktosi-allergia; miten ja ket\u00e4 tarvitse avusta WC:ss\u00e4; kenell\u00e4 on m\u00e4rk\u00e4 s\u00e4nky p\u00e4iv\u00e4unissa jne.\u00a0Tied\u00e4n hyvin p\u00e4iv\u00e4- ja viikko- ohje \u00a0ja rutiinit; Ja min\u00e4 hyvin ymm\u00e4rr\u00e4n miksi se on t\u00e4rke\u00e4\u00e4 seurata rutiinia, p\u00e4iv\u00e4\u00e4- ja viikko-ohje. Ensin minulla oli monia kysymyksi\u00e4 ja monet asiat olivat ep\u00e4selv\u00e4ksi. Mutta pikku hilja askel askeleelta min\u00e4 opin. Ja nyt min\u00e4 teen monia asioita itseni ilman kysymyksi\u00e4. Ja lis\u00e4ksi min\u00e4 luen koulumateriaalia ja toistan viel\u00e4 [&hellip;]<\/p>\n","protected":false},"author":8444,"featured_media":0,"parent":523,"menu_order":1,"comment_status":"closed","ping_status":"closed","template":"page-templates\/page_fullwidth.php","meta":{"footnotes":""},"class_list":["post-590","page","type-page","status-publish","hentry","clearfix"],"_links":{"self":[{"href":"https:\/\/blogi.savonia.fi\/ingacheburkova\/wp-json\/wp\/v2\/pages\/590","targetHints":{"allow":["GET"]}}],"collection":[{"href":"https:\/\/blogi.savonia.fi\/ingacheburkova\/wp-json\/wp\/v2\/pages"}],"about":[{"href":"https:\/\/blogi.savonia.fi\/ingacheburkova\/wp-json\/wp\/v2\/types\/page"}],"author":[{"embeddable":true,"href":"https:\/\/blogi.savonia.fi\/ingacheburkova\/wp-json\/wp\/v2\/users\/8444"}],"replies":[{"embeddable":true,"href":"https:\/\/blogi.savonia.fi\/ingacheburkova\/wp-json\/wp\/v2\/comments?post=590"}],"version-history":[{"count":39,"href":"https:\/\/blogi.savonia.fi\/ingacheburkova\/wp-json\/wp\/v2\/pages\/590\/revisions"}],"predecessor-version":[{"id":807,"href":"https:\/\/blogi.savonia.fi\/ingacheburkova\/wp-json\/wp\/v2\/pages\/590\/revisions\/807"}],"up":[{"embeddable":true,"href":"https:\/\/blogi.savonia.fi\/ingacheburkova\/wp-json\/wp\/v2\/pages\/523"}],"wp:attachment":[{"href":"https:\/\/blogi.savonia.fi\/ingacheburkova\/wp-json\/wp\/v2\/media?parent=590"}],"curies":[{"name":"wp","href":"https:\/\/api.w.org\/{rel}","templated":true}]}}