{"id":817,"date":"2023-04-02T00:02:17","date_gmt":"2023-04-01T21:02:17","guid":{"rendered":"https:\/\/blogi.savonia.fi\/ingacheburkova\/?page_id=817"},"modified":"2024-12-09T14:59:14","modified_gmt":"2024-12-09T12:59:14","slug":"1st-week-reflection","status":"publish","type":"page","link":"https:\/\/blogi.savonia.fi\/ingacheburkova\/mielenterveys-ja-paihdehoitotyo-harjoittelu\/1st-week-reflection\/","title":{"rendered":"1st Week Reflection"},"content":{"rendered":"<p style=\"text-align: center\"><strong>\u00a0Ensimm\u00e4inen viikkoni <\/strong><\/p>\n<p style=\"text-align: center\"><strong>Niuvanniemen sairaalassa<\/strong><\/p>\n<p><strong>24.04 &#8211; 28.04.2023 \/ 17 viikko\u00a0<\/strong><\/p>\n<p><strong>Osasto 13:<\/strong>\u00a0Avoin kuntoutuosasto &#8211;\u00a0pitk\u00e4aikaiskuntoutusosasto, jossa hoidetaan oikeuspsykiatrista asiantuntemusta vaativia kriminaali- ja vaikeahoitoisia potilaita (mies ja nainen hoidetaan)<\/p>\n<p>&nbsp;<\/p>\n<p>Harjoitteluni alkoi todella hyv\u00e4 ja mielenkiinnosta. Aluksi min\u00e4 olin v\u00e4h\u00e4n huolissani. Mutta onneksi kaikki menee hyvin.<\/p>\n<p>Ensim\u00e4inen p\u00e4iv\u00e4n\u00e4 min\u00e4 sain osaston perehdytyslomake + avaimet + h\u00e4lyttimien + Mediatri- ja Windows tunnukse. \u00a0Suoritin\u00a0\u00a0Info- tunti ja Ty\u00f6ohje \u00a0.<\/p>\n<p>Tutustuin osaston tiimi ja potilaat, ja tutustuin osaston viikkonohjeen. Mentorini kanssa me suunitteleimme viikon ty\u00f6vuoro.<\/p>\n<p><b>Feelings<\/b><\/p>\n<p>Tiimi ja ty\u00f6-ilmapiiri ovat todella l\u00e4mmin ja yst\u00e4v\u00e4llisi\u00e4. \u00a0Yleens\u00e4 puhumme suomea sek\u00e4 englantia. Jokainen henkil\u00f6kunta auttaa minua aina ja vastaa kaikkiin minun kysymyksiini.<\/p>\n<p>Joka p\u00e4iv\u00e4ksi min\u00e4 \u00a0tunnen kollegoiden help-hand ja siksi kunnioitan itse\u00e4ni varmemmin.<\/p>\n<p>Kollegani ja mentorini ovat todella korkean tason ammattilaisia! Tiedon jakaminen on hieno asia. Min\u00e4 tykk\u00e4\u00e4n harjoitella heid\u00e4n kanssaan.<\/p>\n<p>Tiedonvaihto on todella hieno juttu!<\/p>\n<p><b>Evaluation<\/b><\/p>\n<p>T\u00e4ll\u00e4 viikolla arvioidan minun ensim\u00e4inen askeleini osastossa joka olen jo kulkenut. N\u00e4in paljon ja olen yritt\u00e4nyt tehd\u00e4 paljon itse.<\/p>\n<p>Mina aina muistan mit\u00e4 minua opetettiin koulussa. <u>Ymm\u00e4rr\u00e4n eritt\u00e4in hyvin ja aina\u00a0muistan, mill\u00e4 osastolla min\u00e4 olen ja mink\u00e4 potilaiden kanssa ty\u00f6skentelen. <\/u><\/p>\n<p>T\u00e4m\u00e4 tarkoittaa, ett\u00e4 kunnioitan aina etiikkaa, potilaiden henkil\u00f6tietojen s\u00e4ilytt\u00e4mist\u00e4 ja turvallisuutta.<\/p>\n<p><b>Analysis<\/b><\/p>\n<p>Analysoida t\u00e4m\u00e4n viikon voisin sanoa, ett\u00e4 minulla on\u00a0viel\u00e4 v\u00e4h\u00e4n ep\u00e4varmastani. Kirjoitin kuitenkin pari muistialappt taskumuistikirjan ja tallentaa siihen, kun pit\u00e4\u00e4 suorittamaan potilaiden hoitoty\u00f6.<\/p>\n<p><b>Conclusions<\/b><\/p>\n<p>Yhteenvetona t\u00e4m\u00e4n viikon tuloksista korostan, ett\u00e4 olen eritt\u00e4in kiinnostunut, inspiroitunut ja motivoitunut siirtym\u00e4\u00e4n eteenp\u00e4in. Tunnen kollegani, osaston rakenteen ja sen toimivuuden sis\u00e4ll\u00e4 ja ulkopuolella.<\/p>\n<p><b>Action Plan<\/b><\/p>\n<ol>\n<li>Suunnittelen tehd\u00e4 p\u00e4ivitt\u00e4isi\u00e4 rutiineja potilaiden kanssa itsen\u00e4isemmin, mik\u00e4 tarkoittaa esiintymist\u00e4 ilman monta kysymyksi\u00e4 mentoriltani<\/li>\n<li>Tutustuparempi ja tarkemmin Mediatri-tietokantaan<\/li>\n<li>Tutustua parempi ja tarkemmin potilaan anamneesiin, oireisiin ja diagnoosiin<\/li>\n<li>Tutustua minkalainen l\u00e4\u00e4kehoitoa on osastossa<\/li>\n<li>Suunnittelen suorittaminen oppitunti sairaalassa: \u00a0ECT-teoriainfo, Psykologin-info, L\u00e4\u00e4keinfo<\/li>\n<\/ol>\n<p>&nbsp;<\/p>\n<p style=\"text-align: center\">Pikkuhiljaa menen eteenp\u00e4in! \ud83d\udc9c<\/p>\n<p>&nbsp;<\/p>\n<p>&nbsp;<\/p>\n<p>&nbsp;<\/p>\n","protected":false},"excerpt":{"rendered":"<p>\u00a0Ensimm\u00e4inen viikkoni Niuvanniemen sairaalassa 24.04 &#8211; 28.04.2023 \/ 17 viikko\u00a0 Osasto 13:\u00a0Avoin kuntoutuosasto &#8211;\u00a0pitk\u00e4aikaiskuntoutusosasto, jossa hoidetaan oikeuspsykiatrista asiantuntemusta vaativia kriminaali- ja vaikeahoitoisia potilaita (mies ja nainen hoidetaan) &nbsp; Harjoitteluni alkoi todella hyv\u00e4 ja mielenkiinnosta. Aluksi min\u00e4 olin v\u00e4h\u00e4n huolissani. Mutta onneksi kaikki menee hyvin. Ensim\u00e4inen p\u00e4iv\u00e4n\u00e4 min\u00e4 sain osaston perehdytyslomake + avaimet + h\u00e4lyttimien + Mediatri- ja Windows tunnukse. \u00a0Suoritin\u00a0\u00a0Info- tunti ja Ty\u00f6ohje \u00a0. Tutustuin osaston tiimi ja potilaat, ja tutustuin osaston viikkonohjeen. Mentorini kanssa me suunitteleimme viikon ty\u00f6vuoro. Feelings Tiimi ja ty\u00f6-ilmapiiri ovat todella l\u00e4mmin ja yst\u00e4v\u00e4llisi\u00e4. \u00a0Yleens\u00e4 puhumme suomea sek\u00e4 englantia. Jokainen henkil\u00f6kunta auttaa minua aina ja vastaa kaikkiin minun kysymyksiini. Joka p\u00e4iv\u00e4ksi min\u00e4 \u00a0tunnen kollegoiden help-hand ja siksi kunnioitan itse\u00e4ni varmemmin. Kollegani ja mentorini ovat todella korkean tason ammattilaisia! Tiedon jakaminen on hieno asia. Min\u00e4 tykk\u00e4\u00e4n harjoitella heid\u00e4n kanssaan. Tiedonvaihto on todella hieno juttu! Evaluation T\u00e4ll\u00e4 viikolla arvioidan minun ensim\u00e4inen askeleini osastossa [&hellip;]<\/p>\n","protected":false},"author":8444,"featured_media":0,"parent":809,"menu_order":2,"comment_status":"closed","ping_status":"closed","template":"page-templates\/single-project.php","meta":{"footnotes":""},"class_list":["post-817","page","type-page","status-publish","hentry","clearfix"],"_links":{"self":[{"href":"https:\/\/blogi.savonia.fi\/ingacheburkova\/wp-json\/wp\/v2\/pages\/817","targetHints":{"allow":["GET"]}}],"collection":[{"href":"https:\/\/blogi.savonia.fi\/ingacheburkova\/wp-json\/wp\/v2\/pages"}],"about":[{"href":"https:\/\/blogi.savonia.fi\/ingacheburkova\/wp-json\/wp\/v2\/types\/page"}],"author":[{"embeddable":true,"href":"https:\/\/blogi.savonia.fi\/ingacheburkova\/wp-json\/wp\/v2\/users\/8444"}],"replies":[{"embeddable":true,"href":"https:\/\/blogi.savonia.fi\/ingacheburkova\/wp-json\/wp\/v2\/comments?post=817"}],"version-history":[{"count":17,"href":"https:\/\/blogi.savonia.fi\/ingacheburkova\/wp-json\/wp\/v2\/pages\/817\/revisions"}],"predecessor-version":[{"id":886,"href":"https:\/\/blogi.savonia.fi\/ingacheburkova\/wp-json\/wp\/v2\/pages\/817\/revisions\/886"}],"up":[{"embeddable":true,"href":"https:\/\/blogi.savonia.fi\/ingacheburkova\/wp-json\/wp\/v2\/pages\/809"}],"wp:attachment":[{"href":"https:\/\/blogi.savonia.fi\/ingacheburkova\/wp-json\/wp\/v2\/media?parent=817"}],"curies":[{"name":"wp","href":"https:\/\/api.w.org\/{rel}","templated":true}]}}