{"id":823,"date":"2023-04-02T00:05:26","date_gmt":"2023-04-01T21:05:26","guid":{"rendered":"https:\/\/blogi.savonia.fi\/ingacheburkova\/?page_id=823"},"modified":"2024-12-09T14:58:58","modified_gmt":"2024-12-09T12:58:58","slug":"4th-week-reflections","status":"publish","type":"page","link":"https:\/\/blogi.savonia.fi\/ingacheburkova\/mielenterveys-ja-paihdehoitotyo-harjoittelu\/4th-week-reflections\/","title":{"rendered":"4th Week Reflections"},"content":{"rendered":"<p style=\"text-align: center\"><b>Nelj\u00e4s viikko tuntuu<\/b><\/p>\n<p style=\"text-align: center\"><b>15.05 &#8211; 21.05.2023 \/ 20 viikko\u00a0<\/b><\/p>\n<p style=\"text-align: center\"><b>Niuvanniemen sairaalassa, osasto 13<\/b><\/p>\n<p><b>Tunteet<\/b><\/p>\n<p>Mielenterveys- ja p\u00e4ihdehoitoty\u00f6ni nelj\u00e4s viikko on p\u00e4\u00e4ttynyt. Koko matkan-aikana olen osallistunut ja n\u00e4hnyt monia erilaisia tapahtumia, jotka osallistuivat t\u00e4\u00e4ll\u00e4 osastossa ja my\u00f6s klinikan ulkopuolella. Esimerkiksi tapaaminen t\u00e4m\u00e4n koko oasasto \u00a0ammattitiimin kanssa toimistolla keskustelemassa potilaiden tapauksista, kierrosp\u00e4iv\u00e4 DKT-ryhm\u00e4 potilaiden kanssa &#8211; auttaminen heid\u00e4n sosiaalinen asiat, tarpeissaan, auttaminen ja tietysti s\u00e4\u00e4st\u00e4 nauttiminen.<\/p>\n<p>T\u00e4m\u00e4 organisaatio on aina iloinen opiskelijoista. Se on todella hienoa heist\u00e4!<\/p>\n<p><b>What has been new \/ Mit\u00e4 uutta<\/b><\/p>\n<p>T\u00e4ll\u00e4 viikolla min\u00e4 tutustuin ja suoritin:<\/p>\n<ul>\n<li>Vierailin \u00a0tutustumaan osastolla 3 &#8211; oikeuspsykiatrinen naisten suljettu hoito- ja tutkimusosasto, jossa hoidetaan ja kuntoutetaan oikeuspsykiatrisia potilaita ja vaarallisia ja\/tai vaikeahoitoisia potilaita sek\u00e4 tehd\u00e4\u00e4n mielentilatutkimuksia;<\/li>\n<li>Info-tuntit: Ty\u00f6-terapia; musiikki-terapia;<\/li>\n<li>Loppun ty\u00f6-ohje keskustelu;<\/li>\n<li>\n<div>HOSU:\u00a0Potilas+ \u00a0Osaston L\u00e4\u00e4k\u00e4ri + Psykologi + Omahoitaja + Sosiaality\u00f6ntekij\u00e4<\/div>\n<\/li>\n<li>\n<div>YliL\u00e4\u00e4k\u00e4rikerto: Ylil\u00e4\u00e4k\u00e4ri\u00a0+ \u00a0Osaston L\u00e4\u00e4k\u00e4ri +Potilas + Psykologi + Omahoitaja + Sosiaality\u00f6ntekij\u00e4<\/div>\n<\/li>\n<\/ul>\n<p><strong>Arviointi<\/strong><\/p>\n<p>Mielest\u00e4ni tein hyv\u00e4\u00e4 ty\u00f6t\u00e4 t\u00e4ll\u00e4 viikolla kaikilla velvollisuuksillani ja yritin soveltaa jotain, josta keskusteltiin v\u00e4li-arvioinnissa.<\/p>\n<p><strong>Analyysi<\/strong><\/p>\n<p>Todenn\u00e4k\u00f6isesti voin sanoa, ett\u00e4 t\u00e4rkeint\u00e4 n\u00e4iss\u00e4 tapahtumissa on olla huoletta, jos jokin on ep\u00e4selv\u00e4\u00e4 tai unohtunut, on parempi kysy\u00e4, tarkistaa ohjaajasi hoitajalta.<\/p>\n<p>Ajatellen, ett\u00e4 \u00a0haastattelu meni tehokas ja\u00a0\u00a0hyvin. Minun ohjaajani Nella, Pekka ja Olli-Pekka auttoi minua oikein paljon! H\u00e4n antoi minulle paljon hyv\u00e4t vinkkej\u00e4 ja neuvot. Min\u00e4 k\u00e4ytin viel\u00e4 koulun opetusmateriaali ja valmistin\u00a0kysymyksi\u00e4 etu\u00e4k\u00e4ten.<\/p>\n<p><b>Conclusions \/ P\u00e4\u00e4telm\u00e4<\/b><\/p>\n<p>Kaikista viikon tapahtumista vakuuttuin ja tajusin j\u00e4lleen kerran, ett\u00e4 aina pit\u00e4\u00e4 tehd\u00e4 tiimity\u00f6t\u00e4 ja luottaa kollegoihin, jakaa tapaukset heid\u00e4n kanssaan ja aina keskustella kaikesta.<\/p>\n<p><b>Action Plan \/\u00a0Suunnitelma<\/b><\/p>\n<ul>\n<li>Ensi viikolla loppuu harjoitteluni. siksi minun t\u00e4ytyy analysoida tulokset, valmistella itsearviointi ja kysy\u00e4 kaikki viimeiset minua kiinnostavat kysymykset.<\/li>\n<li>Maanantaina minun pit\u00e4\u00e4 tehd\u00e4 esitykseni ryhm\u00e4lle Ahdistus-aiheesta. Tarkempi kuvaus t\u00e4\u00e4ll\u00e4 &#8211;<a class=\"row-title\" href=\"https:\/\/blogi.savonia.fi\/ingacheburkova\/wp-admin\/post.php?post=894&amp;action=edit\" aria-label=\"\u201cPotilas hoitohaastattelu \/ Assignment\u201d (Edit)\">Potilas hoitohaastattelu \/ Assignment<\/a><\/li>\n<li>Tiistaina min\u00e4 menen viiraillumineen osasto 6<\/li>\n<\/ul>\n","protected":false},"excerpt":{"rendered":"<p>Nelj\u00e4s viikko tuntuu 15.05 &#8211; 21.05.2023 \/ 20 viikko\u00a0 Niuvanniemen sairaalassa, osasto 13 Tunteet Mielenterveys- ja p\u00e4ihdehoitoty\u00f6ni nelj\u00e4s viikko on p\u00e4\u00e4ttynyt. Koko matkan-aikana olen osallistunut ja n\u00e4hnyt monia erilaisia tapahtumia, jotka osallistuivat t\u00e4\u00e4ll\u00e4 osastossa ja my\u00f6s klinikan ulkopuolella. Esimerkiksi tapaaminen t\u00e4m\u00e4n koko oasasto \u00a0ammattitiimin kanssa toimistolla keskustelemassa potilaiden tapauksista, kierrosp\u00e4iv\u00e4 DKT-ryhm\u00e4 potilaiden kanssa &#8211; auttaminen heid\u00e4n sosiaalinen asiat, tarpeissaan, auttaminen ja tietysti s\u00e4\u00e4st\u00e4 nauttiminen. T\u00e4m\u00e4 organisaatio on aina iloinen opiskelijoista. Se on todella hienoa heist\u00e4! What has been new \/ Mit\u00e4 uutta T\u00e4ll\u00e4 viikolla min\u00e4 tutustuin ja suoritin: Vierailin \u00a0tutustumaan osastolla 3 &#8211; oikeuspsykiatrinen naisten suljettu hoito- ja tutkimusosasto, jossa hoidetaan ja kuntoutetaan oikeuspsykiatrisia potilaita ja vaarallisia ja\/tai vaikeahoitoisia potilaita sek\u00e4 tehd\u00e4\u00e4n mielentilatutkimuksia; Info-tuntit: Ty\u00f6-terapia; musiikki-terapia; Loppun ty\u00f6-ohje keskustelu; HOSU:\u00a0Potilas+ \u00a0Osaston L\u00e4\u00e4k\u00e4ri + Psykologi + Omahoitaja + Sosiaality\u00f6ntekij\u00e4 YliL\u00e4\u00e4k\u00e4rikerto: Ylil\u00e4\u00e4k\u00e4ri\u00a0+ \u00a0Osaston L\u00e4\u00e4k\u00e4ri +Potilas + Psykologi + Omahoitaja + Sosiaality\u00f6ntekij\u00e4 Arviointi Mielest\u00e4ni tein hyv\u00e4\u00e4 ty\u00f6t\u00e4 t\u00e4ll\u00e4 [&hellip;]<\/p>\n","protected":false},"author":8444,"featured_media":0,"parent":809,"menu_order":2,"comment_status":"closed","ping_status":"closed","template":"page-templates\/page_fullwidth.php","meta":{"footnotes":""},"class_list":["post-823","page","type-page","status-publish","hentry","clearfix"],"_links":{"self":[{"href":"https:\/\/blogi.savonia.fi\/ingacheburkova\/wp-json\/wp\/v2\/pages\/823","targetHints":{"allow":["GET"]}}],"collection":[{"href":"https:\/\/blogi.savonia.fi\/ingacheburkova\/wp-json\/wp\/v2\/pages"}],"about":[{"href":"https:\/\/blogi.savonia.fi\/ingacheburkova\/wp-json\/wp\/v2\/types\/page"}],"author":[{"embeddable":true,"href":"https:\/\/blogi.savonia.fi\/ingacheburkova\/wp-json\/wp\/v2\/users\/8444"}],"replies":[{"embeddable":true,"href":"https:\/\/blogi.savonia.fi\/ingacheburkova\/wp-json\/wp\/v2\/comments?post=823"}],"version-history":[{"count":14,"href":"https:\/\/blogi.savonia.fi\/ingacheburkova\/wp-json\/wp\/v2\/pages\/823\/revisions"}],"predecessor-version":[{"id":1127,"href":"https:\/\/blogi.savonia.fi\/ingacheburkova\/wp-json\/wp\/v2\/pages\/823\/revisions\/1127"}],"up":[{"embeddable":true,"href":"https:\/\/blogi.savonia.fi\/ingacheburkova\/wp-json\/wp\/v2\/pages\/809"}],"wp:attachment":[{"href":"https:\/\/blogi.savonia.fi\/ingacheburkova\/wp-json\/wp\/v2\/media?parent=823"}],"curies":[{"name":"wp","href":"https:\/\/api.w.org\/{rel}","templated":true}]}}