{"id":833,"date":"2023-04-02T00:11:05","date_gmt":"2023-04-01T21:11:05","guid":{"rendered":"https:\/\/blogi.savonia.fi\/ingacheburkova\/?page_id=833"},"modified":"2024-12-09T14:59:21","modified_gmt":"2024-12-09T12:59:21","slug":"valiarviointi","status":"publish","type":"page","link":"https:\/\/blogi.savonia.fi\/ingacheburkova\/mielenterveys-ja-paihdehoitotyo-harjoittelu\/valiarviointi\/","title":{"rendered":"V\u00e4liarviointi"},"content":{"rendered":"<h3 style=\"text-align: center\"><b>Mielenterveys- ja P\u00e4ihdehoitoty\u00f6 h<\/b><b>arjoittelu<\/b><\/h3>\n<h3 style=\"text-align: center\">V\u00e4liarviointi<\/h3>\n<div class=\"page\" title=\"Page 1\">\n<div class=\"layoutArea\">\n<div class=\"column\">\n<p>Ti 09.05.2023<\/p>\n<p>Harjoitteluyksikko\u0308:\u00a0 Osasto 13<em>\u00a0(avoin kuntoutuosasto &#8211; pitk\u00e4aikaiskuntoutusosast)<\/em>, Niuvanniemen sairaala, Kuopio<\/p>\n<p>Minun o<span lang=\"FI\">hjaava opettaja<\/span>:<span style=\"color: #000000\"> Lehtori Savonia AMK \u00a0&#8211;\u00a0Marjo Heikkinen<\/span><a href=\"mailto:Marjo.Heikkinen@savonia.fi\">Marjo.Heikkinen@savonia.fi<\/a><\/p>\n<p>Minun johtajani v\u00e4liarviointi ja\u00a0harjoittelun ajan\u00a0Msh Pekka Kiiskinen <a href=\"mailto:Pekka.Kiiskinen@niuva.fi\" target=\"_blank\" rel=\"noopener noreferrer\">Pekka.K<\/a><a href=\"mailto:Pekka.Kiiskinen@niuva.fi\" target=\"_blank\" rel=\"noopener noreferrer\">iiskinen@niuva.fi<\/a><\/p>\n<\/div>\n<\/div>\n<\/div>\n<p>Me keskustelimme mukavassa ja yst\u00e4v\u00e4llisess\u00e4 ilmapiiriss\u00e4, zoomille. Aluksi min\u00e4 kerroin mieleni ja tunnut yleisi\u00e4. Sitten kerroin p\u00e4iv\u00e4n aktiiviseni, vastain opettajan ja ohjaan kysymyksi\u00e4 ja me kaikki keskustelemme kaikki yhdess\u00e4. My\u00f6s opettaja antoi selvitt\u00e4 harjoitusteht\u00e4vist\u00e4 ja mit\u00e4 tarvitse tekee.<\/p>\n<p><u>Minulle on eritt\u00e4in t\u00e4rke\u00e4\u00e4 tiet\u00e4\u00e4 mentorin arvio, kuinka h\u00e4n arvioi minua.<\/u><\/p>\n<p style=\"font-weight: 400\"><strong>EETTINEN OSAAMINEN<\/strong><\/p>\n<p>Olen t\u00e4n\u00e4\u00e4n puhunut n\u00e4ist\u00e4 asioista tutorini kanssa, joten olemme tehdess\u00e4mme samoilla linjoilla<\/p>\n<ul>\n<li>Hoidossa min\u00e4 aina muistan ja kunnioitan potilaan rajoja, esimerkiksi:<\/li>\n<\/ul>\n<p><i>jos min\u00e4 k\u00e4yn Mediatry, luen vain oma potilaiden\u00a0kirjauksia (en lue toinen Pt\u00a0tai\u00a0osaston info); <\/i><\/p>\n<p><i>milloinka min\u00e4 olin ECT-\u00a0tutustuessa, pyysin sopimus \u00a0henkil\u00f6kunnalta ja potilaalta. Koska se on laki .<\/i><\/p>\n<ul>\n<li>Osastossa min\u00e4 sain todella hyv\u00e4 info Suomen Mielenterveyslain Laki:<\/li>\n<\/ul>\n<ol>\n<li><em>\u00a0Act Amending the Mental helth Act \u2116 383\/1997, <\/em><\/li>\n<li><em>\u00a0Suomen Perustuslaki 731\/1999; <\/em><\/li>\n<li><em>\u00a0Laki Potilaan asemasta ja oikeuksista 785\/1992<\/em><\/li>\n<li><em>\u00a0Mielenterveys laki 1990\/1116<\/em><\/li>\n<\/ol>\n<p>Siksi min\u00e4 kysyn neuvoja olen aina iloinen saada ammattilainen neuvoja kollegoilta, koska haluan kasvaa ammatilla ja parempi osaamiseni.<\/p>\n<div>\n<div><\/div>\n<\/div>\n<div><b><span lang=\"FI\">OHJAUS JA OPETUSOSAAMINEN<\/span><\/b><\/div>\n<div><span style=\"color: #0000ff\">J\u00e4rjestetty opetustilaisuudet<\/span><br \/>\nSairaala tarjoaa yst\u00e4v\u00e4llisesti opiskelijakohtaisia oppimisistuntoja, jotka j\u00e4rjestet\u00e4\u00e4n yhteisty\u00f6ss\u00e4 Savonia AMK:n kanssa.<br \/>\nkuten seuraavat:<\/div>\n<div>T\u00e4m\u00e4 oppiminen liittyi mielenterveysk\u00e4yt\u00e4nt\u00f6\u00f6n. Olen eritt\u00e4in iloinen saadessani osallistua niihin. Se on todella hienoa!\ud83d\udc9c<\/div>\n<div><\/div>\n<div>\n<div><b><span lang=\"FI\">MONIAMMATILLINEN YHTEISTY\u00d6OSAAMINEN<\/span><\/b><\/div>\n<div><strong>HOSU<\/strong><\/div>\n<div>Potilas+ \u00a0Osaston L\u00e4\u00e4k\u00e4ri + Psykologi + Omahoitaja + Sosiaality\u00f6ntekij\u00e4 (ja viely voisi<\/div>\n<div><strong>YliL\u00e4\u00e4k\u00e4rikerto:<\/strong><\/div>\n<div>Ylil\u00e4\u00e4k\u00e4ri\u00a0+ \u00a0Osaston L\u00e4\u00e4k\u00e4ri +Potilas + Psykologi + Omahoitaja + Sosiaality\u00f6ntekij\u00e4<\/div>\n<\/div>\n<div><\/div>\n<div><em>N\u00e4ihin kuuluvat mielest\u00e4ni vuorovaikutustaidot \u2013 puhuminen, keskustelun per\u00e4ss\u00e4 pysyminen, aktiivinen kuuntelu, kyky vaihtaa nopeasti, seurata dialogia. Jos esimerkiksi potilas pit\u00e4\u00e4 enemm\u00e4n puhumisesta, anna h\u00e4nen ilmaista itse\u00e4\u00e4n. tai p\u00e4invastoin, kun asiakas pit\u00e4\u00e4 puheessaan mieluummin pitki\u00e4 taukoja ja miettii, mit\u00e4 sanoa tai miten lauseet rakennetaan tietyll\u00e4 tavalla. Sinun on sairaanhoitajana vain sopeuduttava sellaiseen k\u00e4ytt\u00e4ytymiseen.<\/em><br \/>\n<em>Yrit\u00e4 lis\u00e4ksi kertoa potilaalle, ett\u00e4 vain monimutkainen ty\u00f6 auttaa h\u00e4nen hoidossaan. On mahdotonta parantua yhdell\u00e4 asialla (l\u00e4\u00e4kkeell\u00e4 TAI sill\u00e4). Vain t\u00e4ydellinen kokonaisvaltainen l\u00e4hestymistapa auttaa ratkaisemaan tapauksen kokonaisuutena.<\/em><\/div>\n<div>\n<div><\/div>\n<div>\n<div><em><b><span lang=\"FI\">HOITOTY\u00d6N P\u00c4\u00c4T\u00d6KSENTEKO-OSAAMINEN<\/span><\/b><\/em><\/div>\n<div><em>T\u00e4llaiset kliiniset p\u00e4tevyydet vaihtelevat paikasta toiseen ja erityisesti t\u00e4\u00e4ll\u00e4, poliklinikalla. Voisin kuitenkin sanoa, ett\u00e4 ensimm\u00e4isen harjoitusp\u00e4iv\u00e4ni aikana k\u00e4vin ECT:ss\u00e4 (aikuisten skitsofrenian oireiden hoitoon tarkoitettu yll\u00e4pitol\u00e4\u00e4ke), jossa oli syy tulla, potilaan tausta, nykyinen tapaus, potilaan tulevan hoidon suunnitelma. j\u00e4rjestelm\u00e4 \u2013 ne ovat tavanomaisia ennakkotapauksia. Pyrin toteuttamaan niit\u00e4 suunnitelmia tosiel\u00e4m\u00e4ss\u00e4, osallistun tiimitapaamisiin, rakentamaan sairaanhoitaja-asiakassuhteita, arvioimaan erityistarpeita. Kaiken kaikkiaan yrit\u00e4n vied\u00e4 teoriaa k\u00e4yt\u00e4nt\u00f6\u00f6n.<\/em><br \/>\n<em>Olemme kartoittaneet vastuuni ja toimintani seuraaville kahdelle viikolle sek\u00e4 k\u00e4yneet l\u00e4pi vahvuuteni ja heikkouteni . Kokous meni nopeasti \u2013 1 tunti . Joten nyt n\u00e4ytt\u00e4\u00e4 silt\u00e4, \u200b\u200bett\u00e4 minulla on suunnitelma ja minun pit\u00e4isi alkaa toteuttaa sit\u00e4.<\/em><\/div>\n<div><\/div>\n<div>\n<div><em><b><span lang=\"FI\">KULTTUURINEN OSAAMINEN<\/span><\/b><\/em><\/div>\n<div><em>T\u00e4m\u00e4n kanssa ei ollut ongelmia ollenkaan. Joskus asiakkaat saattavat kysy\u00e4 minulta tai vastata jtk englanniksi tai vain puhua suomea hitaasti. Viestint\u00e4 Pt:n kanssa etenee varmasti. Oli vain 2 kielt\u00e4ytymist\u00e4 (potilaat eiv\u00e4t halunneet opiskelijan olevan paikalla), se on t\u00e4ysin ymm\u00e4rrett\u00e4v\u00e4\u00e4 ja ok.<\/em><\/div>\n<div>\n<div><em><b><span lang=\"FI\">KLIININEN OSAAMINEN:<\/span><\/b><\/em><\/div>\n<div><em>Min\u00e4 aina muistan luottamuksellisesti hoitosuhteessa ja k\u00e4yt\u00e4n turvallista l\u00e4\u00e4kehoitoa mielenterveys- ja p\u00e4ihdety\u00f6n menetelmi\u00e4 ja siihen liittyv\u00e4\u00e4 ohjausta. Je sen jalken min\u00e4 niiden vaikuttavuutta itsearvioi.\u00a0Hy\u00f6dynt\u00e4\u00e4 ja arvioi ty\u00f6nohjauksen merkityst\u00e4 monipuolisesti. Olen t\u00e4n\u00e4\u00e4n puhunut n\u00e4ist\u00e4 asioista tutorini kanssa, joten olemme tehdess\u00e4mme samoilla linjoilla.<\/em><\/div>\n<div>\n<p><b>Evidence Based Practice And Decision Making Competence\u00a0<\/b>K\u00e4yt\u00e4 tutor-sairaanhoitajani toimittamia materiaaleja sek\u00e4 verkkosivustoja, joista l\u00f6yd\u00e4n mielenterveystietoa.<\/p>\n<\/div>\n<\/div>\n<\/div>\n<\/div>\n<\/div>\n","protected":false},"excerpt":{"rendered":"<p>Mielenterveys- ja P\u00e4ihdehoitoty\u00f6 harjoittelu V\u00e4liarviointi Ti 09.05.2023 Harjoitteluyksikko\u0308:\u00a0 Osasto 13\u00a0(avoin kuntoutuosasto &#8211; pitk\u00e4aikaiskuntoutusosast), Niuvanniemen sairaala, Kuopio Minun ohjaava opettaja: Lehtori Savonia AMK \u00a0&#8211;\u00a0Marjo HeikkinenMarjo.Heikkinen@savonia.fi Minun johtajani v\u00e4liarviointi ja\u00a0harjoittelun ajan\u00a0Msh Pekka Kiiskinen Pekka.Kiiskinen@niuva.fi Me keskustelimme mukavassa ja yst\u00e4v\u00e4llisess\u00e4 ilmapiiriss\u00e4, zoomille. Aluksi min\u00e4 kerroin mieleni ja tunnut yleisi\u00e4. Sitten kerroin p\u00e4iv\u00e4n aktiiviseni, vastain opettajan ja ohjaan kysymyksi\u00e4 ja me kaikki keskustelemme kaikki yhdess\u00e4. My\u00f6s opettaja antoi selvitt\u00e4 harjoitusteht\u00e4vist\u00e4 ja mit\u00e4 tarvitse tekee. Minulle on eritt\u00e4in t\u00e4rke\u00e4\u00e4 tiet\u00e4\u00e4 mentorin arvio, kuinka h\u00e4n arvioi minua. EETTINEN OSAAMINEN Olen t\u00e4n\u00e4\u00e4n puhunut n\u00e4ist\u00e4 asioista tutorini kanssa, joten olemme tehdess\u00e4mme samoilla linjoilla Hoidossa min\u00e4 aina muistan ja kunnioitan potilaan rajoja, esimerkiksi: jos min\u00e4 k\u00e4yn Mediatry, luen vain oma potilaiden\u00a0kirjauksia (en lue toinen Pt\u00a0tai\u00a0osaston info); milloinka min\u00e4 olin ECT-\u00a0tutustuessa, pyysin sopimus \u00a0henkil\u00f6kunnalta ja potilaalta. Koska se on laki . Osastossa min\u00e4 sain todella hyv\u00e4 info Suomen Mielenterveyslain Laki: \u00a0Act Amending the Mental helth [&hellip;]<\/p>\n","protected":false},"author":8444,"featured_media":0,"parent":809,"menu_order":1,"comment_status":"closed","ping_status":"closed","template":"page-templates\/page_fullwidth.php","meta":{"footnotes":""},"class_list":["post-833","page","type-page","status-publish","hentry","clearfix"],"_links":{"self":[{"href":"https:\/\/blogi.savonia.fi\/ingacheburkova\/wp-json\/wp\/v2\/pages\/833","targetHints":{"allow":["GET"]}}],"collection":[{"href":"https:\/\/blogi.savonia.fi\/ingacheburkova\/wp-json\/wp\/v2\/pages"}],"about":[{"href":"https:\/\/blogi.savonia.fi\/ingacheburkova\/wp-json\/wp\/v2\/types\/page"}],"author":[{"embeddable":true,"href":"https:\/\/blogi.savonia.fi\/ingacheburkova\/wp-json\/wp\/v2\/users\/8444"}],"replies":[{"embeddable":true,"href":"https:\/\/blogi.savonia.fi\/ingacheburkova\/wp-json\/wp\/v2\/comments?post=833"}],"version-history":[{"count":29,"href":"https:\/\/blogi.savonia.fi\/ingacheburkova\/wp-json\/wp\/v2\/pages\/833\/revisions"}],"predecessor-version":[{"id":1086,"href":"https:\/\/blogi.savonia.fi\/ingacheburkova\/wp-json\/wp\/v2\/pages\/833\/revisions\/1086"}],"up":[{"embeddable":true,"href":"https:\/\/blogi.savonia.fi\/ingacheburkova\/wp-json\/wp\/v2\/pages\/809"}],"wp:attachment":[{"href":"https:\/\/blogi.savonia.fi\/ingacheburkova\/wp-json\/wp\/v2\/media?parent=833"}],"curies":[{"name":"wp","href":"https:\/\/api.w.org\/{rel}","templated":true}]}}