{"id":183,"date":"2022-09-30T19:25:06","date_gmt":"2022-09-30T16:25:06","guid":{"rendered":"https:\/\/blogi.savonia.fi\/juliaporko\/?page_id=183"},"modified":"2022-10-28T11:54:55","modified_gmt":"2022-10-28T08:54:55","slug":"valiarviointi","status":"publish","type":"page","link":"https:\/\/blogi.savonia.fi\/juliaporko\/esimerkkisivu\/5-mielenterveys-ja-paihdehoitotyon-harjoittelu\/valiarviointi\/","title":{"rendered":"V\u00e4liarviointi"},"content":{"rendered":"\n<p><strong>Eettinen osaaminen<\/strong><\/p>\n\n\n\n<p>Eettist\u00e4 pohdiskelua harjoittelun aikana teen jatkuvasti, ja kokoajan. Hoitajat ja l\u00e4\u00e4k\u00e4rit kamppailevat jatkuvasti omien n\u00e4k\u00f6kulmien, ammatillisuuden, omien kokemusten, lains\u00e4\u00e4d\u00e4nt\u00f6jen sek\u00e4 potilasturvallisuuden kanssa. Jokainen p\u00e4\u00e4t\u00f6s tulee tehd\u00e4 lakeja noudattaen, ja minun n\u00e4k\u00f6kulmasta ollaan jatkuvasti hyvin harmaalla alueella eettisyyden suhteen. Toki en n\u00e4\u00e4 koko kuvaa, enk\u00e4 voikaan yhden harjoittelun perusteella tiet\u00e4\u00e4, mik\u00e4 on paras ratkaisu. Jo pakkohoito itsess\u00e4\u00e4n tietyll\u00e4 tapaa rikkoo ihmisoikeuslakeja, vaikka onkin ehdottoman t\u00e4rke\u00e4\u00e4 ja t\u00e4t\u00e4 suojelee mielenterveyslaki. Pohdin todella paljon, mink\u00e4 perusteella voidaan mit\u00e4kin osastolla tehd\u00e4. Moraalinen kamppailu laitosvallan ja potilaan kuntoutumisen v\u00e4lill\u00e4 on jatkuvaa, ja ainakin itse pohdiskelen paljon n\u00e4it\u00e4 asioita, erityisesti liittyen laitosvaltaan. En ole erimielt\u00e4 mink\u00e4\u00e4n p\u00e4\u00e4t\u00f6ksen suhteen, mit\u00e4 osastolla on tehty, ja p\u00e4\u00e4t\u00f6kset ovat olleet perusteltuja ja noudattavat niit\u00e4 lakeja, joita t\u00e4ytyy noudattaa. Silti v\u00e4lill\u00e4 k\u00e4y mieless\u00e4 potilaan omaiset, muiden potilaiden asenteet ja erityisesti potilaiden oma ajatus pakkohoidosta ja siihen liittyvist\u00e4 asioista. Olen todella iloinen kuitenkin siit\u00e4, ett\u00e4 n\u00e4it\u00e4 pohdintoja ei tarvitse tehd\u00e4 yksin oman p\u00e4\u00e4n sis\u00e4ll\u00e4, vaan olen aina varsinkin l\u00e4\u00e4k\u00e4rilt\u00e4 kysynyt perusteluita ja kyseenalaistanut p\u00e4\u00e4t\u00f6ksi\u00e4. Kuitenkin osastolla olo on jatkuvaa kamppailua oman ammatillisuuden, ja omien arvojen ja periaatteiden kanssa. <\/p>\n\n\n\n<p><strong>Ohjaus- ja opetusosaaminen<\/strong><\/p>\n\n\n\n<p>Olen valinnut itselleni ohjaajani kanssa potilaan, keneen tutustun enemm\u00e4n harjoittelun aikana. H\u00e4n tarvitsee paljonkin ohjausta p\u00e4ivitt\u00e4isten toimien suhteen, ja olen h\u00e4nen kanssa viett\u00e4nyt aikaa n\u00e4iden asioiden tiimoilta. Kuitenkin isoin &#8221;ohjaus&#8221; h\u00e4nen kanssaan liittyy sosiaalisiin taitoihin ja niihin kannustamiseen. H\u00e4nen kanssa keskustelut ovat hyvin yksinkertaisia, mutta pienen rohkaisun avulla keskustelu hyvin\u00e4 p\u00e4ivin\u00e4 saattaa edet\u00e4 hyvinkin. Muuten ohjaamista olen suurimmaksi osaksi tehnyt muiden hoitajien kanssa, ja tulevaisuudessa loppuharkan ajan varmasti ainakin oman teht\u00e4v\u00e4n tiimoilta tulee tehty\u00e4 itse ohjaamista.<\/p>\n\n\n\n<p><strong>Moniammatillinen yhteisty\u00f6osaaminen<\/strong><\/p>\n\n\n\n<p>Moniammatillisuus on aivan \u00e4\u00e4rett\u00f6m\u00e4n t\u00e4rke\u00e4\u00e4 mielenterveysty\u00f6ss\u00e4. T\u00e4t\u00e4 ei voi painottaa tarpeeksi, sill\u00e4 potilaiden el\u00e4m\u00e4 on niin monelta eri osa-alueella puutteellista ja v\u00e4\u00e4ristynytt\u00e4. Ehdottoman t\u00e4rke\u00e4\u00e4 on jokaisen tuoda mielipide ja n\u00e4k\u00f6kulma esille, sill\u00e4 kaikesta on varmasti jotakin hy\u00f6ty\u00e4, ja olen t\u00e4m\u00e4n itse k\u00e4yt\u00e4nn\u00f6ss\u00e4 huomannut. Potilaat melko paljon minulle sanovat asioita, mit\u00e4 eiv\u00e4t hoitajille kehtaa. T\u00e4m\u00e4n takia minunkin on t\u00e4rke\u00e4 muistaa, ett\u00e4 kuulun t\u00e4h\u00e4n moniammatilliseen ryhm\u00e4\u00e4n. On mielenkiintoista seurata hoitoa niin monen eri tahon toimesta.<\/p>\n\n\n\n<p><strong>Hoitoty\u00f6n p\u00e4\u00e4t\u00f6ksenteko-osaaminen<\/strong><\/p>\n\n\n\n<p>Teoriaopinnot p\u00e4\u00e4sev\u00e4t hyvin k\u00e4yt\u00e4nt\u00f6\u00f6n t\u00e4ss\u00e4 harjoittelussa. On todella hy\u00f6dyllist\u00e4 n\u00e4it\u00e4 kerrata, kun niit\u00e4 tulee k\u00e4yt\u00e4nn\u00f6ss\u00e4 esille. Osastolla olo vaatii paljon ajatusty\u00f6t\u00e4 itselt\u00e4, ja jokainen sanottu sana, liike ja asentokin on harkinnan alla. Todella t\u00e4ytyy mietti\u00e4, ennen kuin sanoo tai tekee. L\u00e4\u00e4kehoito ja keskusteluapu kulkevat k\u00e4sik\u00e4dess\u00e4, sek\u00e4 arkisten rytmien t\u00e4rkeys korostuu. Ei osastolla tapahtuva kuntoutusty\u00f6 ole mit\u00e4\u00e4n rakettitiedett\u00e4, vaan perus hoitoty\u00f6n menetelmi\u00e4 ja ohjausta. Vaikeimmat asiat pohditaan yhdess\u00e4 halki moniammatillisesti, ja jokainen tuo oman asiantuntijuutensa esille.<\/p>\n\n\n\n<p><strong>Kulttuurinen osaaminen<\/strong><\/p>\n\n\n\n<p>Kulttuurit ja eri taustat eiv\u00e4t p\u00e4\u00e4llep\u00e4in n\u00e4y oikeastaan ollenkaan. Toisaalta jotkut potilaista ovat hyvin uskonnollisia, toisilla on eri l\u00e4ht\u00f6kohdat miten ovat p\u00e4\u00e4tyneet osastolle ja osa on hyvinkin erilaisista oloista ja taustoista, mutta hyvin v\u00e4h\u00e4n t\u00e4m\u00e4 n\u00e4kyy p\u00e4\u00e4llep\u00e4in. Oli kyll\u00e4 mielenkiintoista seurata keskustelua l\u00e4\u00e4k\u00e4rin ja potilaan kanssa tulkin v\u00e4lityksell\u00e4. H\u00e4nell\u00e4 todella on t\u00e4ysin erilaiset taustat, kuin muilla.<\/p>\n\n\n\n<p><strong>Kliininen osaaminen<\/strong><\/p>\n\n\n\n<p>Enimm\u00e4kseen t\u00e4lt\u00e4 osa-alueelta olen seurannut toimintaa, mutta toki potilaiden p\u00e4ivitt\u00e4iset toiminnot n\u00e4kyv\u00e4t selke\u00e4sti, ja niist\u00e4 keskustellaan avoimesti hoitajien kesken. Potilaita tulee kannustaa ja rohkaista toteuttamaan p\u00e4ivitt\u00e4isi\u00e4 toimintoja, ja n\u00e4ihin olenkin osallistunut jonkin verran. L\u00e4\u00e4kehoito on tullut mukavasti tutuksi, ja siin\u00e4 onkin paljon asioita, mit\u00e4 ottaa huomioon. Hoito vaatii paljon suunnittelua, ja jatkuvasti arvioidaan, eteneek\u00f6 hoito. Melko v\u00e4h\u00e4n kirjataan potilastietoj\u00e4rjestelm\u00e4\u00e4n, vaan enemm\u00e4n keskustellaan hoitajien kesken ja pohditaan yhdess\u00e4 \u00e4\u00e4neen hoitoon liittyvi\u00e4 asioita. <\/p>\n","protected":false},"excerpt":{"rendered":"<p>Eettinen osaaminen Eettist\u00e4 pohdiskelua harjoittelun aikana teen jatkuvasti, ja kokoajan. Hoitajat ja l\u00e4\u00e4k\u00e4rit kamppailevat jatkuvasti omien n\u00e4k\u00f6kulmien, ammatillisuuden, omien kokemusten, lains\u00e4\u00e4d\u00e4nt\u00f6jen sek\u00e4 potilasturvallisuuden kanssa. Jokainen p\u00e4\u00e4t\u00f6s tulee tehd\u00e4 lakeja noudattaen, ja minun n\u00e4k\u00f6kulmasta ollaan jatkuvasti hyvin harmaalla alueella eettisyyden suhteen. Toki en n\u00e4\u00e4 koko kuvaa, enk\u00e4 voikaan yhden harjoittelun perusteella &#8230; <a class=\"continue-reading-link\" href=\"https:\/\/blogi.savonia.fi\/juliaporko\/esimerkkisivu\/5-mielenterveys-ja-paihdehoitotyon-harjoittelu\/valiarviointi\/\"> Continue reading<\/a><\/p>\n","protected":false},"author":7982,"featured_media":0,"parent":176,"menu_order":3,"comment_status":"open","ping_status":"closed","template":"","meta":{"footnotes":""},"class_list":["post-183","page","type-page","status-publish","hentry"],"_links":{"self":[{"href":"https:\/\/blogi.savonia.fi\/juliaporko\/wp-json\/wp\/v2\/pages\/183","targetHints":{"allow":["GET"]}}],"collection":[{"href":"https:\/\/blogi.savonia.fi\/juliaporko\/wp-json\/wp\/v2\/pages"}],"about":[{"href":"https:\/\/blogi.savonia.fi\/juliaporko\/wp-json\/wp\/v2\/types\/page"}],"author":[{"embeddable":true,"href":"https:\/\/blogi.savonia.fi\/juliaporko\/wp-json\/wp\/v2\/users\/7982"}],"replies":[{"embeddable":true,"href":"https:\/\/blogi.savonia.fi\/juliaporko\/wp-json\/wp\/v2\/comments?post=183"}],"version-history":[{"count":2,"href":"https:\/\/blogi.savonia.fi\/juliaporko\/wp-json\/wp\/v2\/pages\/183\/revisions"}],"predecessor-version":[{"id":216,"href":"https:\/\/blogi.savonia.fi\/juliaporko\/wp-json\/wp\/v2\/pages\/183\/revisions\/216"}],"up":[{"embeddable":true,"href":"https:\/\/blogi.savonia.fi\/juliaporko\/wp-json\/wp\/v2\/pages\/176"}],"wp:attachment":[{"href":"https:\/\/blogi.savonia.fi\/juliaporko\/wp-json\/wp\/v2\/media?parent=183"}],"curies":[{"name":"wp","href":"https:\/\/api.w.org\/{rel}","templated":true}]}}