{"id":244,"date":"2023-02-06T10:05:00","date_gmt":"2023-02-06T08:05:00","guid":{"rendered":"https:\/\/blogi.savonia.fi\/juliaporko\/?page_id=244"},"modified":"2023-03-08T09:09:12","modified_gmt":"2023-03-08T07:09:12","slug":"oppimisen-reflektointi","status":"publish","type":"page","link":"https:\/\/blogi.savonia.fi\/juliaporko\/esimerkkisivu\/kotihoito-ja-gerontologinen-hoitotyo\/oppimisen-reflektointi\/","title":{"rendered":"Oppimisen reflektointi"},"content":{"rendered":"\n<ol class=\"wp-block-list\">\n<li>Viikko<\/li>\n<\/ol>\n\n\n\n<p>Ensimm\u00e4inen viikko meni oikeastaan tutustumalla uuteen ymp\u00e4rist\u00f6\u00f6n. Olen harjoitteluni aina suorittanut osastolla, joten vastaanottoty\u00f6 on ihan uutta minulle. P\u00e4\u00e4sin ensimm\u00e4isen viikon aikana kuitenkin hyvin jo jyv\u00e4lle, mink\u00e4laista terveyskeskuksessa ty\u00f6skentely on p\u00e4\u00e4piirteitt\u00e4in. Paljon uutta asiaa on tullut jo ensimm\u00e4isen viikon aikana. Abi- mittaus esimerkiksi ihan uusi juttu minulle, vaikka ei olekaan kummoinen. Luomenpoistoa olin my\u00f6s muutamaan otteeseen katsomassa, ja siin\u00e4 yhteydess\u00e4 valmistelemassa steriili\u00e4 p\u00f6yt\u00e4\u00e4, puhdistin toimenpidealueen ja avustin l\u00e4\u00e4k\u00e4ri\u00e4 toimenpiteen aikana. Haavoja my\u00f6s terveyskeskuksessa paljon hoidetaan, joten t\u00e4h\u00e4nkin p\u00e4\u00e4see hyvin perehtym\u00e4\u00e4n. Ompeleiden poisto on my\u00f6s minulle uutta, ja ensimm\u00e4isen viikon aikana seurailin muutaman kerran, kun ompeleita poistettiin. Korvahuuhteluun potilaat my\u00f6s tulevat terveyskeskukseen, ja t\u00e4t\u00e4k\u00e4\u00e4n en ole p\u00e4\u00e4ssyt n\u00e4kem\u00e4\u00e4n tai tekem\u00e4\u00e4n ennen. Enp\u00e4 ole ennen edes potilaan korvaan katsonut, ei ole osastolla tullut sellaista tilannetta vastaan. Hyvin opettavaista ollut jo ensimm\u00e4inenkin viikko.<\/p>\n\n\n\n<p>2. Viikko<\/p>\n\n\n\n<p>Toisella viikolla olen p\u00e4\u00e4ssyt jo toimimaan itsen\u00e4isesti vastaanotoilla. Mieleenpainuvin hetki toiselta viikolta oli se, kun suoritin potilaalle MMSE- kyselyn ajokortin uudistusta varten. K\u00e4vin ennen vastaanottoa kyselyn l\u00e4pi, ja varmistin minulle hieman ep\u00e4selv\u00e4t asiat, mit\u00e4 kyselyss\u00e4 tuli vastaan. Potilas saapui vastaanotolle, ja minulla ei her\u00e4nnyt ensivaikutelman perusteella huolta, ett\u00e4 kyselyss\u00e4 ilmenisi mit\u00e4\u00e4n huolestuttavaa. Kyselyn edetess\u00e4 muutama kyseenalainen vastaus tuli, ja laitoin vastauksen oman tulkinnan mukaan, jonka j\u00e4lkeen yhdess\u00e4 pohdittiin ohjaajan kanssa asiaa. Potilaalla oli my\u00f6s hankalaa vapinaa k\u00e4siss\u00e4, mik\u00e4 vaikeutti esimerkiksi piirt\u00e4misteht\u00e4vien suorittamista. Potilas suoriutui muutamaa kohtaa lukuunottamatta hyvin. Kyselyn aikana joutui pohtimaan, ett\u00e4 onko esimerkiksi j\u00e4nnitt\u00e4v\u00e4 tilanne, tai oma teht\u00e4v\u00e4nanto vaikuttanut tuloksiin. Kuitenkin t\u00e4ytyi luottaa siihen, ett\u00e4 ulkoiset \u00e4rsykkeet eiv\u00e4t haitanneet testin tekemist\u00e4 niin paljoa, ett\u00e4 se olisi tulokseen vaikuttanut. <\/p>\n\n\n\n<p>Muuten t\u00e4m\u00e4n viikon aikana tullut haavanhoitoa, mit\u00e4 olen itse ryhtynyt suorittamaan ohjaajan avustuksella. T\u00e4ss\u00e4 on ollut hyv\u00e4 perehty\u00e4 haavaan etuk\u00e4teen, ja joskus joutunut turvautumaan aikaisempiin kirjauksiin, joten kirjaamisen merkitys ja t\u00e4rkeys korostunut. <\/p>\n\n\n\n<p>Rokotteita ja muitakin injektioita olen jo p\u00e4\u00e4ssyt pist\u00e4m\u00e4\u00e4n, joten k\u00e4dentaitoja on hyvin tullut harjoiteltua jo t\u00e4ss\u00e4 vaiheessa.<\/p>\n\n\n\n<p>4. Viikko<\/p>\n\n\n\n<p>T\u00e4ll\u00e4 viikolla olen ollut tutustumassa jalkaterapeutin toimintaan. Olin jalkaterapeutin kanssa yhden p\u00e4iv\u00e4n, ja t\u00e4m\u00e4n p\u00e4iv\u00e4n aikana kerennyt muutaman vastaanoton seuraamaan. Jalkaterapeutti kertoi omasta ty\u00f6st\u00e4\u00e4n, ja mink\u00e4laisia asioita ty\u00f6h\u00f6n liittyy. My\u00f6s kertoi, mink\u00e4laisia kriteerej\u00e4 vaaditaan, ett\u00e4 julkisessa terveydenhuollossa jalkaterapeutille p\u00e4\u00e4see, ja mit\u00e4 kautta potilaat ajatuvat jalkaterapeutin vastaanotolle. Er\u00e4s mielenkiintoinen case oli p\u00e4iv\u00e4n aikana, kun p\u00e4\u00e4llimm\u00e4isesti jalassa oleva kovettuma n\u00e4ytti vaarattomalta, mutta verihyytym\u00e4 kovettuman tyvess\u00e4 aiheutti jalkaterapeutissa huolta. Kovettuman pehment\u00e4misen j\u00e4lkeen k\u00e4vi ilmi, ett\u00e4 kovettuman alla on kohtalaisen suurehko haava, joka oli hyvin p\u00e4\u00e4ssyt kasvamaan ja bakteerit olivat kerinneet aiheuttaa paljonkin tuhoa. T\u00e4st\u00e4 ohjattiin potilas my\u00f6s sairaanhoitajan vastaanotolle haavahoitoihin. Potilas oli my\u00f6s siin\u00e4 mieless\u00e4 hankala, sill\u00e4 h\u00e4nell\u00e4 on MT-ongelmia, jotka vaikeuttavat hoitoon sitoutumisessa. <\/p>\n\n\n\n<p>My\u00f6s yksi onnistumisen kokemus j\u00e4i mieleen, kun suoritin potilaalle ensimm\u00e4ist\u00e4 kertaa ikin\u00e4 venesektion onnistuneesti. Oli mielenkiintoinen kokemus, sill\u00e4 venesektio entuudestaan vieras termi minulle. <\/p>\n","protected":false},"excerpt":{"rendered":"<p>Ensimm\u00e4inen viikko meni oikeastaan tutustumalla uuteen ymp\u00e4rist\u00f6\u00f6n. Olen harjoitteluni aina suorittanut osastolla, joten vastaanottoty\u00f6 on ihan uutta minulle. P\u00e4\u00e4sin ensimm\u00e4isen viikon aikana kuitenkin hyvin jo jyv\u00e4lle, mink\u00e4laista terveyskeskuksessa ty\u00f6skentely on p\u00e4\u00e4piirteitt\u00e4in. Paljon uutta asiaa on tullut jo ensimm\u00e4isen viikon aikana. Abi- mittaus esimerkiksi ihan uusi juttu minulle, vaikka ei olekaan &#8230; <a class=\"continue-reading-link\" href=\"https:\/\/blogi.savonia.fi\/juliaporko\/esimerkkisivu\/kotihoito-ja-gerontologinen-hoitotyo\/oppimisen-reflektointi\/\"> Continue reading<\/a><\/p>\n","protected":false},"author":7982,"featured_media":0,"parent":232,"menu_order":2,"comment_status":"closed","ping_status":"closed","template":"","meta":{"footnotes":""},"class_list":["post-244","page","type-page","status-publish","hentry"],"_links":{"self":[{"href":"https:\/\/blogi.savonia.fi\/juliaporko\/wp-json\/wp\/v2\/pages\/244","targetHints":{"allow":["GET"]}}],"collection":[{"href":"https:\/\/blogi.savonia.fi\/juliaporko\/wp-json\/wp\/v2\/pages"}],"about":[{"href":"https:\/\/blogi.savonia.fi\/juliaporko\/wp-json\/wp\/v2\/types\/page"}],"author":[{"embeddable":true,"href":"https:\/\/blogi.savonia.fi\/juliaporko\/wp-json\/wp\/v2\/users\/7982"}],"replies":[{"embeddable":true,"href":"https:\/\/blogi.savonia.fi\/juliaporko\/wp-json\/wp\/v2\/comments?post=244"}],"version-history":[{"count":5,"href":"https:\/\/blogi.savonia.fi\/juliaporko\/wp-json\/wp\/v2\/pages\/244\/revisions"}],"predecessor-version":[{"id":265,"href":"https:\/\/blogi.savonia.fi\/juliaporko\/wp-json\/wp\/v2\/pages\/244\/revisions\/265"}],"up":[{"embeddable":true,"href":"https:\/\/blogi.savonia.fi\/juliaporko\/wp-json\/wp\/v2\/pages\/232"}],"wp:attachment":[{"href":"https:\/\/blogi.savonia.fi\/juliaporko\/wp-json\/wp\/v2\/media?parent=244"}],"curies":[{"name":"wp","href":"https:\/\/api.w.org\/{rel}","templated":true}]}}