{"id":275,"date":"2023-08-18T09:35:09","date_gmt":"2023-08-18T06:35:09","guid":{"rendered":"https:\/\/blogi.savonia.fi\/juliaporko\/?page_id=275"},"modified":"2023-08-18T10:39:29","modified_gmt":"2023-08-18T07:39:29","slug":"lahtotaso-ja-tavoitteet","status":"publish","type":"page","link":"https:\/\/blogi.savonia.fi\/juliaporko\/esimerkkisivu\/hoitotyon-osaamisen-taydentaminen\/lahtotaso-ja-tavoitteet\/","title":{"rendered":"L\u00e4htotaso ja tavoitteet"},"content":{"rendered":"\n<p><strong>Kuka olen ja millainen olen oppijana<\/strong><\/p>\n\n\n\n<p>Olen 24-vuotias 3. vuoden k\u00e4til\u00f6opiskelija, ja opinnot minulla on siin\u00e4 vaiheessa, ett\u00e4 viimeist\u00e4 t\u00e4ysimittaista harjoittelua lukuunottamatta sairaanhoidon harjoittelut on minulla purkissa. Ty\u00f6kokemusta ei harjoitteluiden ulkopuolella ole hoitoalasta, mutta harjoitteluni olen suorittanut vuodeosastoilla sis\u00e4tauteihin ja perushoitoty\u00f6h\u00f6n liittyen, neurokirurgian osastolla, lasten veri- ja sy\u00f6p\u00e4tautien osastolla, niuvanniemessa ja terveysasemalla. Harjoitteluissa p\u00e4\u00e4llimm\u00e4iseksi kehitt\u00e4miskohteeksi on ollut tilanteissa rauhallisuus ja pienen liiallisen yli-innokkuuden kartoittaminen ja rauhoittaminen. Paljon hyv\u00e4\u00e4 palautetta olen kuitenkin saanut toisaalta tilanteessa rauhassa tekemisest\u00e4 ja ett\u00e4 en panikoi. Potilasl\u00e4ht\u00f6isyytt\u00e4ni on my\u00f6s paljon kehuttu ohjaajien toimesta. Opintojen ohella olen ty\u00f6skennellyt Hoplopissa. Harjoittelun j\u00e4lkeen koen olevani valmis menem\u00e4\u00e4n hoitoalan ty\u00f6el\u00e4m\u00e4\u00e4n, ja tavoitteenani on viimeinen loppusilaus valmistaa minut siihen.<\/p>\n\n\n\n<p>T\u00e4ll\u00e4 hetkell\u00e4 tiedostan hyvin itselleni parhaat tapani oppia. Olen ehdottomasti se henkil\u00f6, joka oppii tekem\u00e4ll\u00e4 ja tekem\u00e4ns\u00e4 toiminnan perusteella saadun palautteen avulla. Palautteen saaminen on minulle \u00e4\u00e4rimm\u00e4isen t\u00e4rke\u00e4\u00e4, sill\u00e4 vaikka luotan ett\u00e4 osaan, en ehk\u00e4 silloin osaa huomioida asioita, mihin keskitty\u00e4 ensi kerralla paremmin. Osaan arvioida itse\u00e4ni, mutta saatan keskitty\u00e4 ns. &#8221;v\u00e4\u00e4riin&#8221; asioihin, mill\u00e4 ei olisi niin paljon merkityst\u00e4, kuin jokin toinen seikka miss\u00e4 olisi enemm\u00e4n parannettavaa. Odotan paljon oppimista t\u00e4m\u00e4n harjoittelun aikana, sill\u00e4 t\u00e4ss\u00e4 vaiheessa opintoja minun odotukseni itse\u00e4ni kohtaan ovat jo melko korkealla. Saatan olla my\u00f6s hyvin itsekriittinen, ja haluan aina tehd\u00e4 parhaani, joten odotan palautetta paljon. Aion haastaa itse\u00e4ni keskittym\u00e4\u00e4n laajemmin asioihin, miss\u00e4 minulla on parannettavaa.<\/p>\n\n\n\n<p><strong><strong>Keinot osaamistavoitteisiin p\u00e4\u00e4semiseksi<\/strong><\/strong><\/p>\n\n\n\n<p>Nyt viimeist\u00e4\u00e4n aion toimia harjoittelun aikana niin omatoimisesti ja itsen\u00e4isesti kuin vain kykenen. Periaatteenani on ennemminkin varmistaa omaa tiet\u00e4myst\u00e4 ohjaajalta, kuin ett\u00e4 kysyisin suoraan vastausta. Toivoisin my\u00f6s paljon palautetta, ja tilanteiden l\u00e4pik\u00e4ymist\u00e4.<\/p>\n\n\n\n<p><strong>Miten opin ja millainen on oppimistyylini<\/strong><\/p>\n\n\n\n<p>Opin parhaiten, kun saan itse mietti\u00e4 ja ajatella rauhassa. Parhaiten minulle j\u00e4\u00e4 muistij\u00e4lki, kun yrit\u00e4n ensin itse ja sitten tarvittaessa ohjaaja pyyt\u00e4\u00e4 minua tekem\u00e4\u00e4n toisin. Eli ehdottomasti opin parhaiten tekem\u00e4ll\u00e4 ja itse miettim\u00e4ll\u00e4. Palautteen saaminen on my\u00f6s minulle hyvin t\u00e4rke\u00e4\u00e4.<\/p>\n\n\n\n<p><strong>Hoitoty\u00f6n eettisyys ja ammatillisuus<\/strong><\/p>\n\n\n\n<p>T\u00e4h\u00e4n on hyv\u00e4 keskitty\u00e4 tarkasti harjoittelun aikana, sill\u00e4 omatoimisuus on isossa roolissa minulla t\u00e4m\u00e4n harjoittelun my\u00f6t\u00e4. Toimin aina potilaan\/asiakkaan edun mukaisesti, ja ymm\u00e4rr\u00e4n, ett\u00e4 t\u00e4m\u00e4 vaatii esimerkiksi yksil\u00f6llisyyden huomioimista, omien arvojen tarkastelua, aseptista omatuntoa ja kaikkea oman persoonan ja oppimien taitojen v\u00e4lill\u00e4. Mielest\u00e4ni olen l\u00f6yt\u00e4nyt kultaisen keskitien, mit\u00e4 tulee ammatillisuuteen ja persoonallisuuteen hoitoty\u00f6ss\u00e4. Kehitt\u00e4misty\u00f6n\u00e4 on kuitenkin minulla hyvin persoonallinen asia, joka tulee kehittym\u00e4\u00e4n vuosien saatossa ja kokemuksen my\u00f6t\u00e4. Olen joissakin asioissa \u00e4\u00e4rimm\u00e4isen herkk\u00e4, ja n\u00e4m\u00e4 asiat ovat esimerkiksi kaltoinkohtelu, v\u00e4kivalta tai yleisesti mik\u00e4li potilaalla on el\u00e4m\u00e4ntilanne tai terveydellinen tilanne, mik\u00e4 on omalta n\u00e4k\u00f6kantilta vain niin ep\u00e4reilu, ettei itse voi ns. t\u00e4t\u00e4 k\u00e4sitt\u00e4\u00e4 tai ymm\u00e4rt\u00e4\u00e4. T\u00e4h\u00e4n asiaan perehtyminen vaati minulta sen, ett\u00e4 keskustelen asioista ja muistutan itse\u00e4ni ett\u00e4 kaikkia ei voi &#8221;pelastaa&#8221;. <\/p>\n\n\n\n<p><strong>Asiakasl\u00e4ht\u00f6isyys ja kliininen osaaminen<\/strong><\/p>\n\n\n\n<p>Mielest\u00e4ni ja saamani palautteen perusteella vahvuuksiini kuuluu kanylointi, ja muu i.v. l\u00e4\u00e4kkeenantotavat. Olen saanut my\u00f6s paljon harjoitella ventrogluteaalista pistotekniikkaa, ja vaikka harjoitusta on paljon, niin se tietysti on minulle my\u00f6s melko haastavaa ja ep\u00e4varmaa ensimm\u00e4isten pistosten aikana harjoitteluissa. Olen n\u00e4iss\u00e4 tilanteissa rauhallinen, ja otan hyvin huomioon potilaan, kuten h\u00e4nen asennon tai mahdollisen huonon fyysisen tai psyykkisenkin tilan, esimerkiksi neulakammoiset. ABCDE- protokolla on hyvin mieless\u00e4, ja sit\u00e4kin osaan mielest\u00e4ni hyvin soveltaa. K\u00e4yt\u00e4nn\u00f6ss\u00e4 sit\u00e4 en ole itsen\u00e4isesti p\u00e4\u00e4ssyt oikestaan hirve\u00e4sti tekem\u00e4\u00e4n, ja t\u00e4t\u00e4 ehdottomasti odotan ja oletan olevan p\u00e4ivystyksess\u00e4. Neurokirurgian osastolla oli paljon neurologisen statuksen arviointia, ja t\u00e4ss\u00e4 koen olevani melko vahvoilla. Haluan harjoittelun aikana parantaa yleist\u00e4 potilaan arviointia, juuri ABCDE- protokollan mukaisesti, ja arvioida potilaan tilan etenemist\u00e4 ja mit\u00e4 toimenpiteit\u00e4 olisi hyv\u00e4 tehd\u00e4 seuraavaksi. En osaa mit\u00e4\u00e4n yht\u00e4 tietty\u00e4 nyt keksi\u00e4 mit\u00e4 haluan esimerkiksi k\u00e4dentaitojen tiimoilta kehitt\u00e4\u00e4, mutta yleinen potilaan tilan arviointi olisi hyv\u00e4 kehityskohde.<\/p>\n\n\n\n<p><strong>N\u00e4ytt\u00f6\u00f6n perustuva toiminta ja p\u00e4\u00e4t\u00f6ksenteko<\/strong><\/p>\n\n\n\n<p>Koskaan en p\u00e4\u00e4st\u00e4ni keksi mit\u00e4\u00e4n hoitomenetelmi\u00e4 tai perustele oman logiikan mukaan miksi teen jotain. Toki joitakin vinkkej\u00e4 on tullut matkan varrella mukaan, mutta oman ja potilaan oikeusturvan varmistamiseksi toimin aina, kuten on opetettu. Olisikin mielenkiintoista laajentaa sit\u00e4 omaa p\u00e4\u00e4t\u00f6ksenteon n\u00e4k\u00f6kulmaa, eli ett\u00e4 pyrin ennakoimaan ja oman kokemuksen perusteella pystyn valitsemaan parhaimman hoitotoimenpiteen. T\u00e4m\u00e4 toki karttuu kokemuksen my\u00f6t\u00e4.<\/p>\n\n\n\n<p><strong>Sosiaali- ja terveyspalveluiden laatu ja turvallisuus<\/strong><\/p>\n\n\n\n<p>Potilasturvallisuus on minulle sit\u00e4, ett\u00e4 omalla toiminnallani en aiheuta potilaalle lis\u00e4\u00e4 k\u00e4rsimyst\u00e4 tai ylim\u00e4\u00e4r\u00e4isi\u00e4 hoitotoimenpiteit\u00e4. Jotta jokainen potilas saa tarvitsemaansa hoitoa, on minun vastuulla pit\u00e4\u00e4 huoli, ett\u00e4 potilas sit\u00e4 saa joko minun tai toisen ammattilisen toimesta. Jokainen minun mielest\u00e4 huolestuttava oire tai huomio on otettava huomioon. Potilasturvallisuus on kuitenkin niin laaja k\u00e4site, ja sen kehitt\u00e4minen on varmasti jatkuvaa. Olisi t\u00e4rke\u00e4\u00e4 my\u00f6s selke\u00e4sti ymm\u00e4rt\u00e4\u00e4 ja oppia, mik\u00e4 on loppujen lopuksi minun vastuulla ja mik\u00e4 ei, sill\u00e4 kaikkeen ei yksi ihminen pysty.<\/p>\n","protected":false},"excerpt":{"rendered":"<p>Kuka olen ja millainen olen oppijana Olen 24-vuotias 3. vuoden k\u00e4til\u00f6opiskelija, ja opinnot minulla on siin\u00e4 vaiheessa, ett\u00e4 viimeist\u00e4 t\u00e4ysimittaista harjoittelua lukuunottamatta sairaanhoidon harjoittelut on minulla purkissa. Ty\u00f6kokemusta ei harjoitteluiden ulkopuolella ole hoitoalasta, mutta harjoitteluni olen suorittanut vuodeosastoilla sis\u00e4tauteihin ja perushoitoty\u00f6h\u00f6n liittyen, neurokirurgian osastolla, lasten veri- ja sy\u00f6p\u00e4tautien osastolla, niuvanniemessa &#8230; <a class=\"continue-reading-link\" href=\"https:\/\/blogi.savonia.fi\/juliaporko\/esimerkkisivu\/hoitotyon-osaamisen-taydentaminen\/lahtotaso-ja-tavoitteet\/\"> Continue reading<\/a><\/p>\n","protected":false},"author":7982,"featured_media":0,"parent":271,"menu_order":1,"comment_status":"open","ping_status":"closed","template":"","meta":{"footnotes":""},"class_list":["post-275","page","type-page","status-publish","hentry"],"_links":{"self":[{"href":"https:\/\/blogi.savonia.fi\/juliaporko\/wp-json\/wp\/v2\/pages\/275","targetHints":{"allow":["GET"]}}],"collection":[{"href":"https:\/\/blogi.savonia.fi\/juliaporko\/wp-json\/wp\/v2\/pages"}],"about":[{"href":"https:\/\/blogi.savonia.fi\/juliaporko\/wp-json\/wp\/v2\/types\/page"}],"author":[{"embeddable":true,"href":"https:\/\/blogi.savonia.fi\/juliaporko\/wp-json\/wp\/v2\/users\/7982"}],"replies":[{"embeddable":true,"href":"https:\/\/blogi.savonia.fi\/juliaporko\/wp-json\/wp\/v2\/comments?post=275"}],"version-history":[{"count":8,"href":"https:\/\/blogi.savonia.fi\/juliaporko\/wp-json\/wp\/v2\/pages\/275\/revisions"}],"predecessor-version":[{"id":285,"href":"https:\/\/blogi.savonia.fi\/juliaporko\/wp-json\/wp\/v2\/pages\/275\/revisions\/285"}],"up":[{"embeddable":true,"href":"https:\/\/blogi.savonia.fi\/juliaporko\/wp-json\/wp\/v2\/pages\/271"}],"wp:attachment":[{"href":"https:\/\/blogi.savonia.fi\/juliaporko\/wp-json\/wp\/v2\/media?parent=275"}],"curies":[{"name":"wp","href":"https:\/\/api.w.org\/{rel}","templated":true}]}}