{"id":316,"date":"2024-04-19T10:47:03","date_gmt":"2024-04-19T07:47:03","guid":{"rendered":"https:\/\/blogi.savonia.fi\/juliaporko\/?page_id=316"},"modified":"2024-08-05T13:40:23","modified_gmt":"2024-08-05T10:40:23","slug":"tkhra1-katilotyon-harjoittelu-raskausaikana","status":"publish","type":"page","link":"https:\/\/blogi.savonia.fi\/juliaporko\/katilotyon-harjoittelut\/tkhra1-katilotyon-harjoittelu-raskausaikana\/","title":{"rendered":"TKHRA1\u00a0K\u00e4til\u00f6ty\u00f6n harjoittelu raskausaikana"},"content":{"rendered":"\n<p><strong>Harjoittelujakso:\u00a0<\/strong>TKHRA1<\/p>\n\n\n\n<p><strong>Harjoittelupaikka:\u00a0<\/strong>PSSHP\/KYS, Naisten akuuttikeskus, 141611 (tarkkailu)<\/p>\n\n\n\n<p><strong>Harjoitteluaika:\u00a0<\/strong>Vkot 19-22 <\/p>\n\n\n\n<p><strong>Harjoittelupaikan k\u00e4til\u00f6ohjaajien nimet ja yhteystiedot:<\/strong><\/p>\n\n\n\n<p>Jaana Haverinen jaana.haverinen@pshyvinvointialue.fi<\/p>\n\n\n\n<p><strong>Harjoittelua ohjaavan opettajan nimi ja yhteystiedot:<\/strong><\/p>\n\n\n\n<p>Oona K\u00e4hk\u00f6nen, oona.kahkonen@savonia.fi<\/p>\n\n\n\n<p><strong>T\u00e4h\u00e4n asti tehdyt k\u00e4til\u00f6ty\u00f6n harjoittelut:<\/strong><\/p>\n\n\n\n<p><\/p>\n\n\n\n<p><strong>K\u00e4til\u00f6ty\u00f6n harjoittelukirja<\/strong>:<\/p>\n\n\n\n<p><\/p>\n","protected":false},"excerpt":{"rendered":"<p>Harjoittelujakso:\u00a0TKHRA1 Harjoittelupaikka:\u00a0PSSHP\/KYS, Naisten akuuttikeskus, 141611 (tarkkailu) Harjoitteluaika:\u00a0Vkot 19-22 Harjoittelupaikan k\u00e4til\u00f6ohjaajien nimet ja yhteystiedot: Jaana Haverinen jaana.haverinen@pshyvinvointialue.fi Harjoittelua ohjaavan opettajan nimi ja yhteystiedot: Oona K\u00e4hk\u00f6nen, oona.kahkonen@savonia.fi T\u00e4h\u00e4n asti tehdyt k\u00e4til\u00f6ty\u00f6n harjoittelut: K\u00e4til\u00f6ty\u00f6n harjoittelukirja: <a class=\"continue-reading-link\" href=\"https:\/\/blogi.savonia.fi\/juliaporko\/katilotyon-harjoittelut\/tkhra1-katilotyon-harjoittelu-raskausaikana\/\"> Continue reading<\/a><\/p>\n","protected":false},"author":7982,"featured_media":0,"parent":376,"menu_order":1,"comment_status":"open","ping_status":"closed","template":"","meta":{"footnotes":""},"class_list":["post-316","page","type-page","status-publish","hentry"],"_links":{"self":[{"href":"https:\/\/blogi.savonia.fi\/juliaporko\/wp-json\/wp\/v2\/pages\/316","targetHints":{"allow":["GET"]}}],"collection":[{"href":"https:\/\/blogi.savonia.fi\/juliaporko\/wp-json\/wp\/v2\/pages"}],"about":[{"href":"https:\/\/blogi.savonia.fi\/juliaporko\/wp-json\/wp\/v2\/types\/page"}],"author":[{"embeddable":true,"href":"https:\/\/blogi.savonia.fi\/juliaporko\/wp-json\/wp\/v2\/users\/7982"}],"replies":[{"embeddable":true,"href":"https:\/\/blogi.savonia.fi\/juliaporko\/wp-json\/wp\/v2\/comments?post=316"}],"version-history":[{"count":3,"href":"https:\/\/blogi.savonia.fi\/juliaporko\/wp-json\/wp\/v2\/pages\/316\/revisions"}],"predecessor-version":[{"id":323,"href":"https:\/\/blogi.savonia.fi\/juliaporko\/wp-json\/wp\/v2\/pages\/316\/revisions\/323"}],"up":[{"embeddable":true,"href":"https:\/\/blogi.savonia.fi\/juliaporko\/wp-json\/wp\/v2\/pages\/376"}],"wp:attachment":[{"href":"https:\/\/blogi.savonia.fi\/juliaporko\/wp-json\/wp\/v2\/media?parent=316"}],"curies":[{"name":"wp","href":"https:\/\/api.w.org\/{rel}","templated":true}]}}