{"id":402,"date":"2024-09-24T15:33:26","date_gmt":"2024-09-24T12:33:26","guid":{"rendered":"https:\/\/blogi.savonia.fi\/juliaporko\/?page_id=402"},"modified":"2024-10-07T18:41:54","modified_gmt":"2024-10-07T15:41:54","slug":"loppuarviointi","status":"publish","type":"page","link":"https:\/\/blogi.savonia.fi\/juliaporko\/katilotyon-harjoittelut\/tkhna1-katilotyon-harjoittelu-naistentaudit-poliklinikka\/loppuarviointi\/","title":{"rendered":"Loppuarviointi"},"content":{"rendered":"\n<p id=\"block-be42422c-3675-4f80-9d40-939cba0d65af\"><strong><br>Eettinen osaaminen ja ammatillisuus<\/strong>&nbsp;<\/p>\n\n\n\n<p id=\"block-7d2374b0-1e41-419f-8896-699cf3bf182a\">Poliklinikalla eettist\u00e4 pohdintaa on tullut odotettua enemm\u00e4n. Eettist\u00e4 pohdintaa on her\u00e4tt\u00e4nyt tilanteet, miss\u00e4 potilaalle aiheutuu odotettua enemm\u00e4n kipua toimenpiteest\u00e4 tai tutkimuksesta, jolloin toki aina on arvioitu, voiko tutkimusta jatkaa. Raskaudenkeskeytykset ovat my\u00f6s olleet paljon tunteita ja ajatuksia her\u00e4tt\u00e4vi\u00e4 kokemuksia, niist\u00e4 on p\u00e4\u00e4ssyt hyvin keskustelemaan tarvittaessa. Edell\u00e4 olevat tilanteet todella haastavat omaa ammatillisuutta. On joutunut asettumaan tilanteen ulkopuolelle ja toimimaan oman ammatillisuuden mukaan, vaikka osa tilanteista onkin hyvin herkki\u00e4. On t\u00e4ytynyt osata erottaa omat tunteet ja ajatukset tilanteissa tarpeen mukaan, jotta potilas tulee kuulluksi ja ymm\u00e4rretyksi, sek\u00e4 ymm\u00e4rt\u00e4\u00e4 annetut ohjeet. On ollut haastavaa tutkiskella, mink\u00e4laista tukea potilas kaipaa miss\u00e4kin hetkess\u00e4. Olen kuitenkin oppinut l\u00f6yt\u00e4m\u00e4\u00e4n oman tavan olla potilaan tukena ja herk\u00e4sti tilanteen muuttuessa my\u00f6s omaa toiminta tyyli\u00e4ni muuttanut, jotta pystyn olemaan potilaan tukena mahdollisimman hyvin. Vaikeinta on ollut ehk\u00e4 ajan rajallisuus n\u00e4iss\u00e4kin asioissa, sill\u00e4 aikaa henkiseen tukemiseen ei niin paljoa ole, toki sit\u00e4 on tehty mik\u00e4li on ollut tarve. <\/p>\n\n\n\n<p id=\"block-1d0793bc-e183-45be-be71-c775c617a285\"><strong>Terveyden edist\u00e4misen osaaminen<\/strong>&nbsp;<\/p>\n\n\n\n<p id=\"block-2dc3b989-ed23-4f14-91b7-06015bc06233\">Terveyteen liittyv\u00e4\u00e4 ohjausta tuli leikkausohjausten my\u00f6t\u00e4 paljon, sek\u00e4 terveyden edist\u00e4mist\u00e4 tuli ohjattua joka potilaalle jollakin tapaa. Terveisiin el\u00e4m\u00e4ntapoihin, liikunnallisuuteen, seksuaalisuuteen, ruokavalioon ja hygieniaan liittyv\u00e4\u00e4 neuvontaa oli paljon. Osaan ohjata ja antaa terveysneuvontaa leikkausjonossa olevalle potilaalle, raskauden keskeytykseen liittyen, toimenpiteen j\u00e4lkeen ja seksuaalisuuteen liittyv\u00e4\u00e4 ohjausta ja neuvontaa. <\/p>\n\n\n\n<p id=\"block-68cc2b4a-e1e4-49e7-b0a8-5371bf5d249d\"><strong>Ohjausosaaminen<\/strong>&nbsp;<\/p>\n\n\n\n<p id=\"block-68307e43-1c3f-4ecc-aadb-02ce209c91b1\">Osaan antaa preoperatiivista ohjausta, johon liittyy terveelliset ruokailutottumukset, liikunta, leikkaukseen valmistautuminen, kivunhoito ja esimerkiksi tupakoinnin lopettamiseen kannustava ohjaaminen. Osaan ohjata potilaalle toimenpiteen j\u00e4lkeiset t\u00e4rke\u00e4t asiat, miten valmistautua toimenpiteeseen ja ohjata toimenpiteen aikana, esimerkiksi j\u00e4nnitt\u00e4v\u00e4\u00e4 potilasta tai kivuliasta potilasta. Osaan ohjata kotona teht\u00e4v\u00e4n l\u00e4\u00e4kkeellisen raskaudenkeskeytyksen, laskeumien hoitoa, hedelm\u00e4llisyyshoidoissa olevaa potilasta.<\/p>\n\n\n\n<p id=\"block-b6afce94-287e-454d-9e9b-85a9ba492f88\"><strong>Kliininen osaaminen<\/strong>&nbsp;<\/p>\n\n\n\n<p id=\"block-30f6edb6-b382-49fb-9d2d-31c6da56f0fc\">Osaan avustaa l\u00e4\u00e4k\u00e4ri\u00e4 gynekologisissa toimenpiteiss\u00e4, sek\u00e4 n\u00e4ytteidenotoissa, ottaa Papa-n\u00e4ytteit\u00e4, avustaa l\u00e4\u00e4k\u00e4ri\u00e4 esimerkiksi kohdun vesit\u00e4yt\u00f6iss\u00e4, vulvoskopiassa, kierukanlaitossa, kolposskopiassa, loop-hoidossa. Tied\u00e4n mit\u00e4 tarvikkeita kyseisiin toimenpiteisiin tarvitaan ja miten ohjata toimenpiteiden kulku my\u00f6s esimerkiksi potilaalle. Olen my\u00f6s seurannut hysterosskopiaa ja siel\u00e4 ollut pienesti avustamassa l\u00e4\u00e4k\u00e4ri\u00e4. My\u00f6s kierukanpoistoissa ja koepalojen otoissa olen ollut mukana avustamassa ja muuten seurannut ja kuunnellut l\u00e4\u00e4k\u00e4rin vastaanottoja. <\/p>\n\n\n\n<p id=\"block-203cfbea-c840-4b4c-8773-60ae03747214\"><strong>Moniammatillinen ja kulttuurinen osaaminen<\/strong>&nbsp;<\/p>\n\n\n\n<p id=\"block-6f48607a-3a61-4f99-ad0c-6e6d7448e297\">Poliklinikalla olen tutustunut moniammatillisesti potilaan hoitoon urogynekologin, endokrinologin, uroterapeutin, erikoistuvan gynekologin ja erikoisl\u00e4\u00e4k\u00e4rin, k\u00e4til\u00f6n, sairaanhoitajan, fysioterapeutin, anestesial\u00e4\u00e4k\u00e4rin ja radiologin osallistuessa potilaan hoitoon. Laaja-alaisesti olen p\u00e4\u00e4ssyt tutustumaan hyvin erilaisiin potilasryhmiin, IVF-hoidoista onkologiaan.<\/p>\n\n\n\n<p><\/p>\n","protected":false},"excerpt":{"rendered":"<p>Eettinen osaaminen ja ammatillisuus&nbsp; Poliklinikalla eettist\u00e4 pohdintaa on tullut odotettua enemm\u00e4n. Eettist\u00e4 pohdintaa on her\u00e4tt\u00e4nyt tilanteet, miss\u00e4 potilaalle aiheutuu odotettua enemm\u00e4n kipua toimenpiteest\u00e4 tai tutkimuksesta, jolloin toki aina on arvioitu, voiko tutkimusta jatkaa. Raskaudenkeskeytykset ovat my\u00f6s olleet paljon tunteita ja ajatuksia her\u00e4tt\u00e4vi\u00e4 kokemuksia, niist\u00e4 on p\u00e4\u00e4ssyt hyvin keskustelemaan tarvittaessa. Edell\u00e4 &#8230; <a class=\"continue-reading-link\" href=\"https:\/\/blogi.savonia.fi\/juliaporko\/katilotyon-harjoittelut\/tkhna1-katilotyon-harjoittelu-naistentaudit-poliklinikka\/loppuarviointi\/\"> Continue reading<\/a><\/p>\n","protected":false},"author":7982,"featured_media":0,"parent":388,"menu_order":2,"comment_status":"open","ping_status":"closed","template":"","meta":{"footnotes":""},"class_list":["post-402","page","type-page","status-publish","hentry"],"_links":{"self":[{"href":"https:\/\/blogi.savonia.fi\/juliaporko\/wp-json\/wp\/v2\/pages\/402","targetHints":{"allow":["GET"]}}],"collection":[{"href":"https:\/\/blogi.savonia.fi\/juliaporko\/wp-json\/wp\/v2\/pages"}],"about":[{"href":"https:\/\/blogi.savonia.fi\/juliaporko\/wp-json\/wp\/v2\/types\/page"}],"author":[{"embeddable":true,"href":"https:\/\/blogi.savonia.fi\/juliaporko\/wp-json\/wp\/v2\/users\/7982"}],"replies":[{"embeddable":true,"href":"https:\/\/blogi.savonia.fi\/juliaporko\/wp-json\/wp\/v2\/comments?post=402"}],"version-history":[{"count":5,"href":"https:\/\/blogi.savonia.fi\/juliaporko\/wp-json\/wp\/v2\/pages\/402\/revisions"}],"predecessor-version":[{"id":408,"href":"https:\/\/blogi.savonia.fi\/juliaporko\/wp-json\/wp\/v2\/pages\/402\/revisions\/408"}],"up":[{"embeddable":true,"href":"https:\/\/blogi.savonia.fi\/juliaporko\/wp-json\/wp\/v2\/pages\/388"}],"wp:attachment":[{"href":"https:\/\/blogi.savonia.fi\/juliaporko\/wp-json\/wp\/v2\/media?parent=402"}],"curies":[{"name":"wp","href":"https:\/\/api.w.org\/{rel}","templated":true}]}}