{"id":420,"date":"2024-09-29T19:16:00","date_gmt":"2024-09-29T16:16:00","guid":{"rendered":"https:\/\/blogi.savonia.fi\/juliaporko\/?page_id=420"},"modified":"2024-11-04T23:46:45","modified_gmt":"2024-11-04T21:46:45","slug":"tkhsyy1-katilotyon-harjoittelu-synnytyksen-aikana","status":"publish","type":"page","link":"https:\/\/blogi.savonia.fi\/juliaporko\/katilotyon-harjoittelut\/tkhsyy1-katilotyon-harjoittelu-synnytyksen-aikana\/","title":{"rendered":"TKHSYY1\u00a0K\u00e4til\u00f6ty\u00f6n harjoittelu synnytyksen aikana"},"content":{"rendered":"\n<p id=\"block-26701012-dc0e-4068-be98-f4f4ae09edea\"><strong><br>Harjoittelujakso:&nbsp;<\/strong>TKHSYY1 K\u00e4til\u00f6ty\u00f6n harjoittelu synnytyksen aikana<\/p>\n\n\n\n<p id=\"block-3ad906eb-6427-41ad-87ba-ff96d7631fc7\"><strong>Harjoittelupaikka:&nbsp;<\/strong>Pohjois-Karjalan hyvinvointialue, Naistenkeskus<\/p>\n\n\n\n<p id=\"block-5300878a-b7ca-4aca-812b-7110e6055072\"><strong>Harjoitteluaika:&nbsp;<\/strong>Vkot 41-46 7.10-17.11<\/p>\n\n\n\n<p id=\"block-943fe849-226d-482c-bbae-1d1d87671188\"><strong>Harjoittelupaikan k\u00e4til\u00f6ohjaajien nimet ja yhteystiedot:<\/strong><\/p>\n\n\n\n<p>hanna.naatanen@siunsote.fi<\/p>\n\n\n\n<p>kirsi.a.nevalainen@siunsote.fi<\/p>\n\n\n\n<p>anna-lotta.mikkonen@siunsote.fi<\/p>\n\n\n\n<p id=\"block-f7547f8e-56ec-4d79-8fce-4737ed925790\"><strong>Harjoittelua ohjaavan opettajan nimi ja yhteystiedot:<\/strong><\/p>\n\n\n\n<p id=\"block-4c7c8eb2-7c94-4e95-a111-cca2ce9cfdd6\">Anna-Kaisa Kokkonen, anna-kaisa.kokkonen@savonia.fi<\/p>\n\n\n\n<p id=\"block-f2142fe5-0066-4259-b361-870ddc5f97a1\"><strong>T\u00e4h\u00e4n asti tehdyt k\u00e4til\u00f6ty\u00f6n harjoittelut:<\/strong><\/p>\n\n\n\n<p id=\"block-caf14bdf-aa4d-422a-baf5-e6c0c48f7020\">TKHARA1 K\u00e4til\u00f6ty\u00f6n harjoittelu raskausaikana (PSHVA Naisten akuuttikeskus, tarkkailuosasto 4 viikkoa)<\/p>\n\n\n\n<p id=\"block-c0b92b63-7627-4157-a4c3-406b4eea2caf\">TKHN1 K\u00e4til\u00f6ty\u00f6n harjoittelu naistentaudit (P\u00e4ij\u00e4t-H\u00e4meen keskussairaala, osasto R2, 3 viikkoa)<\/p>\n\n\n\n<p id=\"block-c0b18ae8-7a6c-4c29-ad1d-9b2122b4eba3\">TKHLAP1 K\u00e4til\u00f6ty\u00f6n harjoittelu lapsivuodeaikana (Espoon\/Jorvin sairaala, osasto N6, 3 viikkoa)<\/p>\n\n\n\n<p>TKHNA1 K\u00e4til\u00f6ty\u00f6n harjoittelu naistentaudit (PSHVA Naisten poliklinikka, 3 viikkoa)<\/p>\n\n\n\n<p id=\"block-f59de5a6-ad93-43d0-844a-83b9c6597486\"><strong>K\u00e4til\u00f6ty\u00f6n harjoittelukirja<\/strong>:<\/p>\n\n\n\n<p id=\"block-18f8a050-e961-4576-a0a7-5b1300290fc0\">Naistentautipotilaan hoitoty\u00f6: 30kpl<\/p>\n\n\n\n<p id=\"block-ee90b00f-536f-4bf4-81d2-304943819066\">Raskauden aikainen k\u00e4til\u00f6ty\u00f6 86kpl<\/p>\n\n\n\n<p id=\"block-75dd5f47-3c57-499d-944b-a504514c1a99\">Vastasyntyneen k\u00e4til\u00f6ty\u00f6 39kpl<\/p>\n\n\n\n<p id=\"block-4c506719-7b99-41db-be38-bc71ab3c478a\">Erityistarkkailua vaativan vastasyntyneen k\u00e4til\u00f6ty\u00f6 7kpl<\/p>\n\n\n\n<p id=\"block-ff660d56-b890-4229-8eb5-0564ba3892d6\">Lapsivuodeajan k\u00e4til\u00f6ty\u00f6 33kpl<\/p>\n","protected":false},"excerpt":{"rendered":"<p>Harjoittelujakso:&nbsp;TKHSYY1 K\u00e4til\u00f6ty\u00f6n harjoittelu synnytyksen aikana Harjoittelupaikka:&nbsp;Pohjois-Karjalan hyvinvointialue, Naistenkeskus Harjoitteluaika:&nbsp;Vkot 41-46 7.10-17.11 Harjoittelupaikan k\u00e4til\u00f6ohjaajien nimet ja yhteystiedot: hanna.naatanen@siunsote.fi kirsi.a.nevalainen@siunsote.fi anna-lotta.mikkonen@siunsote.fi Harjoittelua ohjaavan opettajan nimi ja yhteystiedot: Anna-Kaisa Kokkonen, anna-kaisa.kokkonen@savonia.fi T\u00e4h\u00e4n asti tehdyt k\u00e4til\u00f6ty\u00f6n harjoittelut: TKHARA1 K\u00e4til\u00f6ty\u00f6n harjoittelu raskausaikana (PSHVA Naisten akuuttikeskus, tarkkailuosasto 4 viikkoa) TKHN1 K\u00e4til\u00f6ty\u00f6n harjoittelu naistentaudit (P\u00e4ij\u00e4t-H\u00e4meen keskussairaala, osasto &#8230; <a class=\"continue-reading-link\" href=\"https:\/\/blogi.savonia.fi\/juliaporko\/katilotyon-harjoittelut\/tkhsyy1-katilotyon-harjoittelu-synnytyksen-aikana\/\"> Continue reading<\/a><\/p>\n","protected":false},"author":7982,"featured_media":0,"parent":376,"menu_order":5,"comment_status":"closed","ping_status":"closed","template":"","meta":{"footnotes":""},"class_list":["post-420","page","type-page","status-publish","hentry"],"_links":{"self":[{"href":"https:\/\/blogi.savonia.fi\/juliaporko\/wp-json\/wp\/v2\/pages\/420","targetHints":{"allow":["GET"]}}],"collection":[{"href":"https:\/\/blogi.savonia.fi\/juliaporko\/wp-json\/wp\/v2\/pages"}],"about":[{"href":"https:\/\/blogi.savonia.fi\/juliaporko\/wp-json\/wp\/v2\/types\/page"}],"author":[{"embeddable":true,"href":"https:\/\/blogi.savonia.fi\/juliaporko\/wp-json\/wp\/v2\/users\/7982"}],"replies":[{"embeddable":true,"href":"https:\/\/blogi.savonia.fi\/juliaporko\/wp-json\/wp\/v2\/comments?post=420"}],"version-history":[{"count":3,"href":"https:\/\/blogi.savonia.fi\/juliaporko\/wp-json\/wp\/v2\/pages\/420\/revisions"}],"predecessor-version":[{"id":465,"href":"https:\/\/blogi.savonia.fi\/juliaporko\/wp-json\/wp\/v2\/pages\/420\/revisions\/465"}],"up":[{"embeddable":true,"href":"https:\/\/blogi.savonia.fi\/juliaporko\/wp-json\/wp\/v2\/pages\/376"}],"wp:attachment":[{"href":"https:\/\/blogi.savonia.fi\/juliaporko\/wp-json\/wp\/v2\/media?parent=420"}],"curies":[{"name":"wp","href":"https:\/\/api.w.org\/{rel}","templated":true}]}}