{"id":532,"date":"2025-01-19T13:39:27","date_gmt":"2025-01-19T11:39:27","guid":{"rendered":"https:\/\/blogi.savonia.fi\/juliaporko\/?page_id=532"},"modified":"2025-01-19T18:47:29","modified_gmt":"2025-01-19T16:47:29","slug":"loppuarviointi","status":"publish","type":"page","link":"https:\/\/blogi.savonia.fi\/juliaporko\/katilotyon-harjoittelut\/tkhlap-1-katilotyon-harjoittelu-lapsivuodeaikana\/loppuarviointi\/","title":{"rendered":"Loppuarviointi"},"content":{"rendered":"\n<p><strong>Eettinen osaaminen<\/strong><\/p>\n\n\n\n<p>Olen pystynyt olemaan hyvin kriittinen oman tekemisen ja toimintani suhteen ja jatkuvasti kysym\u00e4\u00e4n palautetta ja neuvoa. Vastuu on ollut erityisess\u00e4 asemassa, sill\u00e4 omaa ohjaajaa samalla lailla ei ole ollut. Olen pystynyt hy\u00f6dynt\u00e4m\u00e4\u00e4n omaa nimetty\u00e4 mentoriani ja ty\u00f6tovereita, sek\u00e4 heid\u00e4n asiantuntemustaan. Esimerkiksi vauvan k\u00e4sittelyyn liittyv\u00e4t asiat ja kotiolot ovat itselle asioita, mit\u00e4 kotiuttaessa olen ottanut huomioon.  T\u00e4rke\u00e4\u00e4 on ollut ottaa puheeksi mahdollisesti esille tulevat vaikeudet. Olen pystynyt huomioimaan tilanteet, miss\u00e4 oma ammattitaitoni ja osaamiseni ei en\u00e4\u00e4 riit\u00e4, ja olen kysynyt ja varmistanut muilta, mik\u00e4li en ole t\u00e4ysin varma jostakin asiasta.<\/p>\n\n\n\n<p><strong>Ohjaus- ja terveyden edist\u00e4misen osaaminen<\/strong><\/p>\n\n\n\n<p>P\u00e4\u00e4asiallinen tavoitteeni on ollut antaa ammattilaisena mahdollisimmat hyv\u00e4t avaimet tulevalle perheelle onnelliseen ja hyvinvoivaan arkeen. Olen ohjeistanut vanhemmille milloin on syyt\u00e4 huolestua, milloin tulisi pyyt\u00e4\u00e4 apua ja mitk\u00e4 voisivat olla tilanteita, joissa perheen hyvinvointi on uhattuna. Olen ohjeistanut haavanhoitoon liittyvi\u00e4 asioita, synnytyksen j\u00e4lkeisen kivunhoitoon, vuotoon ja tehtyihin toimenpiteisiin liittyv\u00e4\u00e4 seurantaa. My\u00f6s t\u00e4rkeit\u00e4 terveyden edist\u00e4miseen liittyvi\u00e4 asioita ovat vauvan hyvinvoinnin ja komplikaatioiden seurannan ohjeistaminen, vanhempien yhteisty\u00f6n tukeminen arjessa sek\u00e4 tukiverkoston varmistaminen tai muun avun tarpeen havainnoiminen. Vastasyntyneen tarkkailuun liittyvi\u00e4 asioita ovat lapsen n\u00e4lk\u00e4viestien ohjaaminen, imetysohjaaminen ja esimerkiksi mist\u00e4 tunnistaa, ett\u00e4 vauva on kyll\u00e4inen.<\/p>\n\n\n\n<p><strong>Kliininen osaaminen<\/strong><\/p>\n\n\n\n<p>Olen oppinut vastasyntyneen perushoitoon liittyvi\u00e4 asioita. Asioita, mitk\u00e4 koen, ett\u00e4 hallitsen ovat synnytt\u00e4neen naisen tarkkailu, esimerkiksi vuodon seuranta ja kohdun supistelun, sek\u00e4 mahdollisten repe\u00e4mien ja ompeluiden seuranta, hygieniaan liittyv\u00e4t asiat. Olen mitannut ultra\u00e4\u00e4nilaitteella virtsaresiduaa, mittaillut vastasyntyneest\u00e4 vuorokausikontrolleja, verensokereita, infektioseurantaa ja toteuttanut sinivalohoitoa. Kirjaamisen taidot my\u00f6s kehittyneet hyvin harjoittelun aikana. Paljon olen tehnyt my\u00f6s kotihoidon ohjauksia. Imetysohjausta on tullut todella paljon ja sen kanssa onkin itse oppinut paljon uusia niksej\u00e4 ja konsteja.<\/p>\n\n\n\n<p><strong>Moniammatillinen ja -kulttuurinen osaaminen<\/strong><\/p>\n\n\n\n<p>Lapsivuodeosastolla moniammatillinen yhteisty\u00f6 on t\u00e4rke\u00e4ss\u00e4 asemassa ja on ollut t\u00e4rke\u00e4\u00e4 hy\u00f6dynt\u00e4\u00e4 monialaisesti eri ammattiryhmi\u00e4. Olen erilaisissa asioissa konsultoinut gynekologia ja pediatria aina tarpeen mukaan. Perheill\u00e4 on toisinaan omia toiveita ja n\u00e4kemyksi\u00e4 asioista, ja onkin ollut tilanteita, kun joutunut perustelemaan hoidossa teht\u00e4vi\u00e4 t\u00e4rkeit\u00e4 asioita ja kannustamaan hoidossa. T\u00e4rke\u00e4\u00e4 kuitenkin kuunnella perheen toiveita ja parhaansa mukaan niit\u00e4 toteuttaa. <\/p>\n","protected":false},"excerpt":{"rendered":"<p>Eettinen osaaminen Olen pystynyt olemaan hyvin kriittinen oman tekemisen ja toimintani suhteen ja jatkuvasti kysym\u00e4\u00e4n palautetta ja neuvoa. Vastuu on ollut erityisess\u00e4 asemassa, sill\u00e4 omaa ohjaajaa samalla lailla ei ole ollut. Olen pystynyt hy\u00f6dynt\u00e4m\u00e4\u00e4n omaa nimetty\u00e4 mentoriani ja ty\u00f6tovereita, sek\u00e4 heid\u00e4n asiantuntemustaan. Esimerkiksi vauvan k\u00e4sittelyyn liittyv\u00e4t asiat ja kotiolot ovat &#8230; <a class=\"continue-reading-link\" href=\"https:\/\/blogi.savonia.fi\/juliaporko\/katilotyon-harjoittelut\/tkhlap-1-katilotyon-harjoittelu-lapsivuodeaikana\/loppuarviointi\/\"> Continue reading<\/a><\/p>\n","protected":false},"author":7982,"featured_media":0,"parent":457,"menu_order":0,"comment_status":"open","ping_status":"closed","template":"","meta":{"footnotes":""},"class_list":["post-532","page","type-page","status-publish","hentry"],"_links":{"self":[{"href":"https:\/\/blogi.savonia.fi\/juliaporko\/wp-json\/wp\/v2\/pages\/532","targetHints":{"allow":["GET"]}}],"collection":[{"href":"https:\/\/blogi.savonia.fi\/juliaporko\/wp-json\/wp\/v2\/pages"}],"about":[{"href":"https:\/\/blogi.savonia.fi\/juliaporko\/wp-json\/wp\/v2\/types\/page"}],"author":[{"embeddable":true,"href":"https:\/\/blogi.savonia.fi\/juliaporko\/wp-json\/wp\/v2\/users\/7982"}],"replies":[{"embeddable":true,"href":"https:\/\/blogi.savonia.fi\/juliaporko\/wp-json\/wp\/v2\/comments?post=532"}],"version-history":[{"count":7,"href":"https:\/\/blogi.savonia.fi\/juliaporko\/wp-json\/wp\/v2\/pages\/532\/revisions"}],"predecessor-version":[{"id":559,"href":"https:\/\/blogi.savonia.fi\/juliaporko\/wp-json\/wp\/v2\/pages\/532\/revisions\/559"}],"up":[{"embeddable":true,"href":"https:\/\/blogi.savonia.fi\/juliaporko\/wp-json\/wp\/v2\/pages\/457"}],"wp:attachment":[{"href":"https:\/\/blogi.savonia.fi\/juliaporko\/wp-json\/wp\/v2\/media?parent=532"}],"curies":[{"name":"wp","href":"https:\/\/api.w.org\/{rel}","templated":true}]}}