{"id":68,"date":"2021-10-12T13:10:05","date_gmt":"2021-10-12T10:10:05","guid":{"rendered":"https:\/\/blogi.savonia.fi\/juliaporko\/?page_id=68"},"modified":"2021-10-12T13:11:05","modified_gmt":"2021-10-12T10:11:05","slug":"valiarviointi","status":"publish","type":"page","link":"https:\/\/blogi.savonia.fi\/juliaporko\/esimerkkisivu\/1-hoitotaito\/valiarviointi\/","title":{"rendered":"V\u00e4liarviointi"},"content":{"rendered":"\n<p><strong>V\u00e4lireflektointi<\/strong><\/p>\n\n\n\n<p>Oppimisen taidot<\/p>\n\n\n\n<p>Olen oppinut melko hyvin asioita, ja olen oppinut kaikista parhaiten tekem\u00e4ll\u00e4. Olen saanut paljon itsevarmuutta tehd\u00e4 itse, ja se on auttanut minun oppimisessa paljon. Minua ei j\u00e4nnit\u00e4 hoitotilanteet ja olen nauttinut niist\u00e4 suuresti, joten oppiminen on ollut mielek\u00e4st\u00e4 ja asiat ovat hyvin painuneet mieleen. Olen saanut hyvin palautetta ja ohjeita jatkuvasti, miten voin parantaa tekemist\u00e4ni. Olen saanut my\u00f6s paljon tehd\u00e4 itsen\u00e4isesti, ja se on antanut minulle itsevarmuutta lis\u00e4\u00e4. Olen positiivisen ja rohkaisevan palautteen ansioista ollut todella hyv\u00e4ll\u00e4 asenteella, ja siksi mieluusti uskaltanut kokeilla uusia asioita ja oppia lis\u00e4\u00e4. Haasteena minulla on silti puuttuva suunnitelmallisuus tilanteisiin menness\u00e4, mutta sekin on parantunut, kun olen siihen kiinnitt\u00e4nyt huomiota saatuani asiasta palautetta.<\/p>\n\n\n\n<p>Eettinen osaaminen ja ammatillisuus<\/p>\n\n\n\n<p>Erityisesti muistisairaiden kanssa ty\u00f6skentely vaatii hyvin paljon k\u00e4rsiv\u00e4llisyytt\u00e4 sek\u00e4 ymm\u00e4rryst\u00e4. Minulle on t\u00e4rke\u00e4\u00e4, ett\u00e4 jokaista asiakasta kohdellaan tasavertaisesti sairaudesta huolimatta. T\u00e4ss\u00e4 olen mielest\u00e4ni onnistunut hyvin. Alkuun esimerkiksi aggressiivisen asiakkaan kohtaaminen j\u00e4nnitti minua, mutta kun l\u00e4hdin tilanteeseen pienell\u00e4 varauksella, ja olin mieless\u00e4ni miettinyt miten l\u00e4hden l\u00e4hestym\u00e4\u00e4n tilannetta, olen vaikeistakin tilanteista selvinnyt hyvin. T\u00e4ss\u00e4kin asiassa mieluusti l\u00e4hden itse suoraan tilanteeseen, ja pyyd\u00e4n apua tarvittaessa.<\/p>\n\n\n\n<p>Kliininen hoitoty\u00f6<\/p>\n\n\n\n<p>Olen harjoittelussa p\u00e4\u00e4ssyt mittaamaan vitaaleja useaan kertaan, olen mitannut verensokereita paljon. Olen p\u00e4\u00e4ssyt arvioimaan asiakkaan ihon kuntoa ja huolehtimaan sen oikeasta hoidosta. Olen ottanut verikokeita ja asettanut asiakkaalle kertakatetria ja ollut mukana kestokatetrin laittamisessa. My\u00f6s vaipanvaihdot, p\u00e4ivitt\u00e4iset pesut ja potilassiirrot ovat tulleet hyvin tutuiksi. My\u00f6s ergonomiaan on saanut paljon kiinnitt\u00e4\u00e4 huomiota. Ei ole mit\u00e4\u00e4n tietty\u00e4 mit\u00e4 haluaisin harjoitella enemm\u00e4n viel\u00e4 harjoittelun aikana. Koen, ett\u00e4 kaikki on minulla hyvin hallussa. Jatkossa aion kiinnitt\u00e4\u00e4 huomiota yh\u00e4 enemm\u00e4n aseptiikkaan ja ergonomiaan.<\/p>\n\n\n\n<p>Opetus- ja ohjausosaaminen<\/p>\n\n\n\n<p>Potilasohjaus on sujunut minulta hyvin. Koen hy\u00f6dylliseksi my\u00f6s itselleni, kun selostan samalla asiakkaalle, mit\u00e4 teen. Harjoittelun aikana on korostunut, kuinka t\u00e4rke\u00e4\u00e4 on ottaa jokainen asiakas yksil\u00f6n\u00e4, ja ohjata sen mukaan. En koe ohjaamisessa olevan muuta parannettavaa, kuin se, ett\u00e4 puhuisin yh\u00e4 selke\u00e4mmin ja ymm\u00e4rrett\u00e4v\u00e4mmin. <\/p>\n\n\n\n<p>Sosiaali- ja terveyspalvelujen laatu ja turvallisuus<\/p>\n\n\n\n<p>Asiakkaan turvallisuuden lis\u00e4ksi olen kiinnitt\u00e4nyt huomiota my\u00f6s omaan turvallisuuteeni ja muiden asiakkaiden ja ty\u00f6tovereiden. Vaarallisia tilanteita on l\u00e4hestytt\u00e4v\u00e4 kokonaisvaltaisesti, ja mietitt\u00e4v\u00e4 paras ratkaisu kaikkien kannalta. Aggressiivisen asiakkaan kohtaaminen on tilanne, mihin ei koskaan voi olla t\u00e4ysin varautunut, ja se on siksi tilanne mik\u00e4 j\u00e4nnitt\u00e4\u00e4 eniten.<\/p>\n\n\n\n<p>Yhteisty\u00f6osaaminen<\/p>\n\n\n\n<p>Vahvuuksiani on ollut avuliaisuus ja empaattisuus erilaisissa tilanteissa. Haluan ja tykk\u00e4\u00e4n auttaa muita ja tiimity\u00f6skentely on minulle eritt\u00e4in t\u00e4rke\u00e4\u00e4. Opiskelijana haluan olla parhaani mukaan avuksi, ja itse ottaa vastuuta oppimisestani.<\/p>\n","protected":false},"excerpt":{"rendered":"<p>V\u00e4lireflektointi Oppimisen taidot Olen oppinut melko hyvin asioita, ja olen oppinut kaikista parhaiten tekem\u00e4ll\u00e4. Olen saanut paljon itsevarmuutta tehd\u00e4 itse, ja se on auttanut minun oppimisessa paljon. Minua ei j\u00e4nnit\u00e4 hoitotilanteet ja olen nauttinut niist\u00e4 suuresti, joten oppiminen on ollut mielek\u00e4st\u00e4 ja asiat ovat hyvin painuneet mieleen. Olen saanut hyvin &#8230; <a class=\"continue-reading-link\" href=\"https:\/\/blogi.savonia.fi\/juliaporko\/esimerkkisivu\/1-hoitotaito\/valiarviointi\/\"> Continue reading<\/a><\/p>\n","protected":false},"author":7982,"featured_media":0,"parent":14,"menu_order":2,"comment_status":"closed","ping_status":"closed","template":"","meta":{"footnotes":""},"class_list":["post-68","page","type-page","status-publish","hentry"],"_links":{"self":[{"href":"https:\/\/blogi.savonia.fi\/juliaporko\/wp-json\/wp\/v2\/pages\/68","targetHints":{"allow":["GET"]}}],"collection":[{"href":"https:\/\/blogi.savonia.fi\/juliaporko\/wp-json\/wp\/v2\/pages"}],"about":[{"href":"https:\/\/blogi.savonia.fi\/juliaporko\/wp-json\/wp\/v2\/types\/page"}],"author":[{"embeddable":true,"href":"https:\/\/blogi.savonia.fi\/juliaporko\/wp-json\/wp\/v2\/users\/7982"}],"replies":[{"embeddable":true,"href":"https:\/\/blogi.savonia.fi\/juliaporko\/wp-json\/wp\/v2\/comments?post=68"}],"version-history":[{"count":2,"href":"https:\/\/blogi.savonia.fi\/juliaporko\/wp-json\/wp\/v2\/pages\/68\/revisions"}],"predecessor-version":[{"id":70,"href":"https:\/\/blogi.savonia.fi\/juliaporko\/wp-json\/wp\/v2\/pages\/68\/revisions\/70"}],"up":[{"embeddable":true,"href":"https:\/\/blogi.savonia.fi\/juliaporko\/wp-json\/wp\/v2\/pages\/14"}],"wp:attachment":[{"href":"https:\/\/blogi.savonia.fi\/juliaporko\/wp-json\/wp\/v2\/media?parent=68"}],"curies":[{"name":"wp","href":"https:\/\/api.w.org\/{rel}","templated":true}]}}