{"id":240,"date":"2024-01-21T22:23:59","date_gmt":"2024-01-21T20:23:59","guid":{"rendered":"https:\/\/blogi.savonia.fi\/kingsleyaliche\/?page_id=240"},"modified":"2024-06-07T02:10:07","modified_gmt":"2024-06-06T23:10:07","slug":"learning-reflection","status":"publish","type":"page","link":"https:\/\/blogi.savonia.fi\/kingsleyaliche\/esimerkkisivu\/nursing-developmental-competencies\/learning-reflection\/","title":{"rendered":"Learning Reflection"},"content":{"rendered":"\n<p><strong>Viikko 1<\/strong><\/p>\n\n\n\n<p>Perehdytys osastolla<\/p>\n\n\n\n<p>Ymm\u00e4rt\u00e4\u00e4 uuden osaston toimintatavat<\/p>\n\n\n\n<p>Saada oma potilas<\/p>\n\n\n\n<p>Antaa raportti omasta potilaasta l\u00e4\u00e4k\u00e4rille<\/p>\n\n\n\n<p>L\u00e4\u00e4kkeiden k\u00e4sittely ja iv pistos ohjaavan sairaanhoitajan valvonnassa<\/p>\n\n\n\n<p>Mit\u00e4 tehty:<\/p>\n\n\n\n<p>Ohjaava sairaanhoitajani ja min\u00e4 olemme ty\u00f6skennelleet erilaisten potilaiden kanssa. Oman potilaan kanssa ty\u00f6skentely on antanut minulle lis\u00e4\u00e4 vastuuta ja mahdollisuuksia kommunikoida potilaan kanssa sek\u00e4 tehd\u00e4 yhteisty\u00f6t\u00e4 l\u00e4\u00e4k\u00e4rin kanssa raportin aikaan.<\/p>\n\n\n\n<p>Tunne\/olo:<\/p>\n\n\n\n<p>Minulla on ollut itsevarmempi olo tulla takaisin osastolle ja k\u00e4ytt\u00e4\u00e4 suomen kielt\u00e4 potilaiden sek\u00e4 henkil\u00f6kunnan kanssa. Ohjaava sairaanhoitaja on auttanut minua l\u00f6yt\u00e4m\u00e4\u00e4n oikean ty\u00f6skentelytahdin ja n\u00e4ytt\u00e4nyt kuinka asioita hoidetaan.<\/p>\n\n\n\n<p>Arviointi:<\/p>\n\n\n\n<p>Ohjaava sairaanhoitaja on sanonut harjoittelun sujuvan hyvin ja taitojen paranevan ajan kuluessa.<\/p>\n\n\n\n<p>Toimintasuunnitelma:<\/p>\n\n\n\n<p>Ottaa lis\u00e4\u00e4 vastuuta<\/p>\n\n\n\n<p>IV kanylointi<\/p>\n\n\n\n<p>Katetrointi<\/p>\n\n\n\n<p><strong>Viikko 2<\/strong><\/p>\n\n\n\n<ul class=\"wp-block-list\">\n<li>Katetrointi<\/li>\n\n\n\n<li>Yhteisty\u00f6 proviisorien kanssa<\/li>\n\n\n\n<li>Verin\u00e4ytteiden otto<\/li>\n\n\n\n<li>Antaa raportti omasta potilaasta l\u00e4\u00e4k\u00e4rille<\/li>\n<\/ul>\n\n\n\n<p>Mit\u00e4 tehty:<\/p>\n\n\n\n<p>Oman potilaan kanssa ty\u00f6skentely on antanut minulle enemm\u00e4n vastuuta ja mahdollisuuksia kommunikoida potilaan kanssa, ymm\u00e4rt\u00e4\u00e4 h\u00e4nen l\u00e4\u00e4kityst\u00e4\u00e4n ja ymm\u00e4rt\u00e4\u00e4 sy\u00f6p\u00e4potilaan tunteita. Olen voinut tehd\u00e4 katetroinnin, ottaa verin\u00e4ytteet ja tehd\u00e4 yhteisty\u00f6t\u00e4 l\u00e4\u00e4k\u00e4rin kanssa raporttihetkell\u00e4 ja esitt\u00e4\u00e4 kysymyksi\u00e4.<\/p>\n\n\n\n<p>Tunne\/olo:<\/p>\n\n\n\n<p>Minulla on ollut itsevarmempi olo tulla takaisin osastolle ja k\u00e4ytt\u00e4\u00e4 suomen kielt\u00e4 potilaiden sek\u00e4 henkil\u00f6kunnan kanssa. Ohjaava sairaanhoitaja on auttanut minua l\u00f6yt\u00e4m\u00e4\u00e4n oikean ty\u00f6skentelytahdin ja n\u00e4ytt\u00e4nyt kuinka asioita hoidetaan.<\/p>\n\n\n\n<p>Arviointi:<\/p>\n\n\n\n<p>Ohjaaja sairaanhoitaja on sanonut, ett\u00e4 koulutus sujuu hyvin ja taidot paranevat ajan my\u00f6t\u00e4 ja rohkaisee minua suomen kielen k\u00e4ytt\u00f6\u00f6n<\/p>\n\n\n\n<p>Toimintasuunnitelma:<\/p>\n\n\n\n<p>Ota enemm\u00e4n vastuuta<\/p>\n\n\n\n<p>IV-kanylointi<\/p>\n\n\n\n<p>l\u00e4\u00e4kkeiden jakaminen<\/p>\n\n\n\n<p><strong>Viikko 4<\/strong><\/p>\n\n\n\n<p>IV- Kanylointi<\/p>\n\n\n\n<p>l\u00e4\u00e4kkeiden jakaminen<\/p>\n\n\n\n<p>katetrointi<\/p>\n\n\n\n<p>Lannerangan puhkaisu<\/p>\n\n\n\n<p>Mit\u00e4 tehty:<\/p>\n\n\n\n<p>Oman potilaan kanssa ty\u00f6skentely on antanut minulle enemm\u00e4n vastuuta ja mahdollisuuksia kommunikoida potilaan kanssa, ymm\u00e4rt\u00e4\u00e4 h\u00e4nen l\u00e4\u00e4kityst\u00e4\u00e4n ja ymm\u00e4rt\u00e4\u00e4 sy\u00f6p\u00e4potilaan tunteita. Olen voinut tehd\u00e4 katetroinnin, ottaa verin\u00e4ytteet ja tehd\u00e4 yhteisty\u00f6t\u00e4 l\u00e4\u00e4k\u00e4rin kanssa raporttihetkell\u00e4 ja esitt\u00e4\u00e4 kysymyksi\u00e4. Pystyin selitt\u00e4m\u00e4\u00e4n potilaalleni l\u00e4\u00e4kkeen k\u00e4yt\u00f6n ja tarkoituksen sek\u00e4 ymm\u00e4rt\u00e4m\u00e4\u00e4n ja rauhoittamaan mahdolliset ep\u00e4ilykset ohjaajani avulla.<\/p>\n\n\n\n<p>Tunne\/olo:<\/p>\n\n\n\n<p>Olen voinut osallistua erilaisiin toimenpiteisiin osastolla ja my\u00f6s avustaa niiss\u00e4. Olen my\u00f6s saanut ohjausta hoitajaltani suorittaakseni IV-kanyylin asettamisen.<\/p>\n\n\n\n<p>Arviointi:<\/p>\n\n\n\n<p>Ohjaaja sairaanhoitaja on sanonut, ett\u00e4 koulutus sujuu hyvin ja taidot paranevat ajan my\u00f6t\u00e4 ja rohkaisee minua suomen kielen k\u00e4ytt\u00f6\u00f6n<\/p>\n\n\n\n<p>Toimintasuunnitelma:<\/p>\n\n\n\n<p>Ota enemm\u00e4n vastuuta<\/p>\n\n\n\n<p><\/p>\n","protected":false},"excerpt":{"rendered":"<p>Viikko 1 Perehdytys osastolla Ymm\u00e4rt\u00e4\u00e4 uuden osaston toimintatavat Saada oma potilas Antaa raportti omasta potilaasta l\u00e4\u00e4k\u00e4rille L\u00e4\u00e4kkeiden k\u00e4sittely ja iv pistos ohjaavan sairaanhoitajan valvonnassa Mit\u00e4 tehty: Ohjaava sairaanhoitajani ja min\u00e4 olemme ty\u00f6skennelleet erilaisten potilaiden kanssa. Oman potilaan kanssa ty\u00f6skentely on antanut minulle lis\u00e4\u00e4 vastuuta ja mahdollisuuksia kommunikoida potilaan kanssa sek\u00e4 &#8230; <a class=\"continue-reading-link\" href=\"https:\/\/blogi.savonia.fi\/kingsleyaliche\/esimerkkisivu\/nursing-developmental-competencies\/learning-reflection\/\"> Continue reading<\/a><\/p>\n","protected":false},"author":8445,"featured_media":0,"parent":230,"menu_order":2,"comment_status":"open","ping_status":"closed","template":"","meta":{"footnotes":""},"class_list":["post-240","page","type-page","status-publish","hentry"],"_links":{"self":[{"href":"https:\/\/blogi.savonia.fi\/kingsleyaliche\/wp-json\/wp\/v2\/pages\/240","targetHints":{"allow":["GET"]}}],"collection":[{"href":"https:\/\/blogi.savonia.fi\/kingsleyaliche\/wp-json\/wp\/v2\/pages"}],"about":[{"href":"https:\/\/blogi.savonia.fi\/kingsleyaliche\/wp-json\/wp\/v2\/types\/page"}],"author":[{"embeddable":true,"href":"https:\/\/blogi.savonia.fi\/kingsleyaliche\/wp-json\/wp\/v2\/users\/8445"}],"replies":[{"embeddable":true,"href":"https:\/\/blogi.savonia.fi\/kingsleyaliche\/wp-json\/wp\/v2\/comments?post=240"}],"version-history":[{"count":5,"href":"https:\/\/blogi.savonia.fi\/kingsleyaliche\/wp-json\/wp\/v2\/pages\/240\/revisions"}],"predecessor-version":[{"id":259,"href":"https:\/\/blogi.savonia.fi\/kingsleyaliche\/wp-json\/wp\/v2\/pages\/240\/revisions\/259"}],"up":[{"embeddable":true,"href":"https:\/\/blogi.savonia.fi\/kingsleyaliche\/wp-json\/wp\/v2\/pages\/230"}],"wp:attachment":[{"href":"https:\/\/blogi.savonia.fi\/kingsleyaliche\/wp-json\/wp\/v2\/media?parent=240"}],"curies":[{"name":"wp","href":"https:\/\/api.w.org\/{rel}","templated":true}]}}