{"id":2,"date":"2019-11-15T10:35:09","date_gmt":"2019-11-15T08:35:09","guid":{"rendered":"https:\/\/blogi.savonia.fi\/kolehmainen\/?page_id=2"},"modified":"2020-05-24T12:52:35","modified_gmt":"2020-05-24T09:52:35","slug":"esimerkkisivu","status":"publish","type":"page","link":"https:\/\/blogi.savonia.fi\/kolehmainen\/esimerkkisivu\/","title":{"rendered":"Kuka"},"content":{"rendered":"<h3 style=\"text-align: center\">Kuka t\u00e4\u00e4 on?<\/h3>\n<p style=\"text-align: center\">Olen 21-vuotias nuori mies alunperin Lapinlahdelta, mutta opintojen alkaessa muutin syksyll\u00e4 2019 Kuopioon asumaan. Matkaa kuntien v\u00e4lill\u00e4 ei ole paljoa vaan n. 60km niin muutto ei ollut vaikea.\u00a0Aiemmasta koulutuspohjasta sen verran, ett\u00e4 kirjoitin ylioppilaaksi Lapinlahden lukio ja Kuvataidelukiosta kev\u00e4\u00e4ll\u00e4 2018.<\/p>\n<p style=\"text-align: center\"><strong>Harrastuksia mit\u00e4 minulla on tai on ollut?<\/strong><\/p>\n<p style=\"text-align: center\">Laskettelu on harrastus mit\u00e4 olen jo harrastanut hyvin monta vuotta ja sen parissa viihdyn eritt\u00e4in hyvin viel\u00e4kin. Aloitin harrastamaan lajia muistilokeroiden mukaan eskarissa, eli 6-vuotiaana. Toinen pitk\u00e4aikainen harrastus mik\u00e4 on j\u00e4\u00e4nyt jo hieman unholaan on haitarin soittaminen, jonka aloittamisen tarina alkaa ala-koulun toiselta luokalta kun k\u00e4vimme vierailemassa koulun kanssa konservatoriolla. Siell\u00e4 n\u00e4in miehen soittamassa haitaria aivan hullunkurisesti ja se kuulosti hauskalta, joten halusin itsekkin soittaa. Harrastus jatkui soittotunneilla k\u00e4yden lukion toiseen vuosiluokkaan asti. Skeittaaminen on my\u00f6skin ollut l\u00e4hell\u00e4 syd\u00e4nt\u00e4 p\u00e4\u00e4lle vuosikymmenen ajan. Nyky\u00e4\u00e4n herran vuonna 2020 arkip\u00e4iv\u00e4isessa harrastuslistassa on lenkkeily ja uutena tulokkaana kirjojen lueskelu.<\/p>\n<p>&nbsp;<\/p>\n","protected":false},"excerpt":{"rendered":"<p>Kuka t\u00e4\u00e4 on? Olen 21-vuotias nuori mies alunperin Lapinlahdelta, mutta opintojen alkaessa muutin syksyll\u00e4 2019 Kuopioon asumaan. Matkaa kuntien v\u00e4lill\u00e4 ei ole paljoa vaan n. 60km niin muutto ei ollut vaikea.\u00a0Aiemmasta koulutuspohjasta sen verran, ett\u00e4 kirjoitin ylioppilaaksi Lapinlahden lukio ja Kuvataidelukiosta kev\u00e4\u00e4ll\u00e4 2018. Harrastuksia mit\u00e4 minulla on tai on ollut?&#8230; <a class=\"continue-reading-link\" href=\"https:\/\/blogi.savonia.fi\/kolehmainen\/esimerkkisivu\/\">Continue reading<\/a><\/p>\n","protected":false},"author":6261,"featured_media":0,"parent":0,"menu_order":0,"comment_status":"closed","ping_status":"open","template":"","meta":{"footnotes":""},"class_list":["post-2","page","type-page","status-publish","hentry"],"_links":{"self":[{"href":"https:\/\/blogi.savonia.fi\/kolehmainen\/wp-json\/wp\/v2\/pages\/2","targetHints":{"allow":["GET"]}}],"collection":[{"href":"https:\/\/blogi.savonia.fi\/kolehmainen\/wp-json\/wp\/v2\/pages"}],"about":[{"href":"https:\/\/blogi.savonia.fi\/kolehmainen\/wp-json\/wp\/v2\/types\/page"}],"author":[{"embeddable":true,"href":"https:\/\/blogi.savonia.fi\/kolehmainen\/wp-json\/wp\/v2\/users\/6261"}],"replies":[{"embeddable":true,"href":"https:\/\/blogi.savonia.fi\/kolehmainen\/wp-json\/wp\/v2\/comments?post=2"}],"version-history":[{"count":4,"href":"https:\/\/blogi.savonia.fi\/kolehmainen\/wp-json\/wp\/v2\/pages\/2\/revisions"}],"predecessor-version":[{"id":40,"href":"https:\/\/blogi.savonia.fi\/kolehmainen\/wp-json\/wp\/v2\/pages\/2\/revisions\/40"}],"wp:attachment":[{"href":"https:\/\/blogi.savonia.fi\/kolehmainen\/wp-json\/wp\/v2\/media?parent=2"}],"curies":[{"name":"wp","href":"https:\/\/api.w.org\/{rel}","templated":true}]}}