{"id":148,"date":"2022-08-16T21:45:53","date_gmt":"2022-08-16T18:45:53","guid":{"rendered":"https:\/\/blogi.savonia.fi\/laurajleskinen\/?page_id=148"},"modified":"2022-08-24T08:30:38","modified_gmt":"2022-08-24T05:30:38","slug":"lahtotasot-ja-keinot-tavoitteisiin-paasemiseksi","status":"publish","type":"page","link":"https:\/\/blogi.savonia.fi\/laurajleskinen\/esimerkkisivu\/harjoittelu-mielenterveys-ja-paihdetyo\/lahtotasot-ja-keinot-tavoitteisiin-paasemiseksi\/","title":{"rendered":"L\u00e4ht\u00f6tasot ja keinot tavoitteisiin p\u00e4\u00e4semiseksi"},"content":{"rendered":"","protected":true},"excerpt":{"rendered":"","protected":true},"author":7805,"featured_media":0,"parent":146,"menu_order":0,"comment_status":"open","ping_status":"closed","template":"","meta":{"footnotes":""},"class_list":["post-148","page","type-page","status-publish","post-password-required","hentry"],"_links":{"self":[{"href":"https:\/\/blogi.savonia.fi\/laurajleskinen\/wp-json\/wp\/v2\/pages\/148","targetHints":{"allow":["GET"]}}],"collection":[{"href":"https:\/\/blogi.savonia.fi\/laurajleskinen\/wp-json\/wp\/v2\/pages"}],"about":[{"href":"https:\/\/blogi.savonia.fi\/laurajleskinen\/wp-json\/wp\/v2\/types\/page"}],"author":[{"embeddable":true,"href":"https:\/\/blogi.savonia.fi\/laurajleskinen\/wp-json\/wp\/v2\/users\/7805"}],"replies":[{"embeddable":true,"href":"https:\/\/blogi.savonia.fi\/laurajleskinen\/wp-json\/wp\/v2\/comments?post=148"}],"version-history":[{"count":2,"href":"https:\/\/blogi.savonia.fi\/laurajleskinen\/wp-json\/wp\/v2\/pages\/148\/revisions"}],"predecessor-version":[{"id":183,"href":"https:\/\/blogi.savonia.fi\/laurajleskinen\/wp-json\/wp\/v2\/pages\/148\/revisions\/183"}],"up":[{"embeddable":true,"href":"https:\/\/blogi.savonia.fi\/laurajleskinen\/wp-json\/wp\/v2\/pages\/146"}],"wp:attachment":[{"href":"https:\/\/blogi.savonia.fi\/laurajleskinen\/wp-json\/wp\/v2\/media?parent=148"}],"curies":[{"name":"wp","href":"https:\/\/api.w.org\/{rel}","templated":true}]}}