{"id":254,"date":"2024-01-11T17:31:40","date_gmt":"2024-01-11T15:31:40","guid":{"rendered":"https:\/\/blogi.savonia.fi\/laurajleskinen\/?page_id=254"},"modified":"2024-01-11T17:31:40","modified_gmt":"2024-01-11T15:31:40","slug":"harjoittelu-kotihoito-ja-gerontologinen-hoitotyo","status":"publish","type":"page","link":"https:\/\/blogi.savonia.fi\/laurajleskinen\/esimerkkisivu\/harjoittelu-kotihoito-ja-gerontologinen-hoitotyo\/","title":{"rendered":"Harjoittelu: Kotihoito ja gerontologinen hoitoty\u00f6"},"content":{"rendered":"\n<p><strong>4 SAIHKOTGER<\/strong><\/p>\n\n\n\n<p>Opintojakson suoritettuaan opiskelija osaa<br>-soveltaa voimavaral\u00e4ht\u00f6isesti ja terveytt\u00e4 edist\u00e4en n\u00e4ytt\u00f6\u00f6n perustuvaa gerontologisen hoitoty\u00f6n ja kotihoidon osaamista asiakkaan kotona ja kodinomaisissa ymp\u00e4rist\u00f6iss\u00e4.<br>-huomioida ik\u00e4ihmisten moninaisuuden, monikulttuurisuuden sek\u00e4 el\u00e4m\u00e4nhistorian merkityksen hoidossa ja ohjauksessa<br>-toimia eettisten periaatteiden mukaisesti<br>-verkostoitua ja ohjata ik\u00e4ihmist\u00e4 ja h\u00e4nen l\u00e4heisi\u00e4\u00e4n k\u00e4ytt\u00e4m\u00e4\u00e4n tarkoituksenmukaisia, my\u00f6s digitaalisia, sosiaali-ja terveydenhuollon sek\u00e4 kolmannen sektorin palveluita<br>-soveltaa kuntoutumista edist\u00e4v\u00e4n hoitoty\u00f6n tietoja ja taitoja asiakkaan vastuuhoitajana<br>-selitt\u00e4\u00e4 moniammatillisen ty\u00f6skentelyn merkityksen asiakkaan toimintakyvyn ja terveyden edist\u00e4misess\u00e4<br>-selitt\u00e4\u00e4 sairaanhoitajan vastuut ja velvollisuudet l\u00e4\u00e4kehoidon toteutuksessa ja arvioinnissa<br>-arvioida l\u00e4\u00e4kkeiden vaikuttavuutta, l\u00e4\u00e4kkeiden haitta-, sivu- ja yhteisvaikutuksia<br>-dokumentoida oleelliset asiat ja k\u00e4sitell\u00e4 terveyskertomuksia tietosuojan sek\u00e4 tietoturvan ohjeiden mukaisesti<br>-toimia aseptisesti ja ty\u00f6skennell\u00e4 ergonomisesti eri toimintaymp\u00e4rist\u00f6iss\u00e4<br>-soveltaa ja kehitt\u00e4\u00e4 gerontologian osaamista erilaisissa toimintaymp\u00e4rist\u00f6iss\u00e4, tiimeiss\u00e4 ja virtuaalikotik\u00e4ynnin kehitt\u00e4misess\u00e4<br>-ohjata ja tukea omaisten hoitoon osallistumista asiakkaan n\u00e4kemyksi\u00e4 ja voimavaroja kunnioittaen<br>-reflektoida omaa oppimistaan ja osaamistaan<\/p>\n\n\n\n<p><\/p>\n\n\n\n<p>Suoritin harjoittelun ty\u00f6suhteessa. Toimin sairaanhoitajan sijaisena Vanhan pappilan palvelukodilla Siilinj\u00e4rvell\u00e4. <\/p>\n","protected":false},"excerpt":{"rendered":"<p>4 SAIHKOTGER Opintojakson suoritettuaan opiskelija osaa-soveltaa voimavaral\u00e4ht\u00f6isesti ja terveytt\u00e4 edist\u00e4en n\u00e4ytt\u00f6\u00f6n perustuvaa gerontologisen hoitoty\u00f6n ja kotihoidon osaamista asiakkaan kotona ja kodinomaisissa ymp\u00e4rist\u00f6iss\u00e4.-huomioida ik\u00e4ihmisten moninaisuuden, monikulttuurisuuden sek\u00e4 el\u00e4m\u00e4nhistorian merkityksen hoidossa ja ohjauksessa-toimia eettisten periaatteiden mukaisesti-verkostoitua ja ohjata ik\u00e4ihmist\u00e4 ja h\u00e4nen l\u00e4heisi\u00e4\u00e4n k\u00e4ytt\u00e4m\u00e4\u00e4n tarkoituksenmukaisia, my\u00f6s digitaalisia, sosiaali-ja terveydenhuollon sek\u00e4 kolmannen sektorin palveluita-soveltaa kuntoutumista edist\u00e4v\u00e4n hoitoty\u00f6n tietoja ja [&hellip;]<\/p>\n","protected":false},"author":7805,"featured_media":0,"parent":2,"menu_order":0,"comment_status":"closed","ping_status":"closed","template":"","meta":{"footnotes":""},"class_list":["post-254","page","type-page","status-publish","hentry"],"_links":{"self":[{"href":"https:\/\/blogi.savonia.fi\/laurajleskinen\/wp-json\/wp\/v2\/pages\/254","targetHints":{"allow":["GET"]}}],"collection":[{"href":"https:\/\/blogi.savonia.fi\/laurajleskinen\/wp-json\/wp\/v2\/pages"}],"about":[{"href":"https:\/\/blogi.savonia.fi\/laurajleskinen\/wp-json\/wp\/v2\/types\/page"}],"author":[{"embeddable":true,"href":"https:\/\/blogi.savonia.fi\/laurajleskinen\/wp-json\/wp\/v2\/users\/7805"}],"replies":[{"embeddable":true,"href":"https:\/\/blogi.savonia.fi\/laurajleskinen\/wp-json\/wp\/v2\/comments?post=254"}],"version-history":[{"count":1,"href":"https:\/\/blogi.savonia.fi\/laurajleskinen\/wp-json\/wp\/v2\/pages\/254\/revisions"}],"predecessor-version":[{"id":255,"href":"https:\/\/blogi.savonia.fi\/laurajleskinen\/wp-json\/wp\/v2\/pages\/254\/revisions\/255"}],"up":[{"embeddable":true,"href":"https:\/\/blogi.savonia.fi\/laurajleskinen\/wp-json\/wp\/v2\/pages\/2"}],"wp:attachment":[{"href":"https:\/\/blogi.savonia.fi\/laurajleskinen\/wp-json\/wp\/v2\/media?parent=254"}],"curies":[{"name":"wp","href":"https:\/\/api.w.org\/{rel}","templated":true}]}}