{"id":102,"date":"2022-07-26T17:18:27","date_gmt":"2022-07-26T14:18:27","guid":{"rendered":"https:\/\/blogi.savonia.fi\/matkallamelbourneen\/?page_id=102"},"modified":"2022-09-30T04:04:07","modified_gmt":"2022-09-30T01:04:07","slug":"motivaatiokirje-ja-cv","status":"publish","type":"page","link":"https:\/\/blogi.savonia.fi\/matkallamelbourneen\/oletko-kiinnostunut-harjoittelusta-melbournessa\/motivaatiokirje-ja-cv\/","title":{"rendered":"Motivaatiokirje ja CV"},"content":{"rendered":"\n<p style=\"font-size:18px\">Mik\u00e4li harjoittelupaikkoja on haettavissa, t\u00e4ytyy sinun alkuun kirjoittaa motivaatiokirje englanniksi, ellei koordinaattorisi ohjeista sinua muulla tavalla. Lis\u00e4ksi voit halutessasi tehd\u00e4 englanninkielisen CV:n (Curriculum Vitae), jonka avulla voit kertoa enemm\u00e4n mahdollisesta koulutus- ja ty\u00f6historiastasi.<\/p>\n\n\n\n<p style=\"font-size:18px\">Motivaatiokirje (ja CV) l\u00e4hetet\u00e4\u00e4n s\u00e4hk\u00f6postilla alasi kansainv\u00e4liselle koordinaattorille ja h\u00e4n tarvittaessa v\u00e4litt\u00e4\u00e4 ne eteenp\u00e4in Melbournen Suomalaiselle Yst\u00e4v\u00e4palvelulle.<\/p>\n\n\n\n<p style=\"font-size:18px\"><strong>Motivaatiokirje<\/strong><\/p>\n\n\n\n<p style=\"font-size:18px\">Motivaatiokirjeess\u00e4 kerrot lyhyesti itsest\u00e4si sek\u00e4 niist\u00e4 harjoittelujaksoista, jotka haluat suorittaa Australiassa. Motivaatiokirjeess\u00e4 saat kehua itse\u00e4si: miksi juuri sin\u00e4 olisit sopiva henkil\u00f6 harjoitteluun Melbournen Suomalaisessa Yst\u00e4v\u00e4palvelussa, mitk\u00e4 ovat vahvuuksiasi, mitk\u00e4 asiat sinua opinnoissa erityisesti kiinnostavat ja mit\u00e4 odotat harjoittelussa oppivan. Motivaatiokirjeen hyv\u00e4 pituus on maksimissaan yksi sivu.<\/p>\n\n\n\n<p style=\"font-size:18px\"><strong>Curriculum Vitae<\/strong><\/p>\n\n\n\n<p style=\"font-size:18px\">Curriculum Vitae (CV) on lyhyt kuvaus opiskelu- ja ty\u00f6historiastasi. Curriculum Vitaeen merkit\u00e4\u00e4n ajanjaksot milloin ja miss\u00e4 olet opiskelut tai ollut t\u00f6iss\u00e4. Lis\u00e4ksi voit lyhyesti kuvata ne ty\u00f6teht\u00e4v\u00e4t, joita kuhunkin ty\u00f6paikkaan on kuulunut.<\/p>\n\n\n\n<p style=\"font-size:18px\">CV kannattaa pit\u00e4\u00e4 lyhyen\u00e4 ja selke\u00e4n\u00e4, voit k\u00e4ytt\u00e4\u00e4 luettelointiin esimerkiksi ranskalaisia viivoja. CV:ss\u00e4 kannattaa mainita mahdolliset luottamustoimet tai muut vastuuteht\u00e4v\u00e4t, joita sinulla on ollut \u2013 oletpa sitten toiminut tuutorina tai vaikkapa mukana opiskelijayhdistyksesi hallituksessa. CV:ss\u00e4 on perinteisesti k\u00e4ytetty kasvokuvaa, joka auttaa sinua erottautumaan paremmin muiden hakijoiden joukosta!<\/p>\n\n\n\n<p style=\"font-size:18px\">Mik\u00e4li alasi kansainv\u00e4linen koordinaattori n\u00e4ytt\u00e4\u00e4 harjoittelulle vihre\u00e4\u00e4 valoa, voit siirty\u00e4 tekem\u00e4\u00e4n ensivaiheen hakemusta:<\/p>\n\n\n\n<div class=\"wp-block-buttons is-layout-flex wp-block-buttons-is-layout-flex\">\n<div class=\"wp-block-button\"><a class=\"wp-block-button__link\" href=\"https:\/\/blogi.savonia.fi\/matkallamelbourneen\/opiskelijoille\/oletko-kiinnostunut-harjoittelusta-melbournessa\/ensivaiheen-hakemus\/\">Ensivaiheen hakemus<\/a><\/div>\n<\/div>\n","protected":false},"excerpt":{"rendered":"<p>Mik\u00e4li harjoittelupaikkoja on haettavissa, t\u00e4ytyy sinun alkuun kirjoittaa motivaatiokirje englanniksi, ellei koordinaattorisi ohjeista sinua muulla tavalla. Lis\u00e4ksi voit halutessasi tehd\u00e4 englanninkielisen CV:n (Curriculum Vitae), jonka avulla voit kertoa enemm\u00e4n mahdollisesta koulutus- ja ty\u00f6historiastasi. Motivaatiokirje (ja CV) l\u00e4hetet\u00e4\u00e4n s\u00e4hk\u00f6postilla alasi kansainv\u00e4liselle &hellip;<\/p>\n<p class=\"read-more\"> <a class=\"more-link\" href=\"https:\/\/blogi.savonia.fi\/matkallamelbourneen\/oletko-kiinnostunut-harjoittelusta-melbournessa\/motivaatiokirje-ja-cv\/\"> <span class=\"screen-reader-text\">Motivaatiokirje ja CV<\/span> Lue lis\u00e4\u00e4 &raquo;<\/a><\/p>\n","protected":false},"author":8206,"featured_media":0,"parent":26,"menu_order":0,"comment_status":"closed","ping_status":"closed","template":"","meta":{"footnotes":""},"class_list":["post-102","page","type-page","status-publish","hentry"],"_links":{"self":[{"href":"https:\/\/blogi.savonia.fi\/matkallamelbourneen\/wp-json\/wp\/v2\/pages\/102","targetHints":{"allow":["GET"]}}],"collection":[{"href":"https:\/\/blogi.savonia.fi\/matkallamelbourneen\/wp-json\/wp\/v2\/pages"}],"about":[{"href":"https:\/\/blogi.savonia.fi\/matkallamelbourneen\/wp-json\/wp\/v2\/types\/page"}],"author":[{"embeddable":true,"href":"https:\/\/blogi.savonia.fi\/matkallamelbourneen\/wp-json\/wp\/v2\/users\/8206"}],"replies":[{"embeddable":true,"href":"https:\/\/blogi.savonia.fi\/matkallamelbourneen\/wp-json\/wp\/v2\/comments?post=102"}],"version-history":[{"count":6,"href":"https:\/\/blogi.savonia.fi\/matkallamelbourneen\/wp-json\/wp\/v2\/pages\/102\/revisions"}],"predecessor-version":[{"id":396,"href":"https:\/\/blogi.savonia.fi\/matkallamelbourneen\/wp-json\/wp\/v2\/pages\/102\/revisions\/396"}],"up":[{"embeddable":true,"href":"https:\/\/blogi.savonia.fi\/matkallamelbourneen\/wp-json\/wp\/v2\/pages\/26"}],"wp:attachment":[{"href":"https:\/\/blogi.savonia.fi\/matkallamelbourneen\/wp-json\/wp\/v2\/media?parent=102"}],"curies":[{"name":"wp","href":"https:\/\/api.w.org\/{rel}","templated":true}]}}