{"id":13,"date":"2022-07-11T19:18:54","date_gmt":"2022-07-11T16:18:54","guid":{"rendered":"https:\/\/blogi.savonia.fi\/matkallamelbourneen\/?page_id=13"},"modified":"2023-03-03T07:15:22","modified_gmt":"2023-03-03T05:15:22","slug":"harjoittelu-odottaa","status":"publish","type":"page","link":"https:\/\/blogi.savonia.fi\/matkallamelbourneen\/oletko-kiinnostunut-harjoittelusta-melbournessa\/harjoittelu-odottaa\/","title":{"rendered":"Harjoittelu odottaa"},"content":{"rendered":"\n<p style=\"font-size:18px\">Onneksi olkoon harjoittelupaikasta! T\u00e4\u00e4lt\u00e4 l\u00f6yd\u00e4t lis\u00e4tietoa k\u00e4yt\u00e4nn\u00f6n asioista, jotka sinun tulee hoitaa ennen harjoitteluun l\u00e4ht\u00f6\u00e4.<\/p>\n\n\n\n<p style=\"font-size:18px\"><strong>Projektisuunnitelma<\/strong><\/p>\n\n\n\n<p style=\"font-size:18px\">Mik\u00e4li sis\u00e4llyt\u00e4t ulkomaanjaksolle projektiopintoja, tulee sinun laatia selke\u00e4 projektisuunnitelma. Projektin aihetta kannattaa mietti\u00e4 yhteisty\u00f6ss\u00e4 Melbournen Suomalaisen Yst\u00e4v\u00e4palvelun kanssa: aiheen tulee olla sellainen, josta molemmat hy\u00f6tyv\u00e4t. Toisin sanoen sin\u00e4 p\u00e4\u00e4set oppimaan ja harjoittamaan projektiosaamistasi ja Melbournen Suomalainen Yst\u00e4v\u00e4palvelu saa projektin my\u00f6t\u00e4 toteutettua tai viety\u00e4 eteenp\u00e4in esimerkiksi heid\u00e4n ennalta suunnittelemaansa hanketta. <\/p>\n\n\n\n<p style=\"font-size:18px\">Mik\u00e4li et suorita projektiopintoja, kannattaa harjoitteluk\u00e4yt\u00e4nteist\u00e4 (esimerkiksi blogin kirjoittaminen, ty\u00f6ajat) sopia harjoittelua ohjaavan opettajan kanssa.<\/p>\n\n\n\n<p style=\"font-size:18px\"><strong>Rikosrekisteriote<\/strong><\/p>\n\n\n\n<p style=\"font-size:18px\">Australiassa vanhusty\u00f6 edellytt\u00e4\u00e4 rikosrekisteriotetta. Rikosrekisteriotteen saat tilattua <em>englanninkielisen\u00e4<\/em> <a href=\"https:\/\/asiointi2.oikeus.fi\/oikeusrekisterikeskus\/#\/rikosrekisteriote\" data-type=\"URL\" data-id=\"https:\/\/asiointi2.oikeus.fi\/oikeusrekisterikeskus\/#\/rikosrekisteriote\">Oikeusrekisterikeskukselta<\/a> (valitse rikosrekisteriote ulkomaan viranomaisia varten). Ote on maksullinen. Rikosrekisteriote l\u00e4hetet\u00e4\u00e4n Melbournen Suomalaiseen Yst\u00e4v\u00e4palveluun s\u00e4hk\u00f6postitse.<\/p>\n\n\n\n<p style=\"font-size:18px\"><strong>Apurahat<\/strong><\/p>\n\n\n\n<p style=\"font-size:18px\">Ulkomaan harjoittelua varten kannattaa aina hakea apurahaa. Apurahojen hakemisessa sinua neuvoo oman alasi kansainv\u00e4linen koordinaattori. Apurahan saamiseksi sinun t\u00e4ytyy tehd\u00e4 apurahasopimus yhteisty\u00f6ss\u00e4 Savonian koordinaattoreiden kanssa; sopimus voi olla esimerkiksi Erasmus+ &#8211; sopimus tai Savonian oma harjoittelusopimus, mik\u00e4li Savonia-ammattikorkeakoulu maksaa apurahan. Lis\u00e4tietoja apurahoista l\u00f6yd\u00e4t <a href=\"https:\/\/amksavonia.sharepoint.com\/sites\/reppu-kansainvalisyys\/SitePages\/apurahat.aspx\" data-type=\"URL\" data-id=\"https:\/\/amksavonia.sharepoint.com\/sites\/reppu-kansainvalisyys\/SitePages\/apurahat.aspx\">Savonian Repusta<\/a>.<\/p>\n\n\n\n<p style=\"font-size:18px\"><strong>Viisumi<\/strong><\/p>\n\n\n\n<p style=\"font-size:18px\">Harjoittelua varten voit hakea maksutonta <a href=\"https:\/\/immi.homeaffairs.gov.au\/visas\/getting-a-visa\/visa-listing\/evisitor-651\" data-type=\"URL\" data-id=\"https:\/\/immi.homeaffairs.gov.au\/visas\/getting-a-visa\/visa-listing\/evisitor-651\">eVisitor-viisumia<\/a>. Viisumilla voit opiskella kolme kuukautta Australiassa ja niin ik\u00e4\u00e4n oleskella kolme kuukautta maassa kerrallaan. Viisumi on voimassa vuoden ja sen voimassaoloaikana voit poistua ja palata maahan niin monta kertaa kuin haluat. Viisumin hakemista varten sinun t\u00e4ytyy luoda tunnukset <a href=\"https:\/\/online.immi.gov.au\/lusc\/login\" data-type=\"URL\" data-id=\"https:\/\/online.immi.gov.au\/lusc\/login\">ImmiAccountiin<\/a>.<\/p>\n\n\n\n<p style=\"font-size:18px\">Mik\u00e4li aiot opiskella tai olla harjoittelussa pidemp\u00e4\u00e4n, konsultoithan viisumivaihtoehdoista Melbournen Suomalaista Yst\u00e4v\u00e4palvelua tai oman alasi kv-koordinaattoria.<\/p>\n\n\n\n<p style=\"font-size:18px\"><strong>Pankkikortti<\/strong><\/p>\n\n\n\n<p style=\"font-size:18px\">Ota yhteys omaan pankkiisi hyviss\u00e4 ajoin ennen matkaa, jos olet ep\u00e4varma pystyyk\u00f6 kortillasi maksamaan Australiassa. Verkkopankissa pystyt sallimaan maksutoiminnot eri maissa. Australian lis\u00e4ksi on hyv\u00e4 hyv\u00e4ksy\u00e4 maksut Aasiassa, sill\u00e4 jotkut pankit saattavat lukea osan Australiasta maantieteellisesti osaksi Aasiaa.<\/p>\n\n\n\n<p style=\"font-size:18px\"><strong>Vakuutukset<\/strong><\/p>\n\n\n\n<p style=\"font-size:18px\">Matkaa varten sinun tulee ottaa matkavakuutus. Olet vakuutettu Savonia-ammattikorkeakoulun puolesta matkojen sek\u00e4 harjoittelun ajan, mutta vapaa-aikana olet vakuutettu vain omalla vakuutuksellasi. <\/p>\n\n\n\n<p style=\"font-size:18px\">Australian julkisessa terveydenhuollossa saat hoitoa paikallisen asiakasmaksun hinnalla, jos sinulla on esitt\u00e4\u00e4 Kela-kortti sek\u00e4 passi. Lis\u00e4tietoja l\u00f6yd\u00e4t <a href=\"https:\/\/www.kela.fi\/sairaanhoito-kansainvalisissa-tilanteissa-jos-sairastut-ulkomailla\" data-type=\"URL\" data-id=\"https:\/\/www.kela.fi\/sairaanhoito-kansainvalisissa-tilanteissa-jos-sairastut-ulkomailla\">Kelan verkkosivuilta<\/a>.<\/p>\n\n\n\n<p style=\"font-size:18px\"><strong>Terveystarkastus<\/strong> <\/p>\n\n\n\n<p style=\"font-size:18px\">K\u00e4y hyviss\u00e4 ajoin ennen matkaa mahdollisissa terveystarkastuksissa. P\u00e4\u00e4set tekem\u00e4\u00e4n arvion terveystarkastuksen tai rokotteiden tarpeellisuudesta YTHS:n self-palvelussa t\u00e4ytt\u00e4m\u00e4ll\u00e4 matkailuterveyden kartoituslomakkeen. <\/p>\n\n\n\n<p style=\"font-size:18px\">Tarkistathan, ett\u00e4 <a href=\"https:\/\/www.yths.fi\/palvelut\/tartuntatautien-ehkaisy\/matkailuneuvonta\/\" data-type=\"URL\" data-id=\"https:\/\/www.yths.fi\/palvelut\/tartuntatautien-ehkaisy\/matkailuneuvonta\/\">perusrokotteesi ovat kunnossa<\/a>. Muut tarvittavat rokotteet ovat koronarokote, influenssarokote sek\u00e4 harkintasi ja matkasuunnitelmasi mukaan rokote Japanin aivotulehdusta vastaan. <\/p>\n\n\n\n<p style=\"font-size:18px\">Lis\u00e4ksi sinun kannattaa huolehtia mahdolliset hammashoidot ennen matkaa, etenkin jos aiot olla Australiassa pidemm\u00e4n aikaa.<\/p>\n\n\n\n<p style=\"font-size:18px\"><strong>Kansainv\u00e4linen ajokortti<\/strong><\/p>\n\n\n\n<p style=\"font-size:18px\">Harjoittelu Melbournessa vaatii l\u00e4hes poikkeuksetta ajokorttia, sill\u00e4 v\u00e4limatkat ovat pitki\u00e4. Kansainv\u00e4linen ajokortti on Victoriassa pakollinen. Kansainv\u00e4list\u00e4 ajokorttia voit hakea <a href=\"https:\/\/www.autoliitto.fi\/matkailu\/kansainvalinen-ajokortti\" data-type=\"URL\" data-id=\"https:\/\/www.autoliitto.fi\/matkailu\/kansainvalinen-ajokortti\">Autoliitolta<\/a>, kortti on maksullinen. Muistathan, ett\u00e4 oma kansallinen ajokorttisi on my\u00f6s oltava aina ajaessa mukana! <\/p>\n\n\n\n<p style=\"font-size:18px\"><strong>Pankin tunnuslukulistat<\/strong><\/p>\n\n\n\n<p style=\"font-size:18px\">Jos k\u00e4yt\u00e4t paperisia pankin tunnuslukulistoja verkkopankissa tunnistautumiseen, sinun kannattaa pyyt\u00e4\u00e4 pankiltasi uutta tunnuslukulistaa verkkopankkiin. Sek\u00e4 verkkopankissa ett\u00e4 monessa verkkoasioinnissa joudut k\u00e4ytt\u00e4m\u00e4\u00e4n oman pankkisi tunnistautumista. N\u00e4in v\u00e4ltyt silt\u00e4, etteiv\u00e4t tunnusluvut p\u00e4\u00e4se loppumaan kesken matkasi. <\/p>\n\n\n\n<p style=\"font-size:18px\"><strong>Muuttoilmoitus<\/strong><\/p>\n\n\n\n<p style=\"font-size:18px\">Jos olet ulkomailla yli kolme kuukautta, t\u00e4ytyy sinun tehd\u00e4 muuttoilmoitus. Muuttoilmoituksen voi tehd\u00e4 <a href=\"https:\/\/www.suomi.fi\/palvelut\/verkkoasiointi\/muuttoilmoitus-digi-ja-vaestotietovirasto\/e1ad205d-20d4-4392-a1f0-8212ee8f4810\" data-type=\"URL\" data-id=\"https:\/\/www.suomi.fi\/palvelut\/verkkoasiointi\/muuttoilmoitus-digi-ja-vaestotietovirasto\/e1ad205d-20d4-4392-a1f0-8212ee8f4810\">Digi- ja v\u00e4est\u00f6tietoviraston <\/a>sivuilla. Lis\u00e4ksi yli kolme kuukautta kest\u00e4v\u00e4st\u00e4 muutosta ulkomaille t\u00e4ytyy tehd\u00e4 ilmoitus Kelaan, joka onnistuu <a href=\"https:\/\/tunnistautuminen.suomi.fi\/sivut\/discovery-page\/?entityId=https%3A%2F%2Ftunnistus.kela.fi%2Fauth%2Frealms%2Fverkkoasiointi-2021&amp;timeout=295&amp;tid=6cajt6d92j2ao60v1ac19vu695&amp;pid=da2bd83436aee4dc8f402da79d81eb81356d63b169509ce1566a72ef2595f28a&amp;tag=220726140756fa&amp;authMethdReq=fLoA2;eLoA3;eLoA2;fLoA3&amp;conversation=e1s1\" data-type=\"URL\" data-id=\"https:\/\/tunnistautuminen.suomi.fi\/sivut\/discovery-page\/?entityId=https%3A%2F%2Ftunnistus.kela.fi%2Fauth%2Frealms%2Fverkkoasiointi-2021&amp;timeout=295&amp;tid=6cajt6d92j2ao60v1ac19vu695&amp;pid=da2bd83436aee4dc8f402da79d81eb81356d63b169509ce1566a72ef2595f28a&amp;tag=220726140756fa&amp;authMethdReq=fLoA2;eLoA3;eLoA2;fLoA3&amp;conversation=e1s1\">Kelan verkkoasiointipalvelussa<\/a>.<\/p>\n\n\n\n<p style=\"font-size:18px\"><strong>Jetlag<\/strong><\/p>\n\n\n\n<p style=\"font-size:18px\">Kannattaa muistaa, ett\u00e4 pitk\u00e4n lennon j\u00e4lkeen tulet k\u00e4rsim\u00e4\u00e4n todenn\u00e4k\u00f6isesti aikaerorasituksesta eli jetlagista. Kannattaa varata useampi vapaap\u00e4iv\u00e4 kohteessa ennen harjoittelun alkua, jotta ehdit rauhassa toipumaan aikaerorasituksesta.<\/p>\n\n\n\n<p style=\"font-size:18px\"><strong>Muistilista, mit\u00e4 Australiaan mukaan:<\/strong><\/p>\n\n\n\n<ul class=\"wp-block-list\">\n<li>Passi (tarkistathan, ett\u00e4 passisi on voimassa koko matkan ajan)<\/li>\n\n\n\n<li>Mik\u00e4li sinulla on k\u00e4yt\u00f6ss\u00e4 l\u00e4\u00e4kkeit\u00e4, kannattaa reseptit hankkia englanninkielisin\u00e4 (englanninkieliset reseptit saat apteekista)<\/li>\n\n\n\n<li>Kela-kortti<\/li>\n\n\n\n<li>Rikosrekisteriote<\/li>\n\n\n\n<li>Harjoittelusopimus<\/li>\n\n\n\n<li>Koronarokotustodistus<\/li>\n\n\n\n<li>Kansainv\u00e4linen ajokortti sek\u00e4 kansallinen ajokortti<\/li>\n\n\n\n<li>Pankin tunnuslukulistat<\/li>\n\n\n\n<li>Adapteri s\u00e4hk\u00f6pistokkeita varten<\/li>\n\n\n\n<li>Jatkojohto niin saat yhdell\u00e4 adapterilla monta paikkaa esim. latureille<\/li>\n<\/ul>\n\n\n\n<p style=\"font-size:18px\"><strong>Vinkkej\u00e4, kun saavut perille:<\/strong><\/p>\n\n\n\n<ul class=\"wp-block-list\">\n<li>Myki- kortti junaan ja muihin julksiin. Voit ostaa sen kaikilta juna-asemilta automaatista. Myki App (Puplic Transport Victoria) on helppok\u00e4ytt\u00f6inen sovellus, joka auttaa reittien valinnassa. <\/li>\n\n\n\n<li>Voit ostaa Aldista Aldi prepaid-liittym\u00e4n. Tarjolla on eri kuukausihintaisia liittym\u00e4paketteja. <\/li>\n<\/ul>\n\n\n\n<p><\/p>\n","protected":false},"excerpt":{"rendered":"<p>Onneksi olkoon harjoittelupaikasta! T\u00e4\u00e4lt\u00e4 l\u00f6yd\u00e4t lis\u00e4tietoa k\u00e4yt\u00e4nn\u00f6n asioista, jotka sinun tulee hoitaa ennen harjoitteluun l\u00e4ht\u00f6\u00e4. Projektisuunnitelma Mik\u00e4li sis\u00e4llyt\u00e4t ulkomaanjaksolle projektiopintoja, tulee sinun laatia selke\u00e4 projektisuunnitelma. Projektin aihetta kannattaa mietti\u00e4 yhteisty\u00f6ss\u00e4 Melbournen Suomalaisen Yst\u00e4v\u00e4palvelun kanssa: aiheen tulee olla sellainen, josta molemmat &hellip;<\/p>\n<p class=\"read-more\"> <a class=\"more-link\" href=\"https:\/\/blogi.savonia.fi\/matkallamelbourneen\/oletko-kiinnostunut-harjoittelusta-melbournessa\/harjoittelu-odottaa\/\"> <span class=\"screen-reader-text\">Harjoittelu odottaa<\/span> Lue lis\u00e4\u00e4 &raquo;<\/a><\/p>\n","protected":false},"author":8206,"featured_media":0,"parent":26,"menu_order":2,"comment_status":"closed","ping_status":"closed","template":"","meta":{"footnotes":""},"class_list":["post-13","page","type-page","status-publish","hentry"],"_links":{"self":[{"href":"https:\/\/blogi.savonia.fi\/matkallamelbourneen\/wp-json\/wp\/v2\/pages\/13","targetHints":{"allow":["GET"]}}],"collection":[{"href":"https:\/\/blogi.savonia.fi\/matkallamelbourneen\/wp-json\/wp\/v2\/pages"}],"about":[{"href":"https:\/\/blogi.savonia.fi\/matkallamelbourneen\/wp-json\/wp\/v2\/types\/page"}],"author":[{"embeddable":true,"href":"https:\/\/blogi.savonia.fi\/matkallamelbourneen\/wp-json\/wp\/v2\/users\/8206"}],"replies":[{"embeddable":true,"href":"https:\/\/blogi.savonia.fi\/matkallamelbourneen\/wp-json\/wp\/v2\/comments?post=13"}],"version-history":[{"count":28,"href":"https:\/\/blogi.savonia.fi\/matkallamelbourneen\/wp-json\/wp\/v2\/pages\/13\/revisions"}],"predecessor-version":[{"id":516,"href":"https:\/\/blogi.savonia.fi\/matkallamelbourneen\/wp-json\/wp\/v2\/pages\/13\/revisions\/516"}],"up":[{"embeddable":true,"href":"https:\/\/blogi.savonia.fi\/matkallamelbourneen\/wp-json\/wp\/v2\/pages\/26"}],"wp:attachment":[{"href":"https:\/\/blogi.savonia.fi\/matkallamelbourneen\/wp-json\/wp\/v2\/media?parent=13"}],"curies":[{"name":"wp","href":"https:\/\/api.w.org\/{rel}","templated":true}]}}