{"id":518,"date":"2023-05-20T04:02:13","date_gmt":"2023-05-20T01:02:13","guid":{"rendered":"https:\/\/blogi.savonia.fi\/matkallamelbourneen\/?page_id=518"},"modified":"2023-05-20T06:56:59","modified_gmt":"2023-05-20T03:56:59","slug":"hildan-kokemuksia-kevatlukukausi-2023","status":"publish","type":"page","link":"https:\/\/blogi.savonia.fi\/matkallamelbourneen\/opiskelijoille\/kokemuksia-harjoittelusta\/hildan-kokemuksia-kevatlukukausi-2023\/","title":{"rendered":"Hildan kokemuksia (kev\u00e4tlukukausi 2023)"},"content":{"rendered":"\n<div class=\"wp-block-group is-layout-constrained wp-block-group-is-layout-constrained\">\n<p class=\"has-text-align-left\">Olen aina halunnut l\u00e4hte\u00e4 vaihtoon, joten t\u00e4m\u00e4 mahdollisuus kuulosti minulle sopivalta. Kuulin mahdollisuudesta syksyll\u00e4 2022 ja t\u00e4st\u00e4 parin kuukauden p\u00e4\u00e4st\u00e4 sopimukset oli jo allekirjoitettu. Olin Melbournen Suomalaiseen Yst\u00e4v\u00e4palveluun yhteydess\u00e4 viestitse ja videopuheluiden v\u00e4lityksell\u00e4 muutamaan otteeseen ennen harjoittelua. Ennen l\u00e4ht\u00f6\u00e4 riitti j\u00e4rjestelt\u00e4vi\u00e4 k\u00e4yt\u00e4nn\u00f6n asioita, allekirjoitettavia lomakkeita ja stressi\u00e4. Kaikessa t\u00e4ss\u00e4 apuna olivat kuitenkin koulun kansainv\u00e4lisyyskoordinaattori sek\u00e4 erityisesti omat opettajat ja l\u00e4heiset. Kaikki j\u00e4rjestyi melko mutkattomasti ja pian olikin jo aika k\u00e4\u00e4nt\u00e4\u00e4 nokka kohti Australiaa. Matkusin Melbourneen yksin, mik\u00e4 j\u00e4nnitti paljon, sill\u00e4 en ole ennen lent\u00e4nyt yksin. Oli kuitenkin ilo huomata, ett\u00e4 matkat meniv\u00e4t sujuvasti ja ihmiset maailmalla ovat l\u00e4ht\u00f6kohtaisesti hyvin avuliaita. <\/p>\n\n\n\n<p class=\"has-text-align-left\">Vaihtoaikani Melbournessa oli kokonaisuudessaan 3 kuukautta. Harjoittelun alussa oli hieman haasteita yhdistyksen sis\u00e4isten muutosten vuoksi, mik\u00e4 hidasti hommissa k\u00e4yntiin p\u00e4\u00e4sy\u00e4. Harjoittelun aikana osallistuin maanantai-, tiistai- ja keskiviikkoryhmiin. Suunnittelin ja vedin n\u00e4iss\u00e4 ryhm\u00e4tapaamisissa kevytt\u00e4 jumppaa. Osallistuin my\u00f6s muiden aktiviteettien ja torstairetkien suunnitteluun. Lis\u00e4ksi tarjosin yksil\u00f6llist\u00e4 terveysneuvontaa sek\u00e4 tein kotik\u00e4yntej\u00e4 yhdess\u00e4 sairaanhoitajaopiskelijan kanssa, joiden aikana juttelimme ja kahvittelimme asiakkaiden kanssa, kartoittaen heid\u00e4n nykytilannettaan. Lis\u00e4ksi teetin SPPB-testist\u00f6\u00e4 (Short Physical Performance Battery) asiakkaille toimintakyvyn arvioimisen tueksi. Harjoittelu ei t\u00e4ysin vastannut odotuksiani, mutta opin silti paljon erilaisia taitoja, joista tulen varmasti hy\u00f6tym\u00e4\u00e4n tulevaisuuden ty\u00f6el\u00e4m\u00e4ss\u00e4.<\/p>\n\n\n\n<p class=\"has-text-align-left\">Kev\u00e4\u00e4n aikana riitti iloa ja naurua, mutta my\u00f6s haasteita ja vaikeita hetki\u00e4. En kuitenkaan vaihtaisi t\u00e4t\u00e4 kokemusta mist\u00e4\u00e4n hinnasta, opin itsest\u00e4ni paljon ja sain upeita kokemuksia. Australia tarjosi monia hienoja mahdollisuuksia ja matkustimmekin tytt\u00f6jen kanssa melko paljon. K\u00e4vimme pidemm\u00e4n reissun Balilla, lis\u00e4ksi teimme pari lyhyemp\u00e4\u00e4 reissua Tasmaniaan ja Gold Coastille. Torstairetkien my\u00f6t\u00e4 p\u00e4\u00e4simme my\u00f6s Great Ocean Roadille. Pyrimme ottamaan kaiken ilon irti vapaa-ajasta harjoittelun, kouluhommien ja urheilun lomassa. <\/p>\n\n\n\n<p class=\"has-text-align-left\">Kaikille, jotka pohtivat vaihtoon l\u00e4ht\u00f6\u00e4, niin l\u00e4htek\u00e4\u00e4! K\u00e4yt\u00e4nn\u00f6n j\u00e4rjestelyt ovat stressaavia ja vaihdossa tulee haastaviakin hetki\u00e4 eteen, mutta kokemus on sen arvoinen. Sen t\u00e4m\u00e4 reissu on ainakin opettanut, ett\u00e4 kaikki j\u00e4rjestyy ja kaikesta selvi\u00e4\u00e4. Australiaan aion matkustaa uudestaankin tulevaisuudessa, mutta nyt palaan Suomeen hyvill\u00e4 mielin ja monta kokemusta rikkaampana!<\/p>\n\n\n\n<figure class=\"wp-block-image size-large is-resized\"><img loading=\"lazy\" decoding=\"async\" src=\"https:\/\/blogi.savonia.fi\/matkallamelbourneen\/wp-content\/uploads\/sites\/11001\/2023\/05\/20230506_015356000_iOS-768x1024.jpg\" alt=\"\" class=\"wp-image-540\" width=\"576\" height=\"768\" srcset=\"https:\/\/blogi.savonia.fi\/matkallamelbourneen\/wp-content\/uploads\/sites\/11001\/2023\/05\/20230506_015356000_iOS-768x1024.jpg 768w, https:\/\/blogi.savonia.fi\/matkallamelbourneen\/wp-content\/uploads\/sites\/11001\/2023\/05\/20230506_015356000_iOS-225x300.jpg 225w, https:\/\/blogi.savonia.fi\/matkallamelbourneen\/wp-content\/uploads\/sites\/11001\/2023\/05\/20230506_015356000_iOS-1152x1536.jpg 1152w, https:\/\/blogi.savonia.fi\/matkallamelbourneen\/wp-content\/uploads\/sites\/11001\/2023\/05\/20230506_015356000_iOS-100x133.jpg 100w, https:\/\/blogi.savonia.fi\/matkallamelbourneen\/wp-content\/uploads\/sites\/11001\/2023\/05\/20230506_015356000_iOS-150x200.jpg 150w, https:\/\/blogi.savonia.fi\/matkallamelbourneen\/wp-content\/uploads\/sites\/11001\/2023\/05\/20230506_015356000_iOS-200x267.jpg 200w, https:\/\/blogi.savonia.fi\/matkallamelbourneen\/wp-content\/uploads\/sites\/11001\/2023\/05\/20230506_015356000_iOS-300x400.jpg 300w, https:\/\/blogi.savonia.fi\/matkallamelbourneen\/wp-content\/uploads\/sites\/11001\/2023\/05\/20230506_015356000_iOS-450x600.jpg 450w, https:\/\/blogi.savonia.fi\/matkallamelbourneen\/wp-content\/uploads\/sites\/11001\/2023\/05\/20230506_015356000_iOS-600x800.jpg 600w, https:\/\/blogi.savonia.fi\/matkallamelbourneen\/wp-content\/uploads\/sites\/11001\/2023\/05\/20230506_015356000_iOS-900x1200.jpg 900w, https:\/\/blogi.savonia.fi\/matkallamelbourneen\/wp-content\/uploads\/sites\/11001\/2023\/05\/20230506_015356000_iOS.jpg 1536w\" sizes=\"auto, (max-width: 576px) 100vw, 576px\" \/><\/figure>\n<\/div>\n","protected":false},"excerpt":{"rendered":"<p>Olen aina halunnut l\u00e4hte\u00e4 vaihtoon, joten t\u00e4m\u00e4 mahdollisuus kuulosti minulle sopivalta. Kuulin mahdollisuudesta syksyll\u00e4 2022 ja t\u00e4st\u00e4 parin kuukauden p\u00e4\u00e4st\u00e4 sopimukset oli jo allekirjoitettu. Olin Melbournen Suomalaiseen Yst\u00e4v\u00e4palveluun yhteydess\u00e4 viestitse ja videopuheluiden v\u00e4lityksell\u00e4 muutamaan otteeseen ennen harjoittelua. Ennen l\u00e4ht\u00f6\u00e4 riitti &hellip;<\/p>\n<p class=\"read-more\"> <a class=\"more-link\" href=\"https:\/\/blogi.savonia.fi\/matkallamelbourneen\/opiskelijoille\/kokemuksia-harjoittelusta\/hildan-kokemuksia-kevatlukukausi-2023\/\"> <span class=\"screen-reader-text\">Hildan kokemuksia (kev\u00e4tlukukausi 2023)<\/span> Lue lis\u00e4\u00e4 &raquo;<\/a><\/p>\n","protected":false},"author":7248,"featured_media":0,"parent":294,"menu_order":0,"comment_status":"closed","ping_status":"closed","template":"","meta":{"footnotes":""},"class_list":["post-518","page","type-page","status-publish","hentry"],"_links":{"self":[{"href":"https:\/\/blogi.savonia.fi\/matkallamelbourneen\/wp-json\/wp\/v2\/pages\/518","targetHints":{"allow":["GET"]}}],"collection":[{"href":"https:\/\/blogi.savonia.fi\/matkallamelbourneen\/wp-json\/wp\/v2\/pages"}],"about":[{"href":"https:\/\/blogi.savonia.fi\/matkallamelbourneen\/wp-json\/wp\/v2\/types\/page"}],"author":[{"embeddable":true,"href":"https:\/\/blogi.savonia.fi\/matkallamelbourneen\/wp-json\/wp\/v2\/users\/7248"}],"replies":[{"embeddable":true,"href":"https:\/\/blogi.savonia.fi\/matkallamelbourneen\/wp-json\/wp\/v2\/comments?post=518"}],"version-history":[{"count":8,"href":"https:\/\/blogi.savonia.fi\/matkallamelbourneen\/wp-json\/wp\/v2\/pages\/518\/revisions"}],"predecessor-version":[{"id":544,"href":"https:\/\/blogi.savonia.fi\/matkallamelbourneen\/wp-json\/wp\/v2\/pages\/518\/revisions\/544"}],"up":[{"embeddable":true,"href":"https:\/\/blogi.savonia.fi\/matkallamelbourneen\/wp-json\/wp\/v2\/pages\/294"}],"wp:attachment":[{"href":"https:\/\/blogi.savonia.fi\/matkallamelbourneen\/wp-json\/wp\/v2\/media?parent=518"}],"curies":[{"name":"wp","href":"https:\/\/api.w.org\/{rel}","templated":true}]}}