{"id":12,"date":"2013-09-22T13:33:14","date_gmt":"2013-09-22T10:33:14","guid":{"rendered":"https:\/\/blogi.savonia.fi\/myrverkkoluennot\/?page_id=12"},"modified":"2025-04-01T17:23:19","modified_gmt":"2025-04-01T14:23:19","slug":"katetuotto","status":"publish","type":"page","link":"https:\/\/blogi.savonia.fi\/myrverkkoluennot\/katetuotto\/","title":{"rendered":"Katetuotto"},"content":{"rendered":"\n\n\n<h2 class=\"wp-block-heading\">Kannattavuus ja katetuotto<\/h2>\n\n\n\n<p>Katetuottolaskenta on esitelty seuraavilla verkkoluennoilla harjoitusteht\u00e4vien avulla. Perehdy ensin Suunnittelun ja kannattavuuslaskennan perusteisiin Maatilayritt\u00e4minen sivulla.<\/p>\n\n\n\n<p>Tutustu yleisohjeisiin harjoitusteht\u00e4viss\u00e4 etenemisest\u00e4 jne. Laadi harjoitusteht\u00e4v\u00e4 ja sen j\u00e4lkeen katso ratkaisu verkkoluennolta. Harjoittele, kunnes osaat.<\/p>\n\n\n\n<p>Sivua on viimeksi p\u00e4ivitetty 1.4.2025<\/p>\n\n\n\n<p>\u2013<\/p>\n\n\n\n<p>01 <a href=\"https:\/\/media.savonia.fi\/View.aspx?id=96995~5z~VdqHaJRKIj&amp;code=SW~xgfxujMLCHGg7gXf7cvOdY7Tpdc3SoIePZNcKiixVT6f7Pr9foBWzQgulqI2LC9llcv2ttokm0xkKv7E&amp;ax=7K~tGs28Ql7KNIN9P\">Kannattavuus<\/a> (8 min)<\/p>\n\n\n\n<p>02 <a href=\"https:\/\/media.savonia.fi\/View.aspx?id=97000~5d~uXTGHGgALN&amp;code=SY~zDKKPuihxysPSVXqkmhQDaBLJaedmtVtHw8LNaXJiPwmpOb8pORckVtfOEnoxKBmaOxGdnt2URQDbFeN&amp;ax=7P~94QRzboG7obgmB\">Katetuotto<\/a> (9 min)<\/p>\n\n\n\n<p>03 <a href=\"https:\/\/media.savonia.fi\/View.aspx?id=97002~5f~xmxIbEDiGF&amp;code=SF~DzgaAyflTYNTrDv8SThwDhKCFSkkXJbqIektlNEKI8OmeAupx9FsUhFlBt7gwVB9tX8owOCmhDTgPeq2&amp;ax=7I~rjNZERPBPUWefm\">Katetuotto, p\u00e4ivitetty<\/a> (3 min)<\/p>\n\n\n\n<p>04 <a href=\"https:\/\/media.savonia.fi\/View.aspx?id=97004~5h~zJbJwP8OBy&amp;code=SW~xgfxujMLCHGg7gXf7cvOdY7Tpdc3SoIePZNcKiixVT6f7Pr9foBWzQgvljHXLz9plgv8tsonlVxlKv7F&amp;ax=7K~tGs28Ql8KMIN9P\">Katetuottolaskelma ei ole kannattavuuslaskelma<\/a> (7 min)<\/p>\n\n\n\n<p>05 <a href=\"https:\/\/media.savonia.fi\/View.aspx?id=97006~5j~C8GWRZvwwq&amp;code=SP~PvcFA0muubA0Rdw0ekS6WOAmzdv7XIosT4v7AdxW8qlhPiUEw6beySPLoPa8gChBuYlJWX8kwFJsA28X&amp;ax=7M~w5Xfu0HPFEvoVu\">Positiivisen katetuoton merkitys<\/a> (7 min)<\/p>\n\n\n\n<p>06 <a href=\"https:\/\/media.savonia.fi\/View.aspx?id=97008~5l~EvkYlYSeri&amp;code=SO~nIOfQ2b8XmGItnWw7KytjCM2PPUDmuIrwHPkyLdlSy8eGjC4qRudGliNaakqO8UO9CkoEoXcFR9fqPvY&amp;ax=7O~ysBgPbdlAxhXPX\">Miten katetuotto lasketaan<\/a> (6 min)<\/p>\n\n\n\n<p>07 <a href=\"https:\/\/media.savonia.fi\/View.aspx?id=97010~5e~WLi7rFrXiC&amp;code=SN~N8yDeQQYzlNrWJvPSmeQxCXHfgsWCsbdalilxkJWLtMnxjjulENcNND3MFuRurGPFsj4lSUMOXqahJSU&amp;ax=7Q~AQfijaA3vpVKKr\">Katetuottolaskelmia k\u00e4ytet\u00e4\u00e4n vaihtoehtojen vertailuun<\/a> (12 min)<\/p>\n\n\n\n<p>08 <a href=\"https:\/\/media.savonia.fi\/View.aspx?id=97012~5g~7WNkMQOFdv&amp;code=SY~zDKKPuihxysPSVXqkmhQDaBLJaedmtVtHw8LNaXJiPwmpOb8pORckVtfOInixNBpaOxNdmt5UWQwbweL&amp;ax=7J~T6cqoQ9MmJPvDc\">Liikep\u00e4\u00e4oma ja liikep\u00e4\u00e4oman korko<\/a> (5 min)<\/p>\n\n\n\n<p>09 <a href=\"https:\/\/media.savonia.fi\/View.aspx?id=97014~5i~alrlgOkb8n&amp;code=SX~7Qv9ejY89wzyv6wJdMPqRaNr8ADJCroglasYLJD9bLjigPJJkBiXsoNtA2xJe8nhGFwpLZqFcNgmTEBS&amp;ax=7L~VtHDK2wuhBC6xE\">Kotiel\u00e4intuotannon katetuotto<\/a> (10 min)<\/p>\n\n\n\n<p>10 <a href=\"https:\/\/media.savonia.fi\/View.aspx?id=97015~5j~C8GWRZvxwp&amp;code=SP~PvcFA0muubA0Rdw0ekS6WOAmzdv7XIosT4v7AdxW8qlhPiUEw6beySPLoSa4gzhGuYlNWX8dwGJszZ90&amp;ax=7M~w5Xfu0HQFDvoVu\">El\u00e4inp\u00e4\u00e4oma<\/a> (8 min)<\/p>\n\n\n\n<p>11 <a href=\"https:\/\/media.savonia.fi\/View.aspx?id=97016~5k~cIWyBZGSUr&amp;code=SW~xgfxujMLCHGg7gXf7cvOdY7Tpdc3SoIePZNcKiixVT6f7Pr9foBWzQgvlmI2LD9jlav3tsotlUxmKz7B&amp;ax=7N~6FlEdZTccuoGs8\">Uudistus, el\u00e4inp\u00e4\u00e4oma ja liikep\u00e4\u00e4oma kotiel\u00e4intuotannon katetuottolaskelmissa<\/a> (22 min)<\/p>\n\n\n\n<p>12 <a href=\"https:\/\/media.savonia.fi\/View.aspx?id=97017~5l~EvkYlYSfrh&amp;code=T7~Jcc2tMTUcTsnwP6WjOfcxwOQixmPSnVh9DXP7ubJmcumIxRpek7JesqW8HKVvdH9mjIsTDLsB4ntvfHH&amp;ax=7O~ysBgPbdmAwhXPX\">Maidontuotannon katetuotto<\/a> (7 min)<\/p>\n\n\n\n<p>13 <a href=\"https:\/\/media.savonia.fi\/View.aspx?id=97018~5m~f7AAXacpPj&amp;code=SP~PvcFA0muubA0Rdw0ekS6WOAmzdv7XIosT4v7AdxW8qlhPiUEw6beySPLoTa3gvhEv4lIWZ8cwHJsA58Z&amp;ax=7P~94QRzboI7mbgmB\">Uudistushiehon katetuotto<\/a> (6 min)<\/p>\n\n\n\n<p>14 <a href=\"https:\/\/media.savonia.fi\/View.aspx?id=97019~5n~GTQcH9nKm9&amp;code=T6~hoNCJMIzG5z58ZxsdeMLLw9jzaMlh9o3EtqQXfIkf7hjzyyO97qHlULbLdVdbxsZSaHaB3J8KhEsmcds&amp;ax=7Q~AQfijaA4voVKKr\">Kotiel\u00e4intuotannon katetuotto, yhteenveto<\/a> (2 min)<\/p>\n\n\n\n<p>&#8211;<\/p>\n\n\n\n<p>1 <a href=\"https:\/\/media.savonia.fi\/View.aspx?id=96996~5A~vOGjLUbTf9&amp;code=T7~Jcc2tMTUcTsnwP6WjOfcxwOQixmPSnVh9DXP7ubJmcumIxRpek7JesqV8LKVvdH0mkIpTALtB5nwvlHG&amp;ax=7L~VtHDK2wshDC6xE\">Mallilan rehuohran katetuotto, ratkaisu<\/a> (26 min)<\/p>\n\n\n\n<p>1 <a href=\"https:\/\/media.savonia.fi\/View.aspx?id=96997~5B~6pVUvTngDb&amp;code=SG~ebvLkxqGqNHcPtVO8iB8phyXpgM0HMIDdoRsnf89PcadnzMYCmmtMOl6QaO3QwPaPj9MPtEE8rCl7bUj&amp;ax=7M~w5Xfu0HOFFvoVu\">Mallilan rehuohran katetuotto, ratkaisu2<\/a> (20 min)<\/p>\n\n\n\n<p>1a <a href=\"https:\/\/media.savonia.fi\/View.aspx?id=96998~5C~yckkfSyCa0&amp;code=SN~N8yDeQQYzlNrWJvPSmeQxCXHfgsWCsbdalilxkJWLtMnxjjulENcNND3MCuMuyGMFtj0lTUPOVq8hLSY&amp;ax=7N~6FlEdZTacwoGs8\">Tuoresadon muuntaminen katetuottolaskelmassa kuiva-ainesadoksi ja sadon energiasis\u00e4lt\u00f6<\/a> (5 min)<\/p>\n\n\n\n<p>1b <a href=\"https:\/\/media.savonia.fi\/View.aspx?id=96999~5D~8MzVR5JXy3&amp;code=SX~7Qv9ejY89wzyv6wJdMPqRaNr8ADJCroglasYLJD9bLjigPJJkBiXsoNtzXxGe8nqGBwrLYqIcVghTEBN&amp;ax=7O~ysBgPbdkAyhXPX\">Tuotannon kehitt\u00e4minen tuotantoon panostamalla, B-laskelmaesimerkki<\/a> (5 min)<\/p>\n\n\n\n<p>2 <a href=\"https:\/\/media.savonia.fi\/View.aspx?id=97001~5e~WLi7rFrWiD&amp;code=SW~xgfxujMLCHGg7gXf7cvOdY7Tpdc3SoIePZNcKiixVT6f7Pr9foBWzQgvliHYLE9hlev7twoplUxhKz7G&amp;ax=7Q~AQfijaA2vqVKKr\">Maitolan rehuohran katetuotto, ratkaisu<\/a> (30 min)<\/p>\n\n\n\n<p>3 <a href=\"https:\/\/media.savonia.fi\/View.aspx?id=97003~5g~7WNkMQOEdw&amp;code=T8~jMrDdLe5AUlFUFxDqoyNjvDbT7OvCqBjvZDC8VwktgHqRxiMjxFW6Y6HnkAzOQV3HLJOl5NOrW6uEpkD&amp;ax=7J~T6cqoQ9LmKPvDc\">Maitolan s\u00e4il\u00f6rehun katetuotto, ratkaisu<\/a> (25 min)<\/p>\n\n\n\n<p>4 <a href=\"https:\/\/media.savonia.fi\/View.aspx?id=97005~5i~alrlgOka8o&amp;code=T7~Jcc2tMTUcTsnwP6WjOfcxwOQixmPSnVh9DXP7ubJmcumIxRpek7JesqW8EKQvkH5mpIqTCLtB4nnvkHJ&amp;ax=7L~VtHDK2wthCC6xE\">Maitolan laitumen katetuotto, ratkaisu<\/a> (18 min)<\/p>\n\n\n\n<p>5 <a href=\"https:\/\/media.savonia.fi\/View.aspx?id=97007~5k~cIWyBZGRUs&amp;code=T6~hoNCJMIzG5z58ZxsdeMLLw9jzaMlh9o3EtqQXfIkf7hjzyyO97qHlULbL9VibDt7S5H4B0JdKeEmmddu&amp;ax=7N~6FlEdZTbcvoGs8\">Hepolan rehukauran katetuotto, ratkaisu<\/a> (21 min)<\/p>\n\n\n\n<p>6 <a href=\"https:\/\/media.savonia.fi\/View.aspx?id=97009~5m~f7AAXacoPk&amp;code=SP~PvcFA0muubA0Rdw0ekS6WOAmzdv7XIosT4v7AdxW8qlhPiUEw6beySPLoQa7gyhzv2lIX28hwFJtA58W&amp;ax=7P~94QRzboH7nbgmB\">Maitolan maidontuotannon katetuotto, ratkaisu<\/a> (20 min)<\/p>\n\n\n\n<p>7 <a href=\"https:\/\/media.savonia.fi\/View.aspx?id=97011~5f~xmxIbEDjGE&amp;code=SX~7Qv9ejY89wzyv6wJdMPqRaNr8ADJCroglasYLJD9bLjigPJJkBiXsoNtA2xBe2njGBwqM8qJcOgiTJBT&amp;ax=7R~bruTUlLpTrP3h5\">Maitolan uudistushiehon katetuotto, ratkaisu<\/a> (16 min)<\/p>\n\n\n\n<p>8 <a href=\"https:\/\/media.savonia.fi\/View.aspx?id=97013~5h~zJbJwP8PBx&amp;code=Tf~SJuv84EmJsrTaI7FjhcxrRaIJ7vrx6V5sWVHj0gVpxsna5GuU2ft7XoEjPhgsOMLxUTbIHcEheLxP2ji&amp;ax=7K~tGs28Ql9KLIN9P\">Uudistus, el\u00e4inp\u00e4\u00e4oma ja liikep\u00e4\u00e4oma, ratkaisut<\/a> (20 min)<\/p>\n","protected":false},"excerpt":{"rendered":"<p>Kannattavuus ja katetuotto Katetuottolaskenta on esitelty seuraavilla verkkoluennoilla harjoitusteht\u00e4vien avulla. Perehdy ensin Suunnittelun ja kannattavuuslaskennan perusteisiin Maatilayritt\u00e4minen sivulla. Tutustu yleisohjeisiin harjoitusteht\u00e4viss\u00e4 etenemisest\u00e4 jne. Laadi harjoitusteht\u00e4v\u00e4 ja sen j\u00e4lkeen katso ratkaisu verkkoluennolta. Harjoittele, kunnes osaat. Sivua on viimeksi p\u00e4ivitetty 1.4.2025 \u2013<\/p>\n","protected":false},"author":21,"featured_media":0,"parent":0,"menu_order":0,"comment_status":"open","ping_status":"open","template":"","meta":{"footnotes":""},"class_list":["post-12","page","type-page","status-publish","hentry"],"_links":{"self":[{"href":"https:\/\/blogi.savonia.fi\/myrverkkoluennot\/wp-json\/wp\/v2\/pages\/12","targetHints":{"allow":["GET"]}}],"collection":[{"href":"https:\/\/blogi.savonia.fi\/myrverkkoluennot\/wp-json\/wp\/v2\/pages"}],"about":[{"href":"https:\/\/blogi.savonia.fi\/myrverkkoluennot\/wp-json\/wp\/v2\/types\/page"}],"author":[{"embeddable":true,"href":"https:\/\/blogi.savonia.fi\/myrverkkoluennot\/wp-json\/wp\/v2\/users\/21"}],"replies":[{"embeddable":true,"href":"https:\/\/blogi.savonia.fi\/myrverkkoluennot\/wp-json\/wp\/v2\/comments?post=12"}],"version-history":[{"count":21,"href":"https:\/\/blogi.savonia.fi\/myrverkkoluennot\/wp-json\/wp\/v2\/pages\/12\/revisions"}],"predecessor-version":[{"id":734,"href":"https:\/\/blogi.savonia.fi\/myrverkkoluennot\/wp-json\/wp\/v2\/pages\/12\/revisions\/734"}],"wp:attachment":[{"href":"https:\/\/blogi.savonia.fi\/myrverkkoluennot\/wp-json\/wp\/v2\/media?parent=12"}],"curies":[{"name":"wp","href":"https:\/\/api.w.org\/{rel}","templated":true}]}}