{"id":15,"date":"2013-09-22T13:34:13","date_gmt":"2013-09-22T10:34:13","guid":{"rendered":"https:\/\/blogi.savonia.fi\/myrverkkoluennot\/?page_id=15"},"modified":"2025-04-01T17:26:13","modified_gmt":"2025-04-01T14:26:13","slug":"kiinteat-kustannukset","status":"publish","type":"page","link":"https:\/\/blogi.savonia.fi\/myrverkkoluennot\/kiinteat-kustannukset\/","title":{"rendered":"Kiinte\u00e4t kustannukset"},"content":{"rendered":"\n\n\n<h2 class=\"wp-block-heading\">Omaisuuden arviointi ja kiinte\u00e4t kustannukset<\/h2>\n\n\n\n<p>Maatilaomaisuuden arvostaminen ja kiinte\u00e4t kustannukset ovat esitelty seuraavilla verkkoluennoilla, jossa annetaan my\u00f6s ohjeet kiinteiden kustannusten laskentaan. Tutustu ensiksi yleisohjeisiin. Laadi harjoitusteht\u00e4v\u00e4t ja katso ratkaisut verkkoluennoilta. Harjoittele, kunnes osaat.<\/p>\n\n\n\n<p>Sivua on viimeksi p\u00e4ivitetty 1.4.2025<\/p>\n\n\n\n<p>\u2013<\/p>\n\n\n\n<p>01 <a href=\"https:\/\/media.savonia.fi\/View.aspx?id=97067~5q~jSJOMjVTEX&amp;code=SN~N8yDeQQYzlNrWJvPSmeQxCXHfgsWCsbdalilxkJWLtMnxjjulENcNND5MCuKutGNFrj8lOULOTqfhPSX&amp;ax=7K~tGs28Rl4KPIN9P\">Maatilan omaisuuden arvo<\/a> (7 min)<\/p>\n\n\n\n<p>02 <a href=\"https:\/\/media.savonia.fi\/View.aspx?id=97068~5r~LF8ewig4bN&amp;code=T7~Jcc2tMTUcTsnwP6WjOfcxwOQixmPSnVh9DXP7ubJmcumIxRpek7JesqY8CKRveGZmoInTHLsB7ntvmHI&amp;ax=7L~VtHDK3wphFC6xE\">Maatalouden omaisuusosat<\/a> (8 min)<\/p>\n\n\n\n<p>03 <a href=\"https:\/\/media.savonia.fi\/View.aspx?id=97069~5s~mgnQghrpzP&amp;code=SP~PvcFA0muubA0Rdw0ekS6WOAmzdv7XIosT4v7AdxW8qlhPiUEw6beySPNoNa9gvhGv0lNX38cwDJyzW8W&amp;ax=7M~w5Xfu2HLFHvoVu\">Omaisuuden arvot kannattavuuslaskennassa<\/a> (5 min)<\/p>\n\n\n\n<p>04 <a href=\"https:\/\/media.savonia.fi\/View.aspx?id=97070~5k~cIWyBZGYUl&amp;code=SN~N8yDeQQYzlNrWJvPSmeQxCXHfgsWCsbdalilxkJWLtMnxjjulENcNND5MCuTupGMFvj4lUUOOTq9hLSU&amp;ax=7N~6FlEe0T7cyoGs8\">Maatalouden kustannukset<\/a> (6 min)<\/p>\n\n\n\n<p>05 <a href=\"https:\/\/media.savonia.fi\/View.aspx?id=97071~5l~EvkYlYSlrb&amp;code=SX~7Qv9ejY89wzyv6wJdMPqRaNr8ADJCroglasYLJD9bLjigPJJkBiXsoNvzYxCeanhGywmM2qHcRgqTHBT&amp;ax=7O~ysBgPcdhAAhXPX\">Omaisuudesta aiheutuvat kiinte\u00e4 kustannukset<\/a> (4 min)<\/p>\n\n\n\n<p>06 <a href=\"https:\/\/media.savonia.fi\/View.aspx?id=97072~5m~f7AAXacvPd&amp;code=SY~zDKKPuihxysPSVXqkmhQDaBLJaedmtVtHw8LNaXJiPwmpOb8pORckVthOFnkxLBnaOxNdssZUYQwbweL&amp;ax=7G~oUiMjIsQV5irkS\">Maatilaomaisuudesta aiheutuvat kiinte\u00e4 kustannukset<\/a> (8 min)<\/p>\n\n\n\n<p>07 <a href=\"https:\/\/media.savonia.fi\/View.aspx?id=97073~5n~GTQcH9nQm3&amp;code=SW~xgfxujMLCHGg7gXf7cvOdY7Tpdc3SoIePZNcKiixVT6f7Pr9foBWzQgxliI5LF9jl9v7ttonm0xgKB7y&amp;ax=7H~QHyoUTEdrUbJII\">Nykyarvo<\/a> (17 min)<\/p>\n\n\n\n<p>&#8211;<\/p>\n\n\n\n<p>08 <a href=\"https:\/\/media.savonia.fi\/View.aspx?id=97074~5o~hueBr8zdK5&amp;code=SO~nIOfQ2b8XmGItnWw7KytjCM2PPUDmuIrwHPkyLdlSy8eGjC4qRudGliPa9kpO7UT9GkqEoX6FM9bqSw0&amp;ax=7I~rjNZESPyPWWefm\">Kiinte\u00e4 kustannukset, Poisto<\/a> (5 min)<\/p>\n\n\n\n<p>09 <a href=\"https:\/\/media.savonia.fi\/View.aspx?id=97075~5p~Jiudb8KzgU&amp;code=SP~PvcFA0muubA0Rdw0ekS6WOAmzdv7XIosT4v7AdxW8qlhPiUEw6beySPNoPa6gxhFuZlJWX8jwFJqA290&amp;ax=7J~T6cqoR9ImMPvDc\">Kiinte\u00e4 kustannukset, Korko<\/a> (6 min)<\/p>\n\n\n\n<p>10 <a href=\"https:\/\/media.savonia.fi\/View.aspx?id=97076~5q~jSJOMjVUEW&amp;code=SW~xgfxujMLCHGg7gXf7cvOdY7Tpdc3SoIePZNcKiixVT6f7Pr9foBWzQgxljI4LB9ilev4tvolm4xhKx7B&amp;ax=7K~tGs28Rl5KOIN9P\">Kiinte\u00e4 kustannukset, Annuiteetti<\/a> (15 min)<\/p>\n\n\n\n<p>11 <a href=\"https:\/\/media.savonia.fi\/View.aspx?id=97077~5r~LF8ewig5bM&amp;code=SX~7Qv9ejY89wzyv6wJdMPqRaNr8ADJCroglasYLJD9bLjigPJJkBiXsoNvzZxKe0nqGxwoM8qIcPgiTEBP&amp;ax=7L~VtHDK3wqhEC6xE\">Muut kiinte\u00e4 kustannukset<\/a> (6 min)<\/p>\n\n\n\n<p>&#8211;<\/p>\n\n\n\n<p>12 <a href=\"https:\/\/media.savonia.fi\/View.aspx?id=97078~5s~mgnQghrqzO&amp;code=T8~jMrDdLe5AUlFUFxDqoyNjvDbT7OvCqBjvZDC8VwktgHqRxiMjxFW6Y6JnmAtOXV5HKJJl3NNrU6rErkI&amp;ax=7M~w5Xfu2HMFGvoVu\">Kiinte\u00e4 kustannukset k\u00e4yt\u00e4nn\u00f6n sovellukset<\/a> (7 min)<\/p>\n\n\n\n<p>13 <a href=\"https:\/\/media.savonia.fi\/View.aspx?id=97079~5t~O4DsRsCM6E&amp;code=T6~hoNCJMIzG5z58ZxsdeMLLw9jzaMlh9o3EtqQXfIkf7hjzyyO97qHlULdLaVebFt0S5H7AZJcKhEomeds&amp;ax=7N~6FlEe0T8cxoGs8\">Kiinte\u00e4 kustannukset, teht\u00e4v\u00e4n 1 ratkaisut<\/a> (10 min)<\/p>\n\n\n\n<p>14 <a href=\"https:\/\/media.savonia.fi\/View.aspx?id=97080~5l~EvkYlYSmra&amp;code=T7~Jcc2tMTUcTsnwP6WjOfcxwOQixmPSnVh9DXP7ubJmcumIxRpek7JesqY8FKVvhH8mmItTzLuB2nqviHE&amp;ax=7O~ysBgPcdiAzhXPX\">Kiinte\u00e4 kustannukset, harjoitusteht\u00e4v\u00e4esimerkki<\/a> (25 min)<\/p>\n","protected":false},"excerpt":{"rendered":"<p>Omaisuuden arviointi ja kiinte\u00e4t kustannukset Maatilaomaisuuden arvostaminen ja kiinte\u00e4t kustannukset ovat esitelty seuraavilla verkkoluennoilla, jossa annetaan my\u00f6s ohjeet kiinteiden kustannusten laskentaan. Tutustu ensiksi yleisohjeisiin. Laadi harjoitusteht\u00e4v\u00e4t ja katso ratkaisut verkkoluennoilta. Harjoittele, kunnes osaat. Sivua on viimeksi p\u00e4ivitetty 1.4.2025 \u2013 01<\/p>\n","protected":false},"author":21,"featured_media":0,"parent":0,"menu_order":0,"comment_status":"open","ping_status":"open","template":"","meta":{"footnotes":""},"class_list":["post-15","page","type-page","status-publish","hentry"],"_links":{"self":[{"href":"https:\/\/blogi.savonia.fi\/myrverkkoluennot\/wp-json\/wp\/v2\/pages\/15","targetHints":{"allow":["GET"]}}],"collection":[{"href":"https:\/\/blogi.savonia.fi\/myrverkkoluennot\/wp-json\/wp\/v2\/pages"}],"about":[{"href":"https:\/\/blogi.savonia.fi\/myrverkkoluennot\/wp-json\/wp\/v2\/types\/page"}],"author":[{"embeddable":true,"href":"https:\/\/blogi.savonia.fi\/myrverkkoluennot\/wp-json\/wp\/v2\/users\/21"}],"replies":[{"embeddable":true,"href":"https:\/\/blogi.savonia.fi\/myrverkkoluennot\/wp-json\/wp\/v2\/comments?post=15"}],"version-history":[{"count":11,"href":"https:\/\/blogi.savonia.fi\/myrverkkoluennot\/wp-json\/wp\/v2\/pages\/15\/revisions"}],"predecessor-version":[{"id":740,"href":"https:\/\/blogi.savonia.fi\/myrverkkoluennot\/wp-json\/wp\/v2\/pages\/15\/revisions\/740"}],"wp:attachment":[{"href":"https:\/\/blogi.savonia.fi\/myrverkkoluennot\/wp-json\/wp\/v2\/media?parent=15"}],"curies":[{"name":"wp","href":"https:\/\/api.w.org\/{rel}","templated":true}]}}