{"id":24,"date":"2013-09-22T13:36:06","date_gmt":"2013-09-22T10:36:06","guid":{"rendered":"https:\/\/blogi.savonia.fi\/myrverkkoluennot\/?page_id=24"},"modified":"2025-11-27T09:23:10","modified_gmt":"2025-11-27T07:23:10","slug":"tuotantokustannuslaskelmat","status":"publish","type":"page","link":"https:\/\/blogi.savonia.fi\/myrverkkoluennot\/tuotantokustannuslaskelmat\/","title":{"rendered":"Tuotantokustannuslaskelmat"},"content":{"rendered":"<p>Maatalouden tuotantokustannukset on esitelty t\u00e4ll\u00e4 sivulla luentotallenteissa: Johdanto, esimerkkej\u00e4 ja harjoitusteht\u00e4v\u00e4n ohjeita.<\/p>\n<p>Huom! Tallenteissa voi esiinty\u00e4 joitain vanhentuneita tietoja. Tarkista esim. tuotteiden ja tuotantopanosten hinnat.<\/p>\n<p>Sivua on viimeksi p\u00e4ivitetty 27.11.2025<\/p>\n<p>&#8211;<\/p>\n<p><a href=\"https:\/\/media.savonia.fi\/View.aspx?id=101160~5S~R9VbpxUzlSbD&amp;code=Tz~ponv6ZSFL2Rk8E9sIvwudKHovLQZx4tXOBpMLOUv7jnquiFMRU85ijJzLJmUN89RA9sBHQWMLirPkkCer7&amp;ax=8m~L6khSEfIv49zDIhf\">Tuotantokustannuslaskelmien ohjeet<\/a> (4 min)<\/p>\n<p>&#8211;<\/p>\n<h3>Rehun tuotantokustannuslaskelma<\/h3>\n<p>01 <a href=\"https:\/\/media.savonia.fi\/View.aspx?id=101161~5T~rKjA9weIJTW9&amp;code=TD~uawKNlKSAHquON9OhDVKaVNVisVjmpUsxEPkRzwvzAmqd49JlzCyFEhPRkyGllcJflxVbFeNaMdiULQGuR&amp;ax=8n~lGzSCDr4T5U5amHV\">Kasvinviljelyn (rehun) tuotantokustannuslaskelman esittely<\/a> (14 min)<\/p>\n<p>&#8211;<\/p>\n<p>02 <a href=\"https:\/\/media.savonia.fi\/View.aspx?id=101162~5U~TxzdKHq5gIPs&amp;code=TJ~BkjZXE8CleDryealV7fQxix8p6azx3H08eAq90NHoNLxdNeQQQv3O6U0z6pLwPHCBjFVgOsH9fhUWdl69U&amp;ax=8f~c9hp79GCmxUowtHd\">Rehun tuotantokustannuslaskelman aloitusohjeet<\/a> (2 min)<\/p>\n<p>03 <a href=\"https:\/\/media.savonia.fi\/View.aspx?id=101163~5V~u8OOuHBqEJIL&amp;code=TS~lsS6lVVCoAwgzWBK9XwOdDyxz3KRMZmPNTe5lYmizdWBFwmvKzjOAaxt7JCYNSaah4RVokNtxvp4xVqZWi&amp;ax=8g~DWx0IkRYKzNHUjgH\">L\u00e4ht\u00f6tiedot rehun tuotantokustannuslaskelmaan<\/a> (7 min)<\/p>\n<p>04 <a href=\"https:\/\/media.savonia.fi\/View.aspx?id=101164~5W~VUdeeGMMbzC4&amp;code=TE~VXMmxkWf7wjMlrAvodobO7CgT2vMXEAuU0v7T0R7GEztm3sjqMjzycOMeOomEYqCAMzgudhaSQNycItHiv&amp;ax=8h~exMCsjc8hoH0qWHo\">L\u00e4ht\u00f6tiedot, pellon kustannukset ja hintatiedot<\/a> (2 min)<\/p>\n<p>05 <a href=\"https:\/\/media.savonia.fi\/View.aspx?id=101166~5Y~77IrzQii6poG&amp;code=Tx~n0JuD0vXQcdyeb9hvlKrFLdwbOOQbMgIX5d2IVfjKnOwcjVOHuK3xewQimHE9PyYKvpT6FShcr8rTjv4PO&amp;ax=8j~gUqENuyQcetClqHz\">L\u00e4ht\u00f6tiedot, rehun tuotannon ja k\u00e4yt\u00f6n vastaavuus 1<\/a> (3 min)<\/p>\n<p>06 <a href=\"https:\/\/media.savonia.fi\/View.aspx?id=101167~5Z~yT6QjPtEuqhZ&amp;code=TH~yVFYCtD7qoQQDKabHXtO86UtWl8qbLtLgHnFXl8vaElrN2uRGqfObOHhWTKvKGfxLDDfwNo4rsPUE3dZyD&amp;ax=8k~IIGgxtKcAfmVJgh4\">L\u00e4ht\u00f6tiedot, rehun tuotannon ja k\u00e4yt\u00f6n vastaavuus 2<\/a> (6 min)<\/p>\n<p>07 <a href=\"https:\/\/media.savonia.fi\/View.aspx?id=101168~60~9vmsV2F0Srbj&amp;code=TE~VXMmxkWf7wjMlrAvodobO7CgT2vMXEAuU0v7T0R7GEztm3sjqMjzycOMeOonF0qHAGzfughbSPNvcKtEiv&amp;ax=8l~jjVRhsVy74gffTHK\">L\u00e4ht\u00f6tiedot talsusta, esimerkki<\/a> (12 min)<\/p>\n<p>&#8211;<\/p>\n<p>08 <a href=\"https:\/\/media.savonia.fi\/View.aspx?id=101169~62~BiC5F0QmpgVN&amp;code=Ty~ON7TmZHjn06PC0zXBUcRrKT4MopkN0NVsfJZKnzURranljndMHr4pLcCx3xjtsN3eJrfpdUwUqIKbh82Ds&amp;ax=8m~L6khSEfIv59yDIhf\">Yleiskustannus<\/a> (6 min)<\/p>\n<p>09 <a href=\"https:\/\/media.savonia.fi\/View.aspx?id=101170~5T~rKjA9weIJUW8&amp;code=TJ~BkjZXE8CleDryealV7fQxix8p6azx3H08eAq90NHoNLxdNeQQQv3O6U0z6pOwKHBBhFUgKsJ9chYWhl99U&amp;ax=8n~lGzSCDr4T6U4amHV\">Yleiskustannus, esimerkki<\/a> (4 min)<\/p>\n<p>&#8211;<\/p>\n<p>10 <a href=\"https:\/\/media.savonia.fi\/View.aspx?id=101171~5U~TxzdKHq5gJPr&amp;code=TT~NggvX7fLMCpyXMbfgxQqQPmSiqlmx2U3j4L4nqGTGhisOwF6PMS2sGdfmrsFgpoaCqTfGUPNoj89GWVgJV&amp;ax=8o~NuPumCCqpUNmychq\">Kasvinviljelyn rakennukset, koneet ja laitteet, kustannusten kohdentaminen<\/a> (9 min)<\/p>\n<p>11 <a href=\"https:\/\/media.savonia.fi\/View.aspx?id=101172~5V~u8OOuHBqEKIK&amp;code=TT~NggvX7fLMCpyXMbfgxQqQPmSiqlmx2U3j4L4nqGTGhisOwF6PMS2sGdfmrsFgsobCrTfGWPJom8bGUVaJV&amp;ax=8g~DWx0IkRYKANGUjgH\">Kasvinviljelyn rakennukset, koneet ja laitteet, esimerkki<\/a> (8 min)<\/p>\n<p>12 <a href=\"https:\/\/media.savonia.fi\/View.aspx?id=101173~5W~VUdeeGMMbAC3&amp;code=TB~rMSIsaobFRDUUk9DVFiwCVk4PIT9SlHdG8CyOGIvlrNwMhpLb9njUAWinVTtzeBMpMvgrEaht3L3CCJwTA&amp;ax=8h~exMCsjc8hpGZqWHo\">Lantavarastot, lannan k\u00e4sittely, kuljetus ja levityskalusto kotiel\u00e4intuotannon kustannuksena<\/a> (3 min)<\/p>\n<p>&#8211;<\/p>\n<p>13 <a href=\"https:\/\/media.savonia.fi\/View.aspx?id=101180~5U~TxzdKHq5gKPq&amp;code=TQ~j5mRRWyTtKJGFtBzNZKMFEVRf6IIrI9AWnSwj6yil5wvnxCxA9VLP5kKvy6AaEzjrqPjElIPPFWXfFjOtN&amp;ax=8o~NuPumCCqpVNlychq\">Tuotot<\/a> (5 min)<\/p>\n<p>14 <a href=\"https:\/\/media.savonia.fi\/View.aspx?id=101181~5V~u8OOuHBqELIJ&amp;code=U4~7YcZWzmUmNbFw9c9tazNjbcCbJw8x0fTtTVHBOA6XLGzy2e9OJnN7inF9MvzReVTDyftfMlCDpPurJEbsK&amp;ax=8p~o5dT6BNLNWGEW2I7\">Tuotot, esimerkki<\/a> (5 min)<\/p>\n<p>15 <a href=\"https:\/\/media.savonia.fi\/View.aspx?id=101174~5X~wwsPPR6WzBvm&amp;code=TL~DHPerCvkg4q2sGawh5T6Wt9NJ2cJSkUgQXNcbTBHCVkrvMQ0a5KizbfxbhWkiSilqVIARRxjIdBgnhsoCp&amp;ax=8i~Gkb2cjnuFqAjOMgS\">Muuttuvat- ja ty\u00f6kustannus<\/a> (4 min)<\/p>\n<p>16 <a href=\"https:\/\/media.savonia.fi\/View.aspx?id=101175~5Y~77IrzQii6qoF&amp;code=TN~G6tfMNS2aTcBnaaHufF8utDFbMeSmogjIu8LeMpHR4KxNLzYkv8kkgsgEFBBWdKognLgBSBPpSUDFzzDdG&amp;ax=8j~gUqENuyQcftBlqHz\">Muuttuvat- ja ty\u00f6kustannus, esimerkki<\/a> (3 min)<\/p>\n<p>17 <a href=\"https:\/\/media.savonia.fi\/View.aspx?id=101176~5Z~yT6QjPtEurhY&amp;code=Tp~dsr07xLwjDe0Ai8yvSN7LpRECrGex5gUDLf9xpa7H0QvKMfxSYCjDHz97ck9cktiyWfghyzIweBDzDTnIi&amp;ax=8k~IIGgxtKcAgmUJgh4\">Kiinte\u00e4t kustannukset<\/a> (5 min)<\/p>\n<p>18 <a href=\"https:\/\/media.savonia.fi\/View.aspx?id=101177~60~9vmsV2F0Ssbi&amp;code=TN~G6tfMNS2aTcBnaaHufF8utDFbMeSmogjIu8LeMpHR4KxNLzYkv8kkgsgEFBCW9KqgpLhBQBWpZUvFyzydG&amp;ax=8l~jjVRhsVy75gefTHK\">Kiinte\u00e4t kustannukset, esimerkki<\/a> (5 min)<\/p>\n<p>19 <a href=\"https:\/\/media.savonia.fi\/View.aspx?id=101178~62~BiC5F0QmphVM&amp;code=TX~S2pJMg7ZCiPUMJbBGRovO0tpWjpEmotmTjjptbiThmhtxh92jrviQ3CGs0EtFNqYhy7raK7GF4KMqjiwNH&amp;ax=8m~L6khSEfIv69xDIhf\">Rehun tuotantokustannuslaskelman tulokset<\/a> (7 min)<\/p>\n<p>20 <a href=\"https:\/\/media.savonia.fi\/View.aspx?id=101179~63~bSRGoZawNiP6&amp;code=TR~KRCuBWKgRLCXc7b4UzdcrDKdPFjcbKGNrxyikxSTs9JywxV8FmCMHCRIKfNqufNjMNQCWYL3GFG2oJO5hs&amp;ax=8n~lGzSCDr4T7U3amHV\">Rehun tuotantokustannuslaskelman tulokset, esimerkki<\/a> (8 min)<\/p>\n<p>&#8211;<\/p>\n<p>21 <a href=\"https:\/\/media.savonia.fi\/View.aspx?id=101182~5W~VUdeeGMMbBC2&amp;code=TL~DHPerCvkg4q2sGawh5T6Wt9NJ2cJSkUgQXNcbTBHCVkrvMQ0a5KizbfxbhWniNikqTIERWxhIfBjnfsjCp&amp;ax=8h~exMCsjc8hqGYqWHo\">Ostopanokset<\/a> (4 min)<\/p>\n<p>22 <a href=\"https:\/\/media.savonia.fi\/View.aspx?id=101183~5X~wwsPPR6WzCvl&amp;code=TR~KRCuBWKgRLCXc7b4UzdcrDKdPFjcbKGNrxyikxSTs9JywxV8FmCMHCRIKfNruiNdMSQvWXLbGzG5oIO6hs&amp;ax=8i~Gkb2cjnuFrAiOMgS\">Ostopanokset, esimerkki<\/a> (2 min)<\/p>\n<p>&#8211;<\/p>\n<p>23 <a href=\"https:\/\/media.savonia.fi\/View.aspx?id=101184~5Y~77IrzQii6roE&amp;code=TD~uawKNlKSAHquON9OhDVKaVNVisVjmpUsxEPkRzwvzAmqd49JlzCyFEhPRkyNlncFffxQbGeTaLdcUNQKuR&amp;ax=8j~gUqENuyQcgtAlqHz\">Rehun tilahinnat<\/a> (9 min)<\/p>\n<p>24 <a href=\"https:\/\/media.savonia.fi\/View.aspx?id=101185~5Z~yT6QjPtEushX&amp;code=Tw~MptST2kBsbkgHxzMoKqPTLpcssnarKAGAIxfHuLUDjBsUwDeChbPEGR5USRWHnkYp7oxFfPRlCptKgS4aY&amp;ax=8k~IIGgxtKcAhmTJgh4\">Rehun tilahinnat, esimerkki<\/a> (3 min)<\/p>\n<p>25 <a href=\"https:\/\/media.savonia.fi\/View.aspx?id=101186~60~9vmsV2F0Stbh&amp;code=Tw~MptST2kBsbkgHxzMoKqPTLpcssnarKAGAIxfHuLUDjBsUwDeChbPEGR5USRWHqkZp8oyFfPTlBpoKiRZaY&amp;ax=8l~jjVRhsVy76gdfTHK\">Rehun tilahinnat, korjaa korsirehujen kuiva-ainesadot<\/a> (4 min)<\/p>\n<p>26 <a href=\"https:\/\/media.savonia.fi\/View.aspx?id=101187~62~BiC5F0QmpiVL&amp;code=TP~Iu7ggLnyWVQohDaSHpraTEglvIh3HFtyA0lxhEdHe0jseyjWuVnyWxEYgRgNIflhXdNUlOGt7FmJ6BGRGa&amp;ax=8m~L6khSEfIv79wDIhf\">Rehun tilahinnat, korjaa korsirehujen kuiva-ainesadot, esimerkki<\/a> (2 min)<\/p>\n<p>&#8211;<\/p>\n<p>27 <a href=\"https:\/\/media.savonia.fi\/View.aspx?id=101188~63~bSRGoZawNjP5&amp;code=TP~Iu7ggLnyWVQohDaSHpraTEglvIh3HFtyA0lxhEdHe0jseyjWuVnyWxEYgRgNIiliXeNVlPGx7GmH6tGPGa&amp;ax=8n~lGzSCDr4T8U2amHV\">Tuloksen analysointi ja johtop\u00e4\u00e4t\u00f6kset<\/a> (12 min)<\/p>\n<p>28 <a href=\"https:\/\/media.savonia.fi\/View.aspx?id=101189~64~DFg68YlRk8Io&amp;code=TP~Iu7ggLnyWVQohDaSHpraTEglvIh3HFtyA0lxhEdHe0jseyjWuVnyWxEYgRgOIbljXfNWlRGx7ImF6vGOGa&amp;ax=8o~NuPumCCqpWNkychq\">Aito vai tuettu tuotantokustannus<\/a> (4 min)<\/p>\n<p>29 <a href=\"https:\/\/media.savonia.fi\/View.aspx?id=101190~5V~u8OOuHBqEMII&amp;code=TI~9xVAmtOsOpK9aoAROxNrLiINFIA6MZ9MD4UD7zt7hJyuW0NsLDO2Vyn3kpA6d9tCfTEDPjqmikyRNaIcmh&amp;ax=8p~o5dT6BNLNXGDW2I7\">L\u00e4ht\u00f6tietojen arviointi<\/a> (6 min)<\/p>\n<p>30 <a href=\"https:\/\/media.savonia.fi\/View.aspx?id=101191~5W~VUdeeGMMbCC0&amp;code=TM~ejdDbBGGE5jjQwBdnFlvItPlspEpCmAhm8sYdlWjJZxuEMhofirjrIMupZLSCzwkMiJZjhzBz4kiwsWxq3&amp;ax=8q~PRtwHM7VkMzWsFhB\">L\u00e4ht\u00f6tietojen arviointi, esimerkki<\/a> (3 min)<\/p>\n<p>&#8211;<\/p>\n<h3>Kotiel\u00e4intuotantokustannuslaskelma<\/h3>\n<p>31 <a href=\"https:\/\/media.savonia.fi\/View.aspx?id=101192~5X~wwsPPR6WzDvk&amp;code=Tr~fQWesHh2euRNuL8JJ3z9joukWoInSluavirUAiPjVappbzQHcdRxoMLRABQyPBVhoFhPSPEndXUWRO9mjz&amp;ax=8i~Gkb2cjnuFsAhOMgS\">Kotiel\u00e4intuotantokustannuslaskelman esittely<\/a> (9 min)<\/p>\n<p>&#8211;<\/p>\n<p>32 <a href=\"https:\/\/media.savonia.fi\/View.aspx?id=101193~5Y~77IrzQii6soD&amp;code=TA~RbD7IbcOhQKCwuA9P5Q6QWvJf9rth69ZjLWLNgnUenAtDi7bX8GiaQpl9gcyfCnOVstR987ZCgaSttfgeK&amp;ax=8j~gUqENuyQchtzlqHz\">L\u00e4ht\u00f6tiedot kotiel\u00e4intuotantokustannuslaskelmaan<\/a> (7 min)<\/p>\n<p>33 <a href=\"https:\/\/media.savonia.fi\/View.aspx?id=101194~5Z~yT6QjPtEuthW&amp;code=TN~G6tfMNS2aTcBnaaHufF8utDFbMeSmogjIu8LeMpHR4KxNLzYkv8kkgsgEGBxWcKpgoLeBUBOpTUEFyzFdG&amp;ax=8k~IIGgxtKcAimSJgh4\">L\u00e4ht\u00f6tiedot kotiel\u00e4intuotantokustannuslaskelmaan, esimerkki<\/a> (6 min)<\/p>\n<p>34 <a href=\"https:\/\/media.savonia.fi\/View.aspx?id=101195~60~9vmsV2F0Subg&amp;code=Tu~K2PQxRP6xlxFN4zBbBENuzMw8vl0XFnrJbktECXUpabmCxTgrQNNTBEmrulvVjKbzxlUVhLkDN68rXKNzH&amp;ax=8l~jjVRhsVy77gcfTHK\">Ty\u00f6nmenekki<\/a> (6 min)<\/p>\n<p>35 <a href=\"https:\/\/media.savonia.fi\/View.aspx?id=101196~62~BiC5F0QmpjVK&amp;code=TG~79qnSurKTz6nfUAGBnadm7eVlLxWrJNJLxHSVTF7UM8oE2ciBdyNjhakIeUQr3SKqhBWe9lGAAfFuXAZKZ&amp;ax=8m~L6khSEfIv89vDIhf\">Ty\u00f6nmenekki, esimerkki<\/a> (5 min)<\/p>\n<p>&#8211;<\/p>\n<p><a href=\"https:\/\/media.savonia.fi\/View.aspx?id=103066~5Z~yT6QjRtDuqhY&amp;code=TQ~j5mRRWyTtKJGFtBzNZKMFEVRf6IIrI9AWnSwj6yil5wvnxCxA9VLP6kGvy6yaAzkroPhEqISPJX0fDjNtN&amp;ax=8k~IIGgxvKbAfmUJgh4\">36 Hinnat, rehut<\/a> (7 min)<\/p>\n<p><a href=\"https:\/\/media.savonia.fi\/View.aspx?id=103067~60~9vmsV4EZSrbi&amp;code=TF~wyaLhjgpvyd5Jh9ZuNHMA7qBCp6gHGgvpbaTUskvNIMwv3KTvZRMqKuutve37pEEW8AyMTjnJMwtlT6M6a&amp;ax=8l~jjVRhuVx74gefTHK\">37 Hinnat, tuotteet ja tuotantopanokset<\/a> (7 min)<\/p>\n<p>&#8211;<\/p>\n<p><a href=\"https:\/\/media.savonia.fi\/View.aspx?id=103068~62~BiC5F3QlpgVM&amp;code=TO~gGIQwMccyUX6KZBoAP7xgss0MmGyXDNxdEFKgdKi6W6pWKSzpIGxcO7XTmrgoC7dBUMvUuEfgODEOGcwSw&amp;ax=8m~L6khSGfHv59xDIhf\">38 Yleiskustannus ja muut muuttuvat kustannukset<\/a> (7 min)<\/p>\n<p><a href=\"https:\/\/media.savonia.fi\/View.aspx?id=103069~63~bSRGp2avNhP6&amp;code=Tq~FgGCIIWRHE7j6VzfCtfwxpFZlOgHh7O98VM8yQuIO6cmTLy8YcjkwgeQlT9MvVHlUlgDA8BZn6kFIQwnvV&amp;ax=8n~lGzSCFr3T6U3amHV\">39 Rehun k\u00e4ytt\u00f6<\/a> (4 min)<\/p>\n<p><a href=\"https:\/\/media.savonia.fi\/View.aspx?id=103070~5U~TxzdKJq4gJPq&amp;code=Ty~ON7TmZHjn06PC0zXBUcRrKT4MopkN0NVsfJZKnzURranljndMHr4pMcyx3xltvN5eJrgpbUrUwIHbe84Ds&amp;ax=8o~NuPumECppUNlychq\">40 Rakennus- ja konekustannusten kohdentaminen<\/a> (3 min)<\/p>\n<p>&#8211;<\/p>\n<p><a href=\"https:\/\/media.savonia.fi\/View.aspx?id=103071~5V~u8OOuJBpEKIJ&amp;code=TL~DHPerCvkg4q2sGawh5T6Wt9NJ2cJSkUgQXNcbTBHCVkrvMQ0a5KizcftbhWliTikqTIxRTxjIbBfnospCp&amp;ax=8p~o5dT6DNKNVGEW2I7\">41 Kotiel\u00e4intuotantokustannus p\u00e4\u00e4tuotteelle<\/a> (4 min)<\/p>\n<p><a href=\"https:\/\/media.savonia.fi\/View.aspx?id=103072~5W~VUdeeIMLbAC2&amp;code=TL~DHPerCvkg4q2sGawh5T6Wt9NJ2cJSkUgQXNcbTBHCVkrvMQ0a5KizcftbhWmiMimqVIERWxlIbBknfsjCp&amp;ax=8h~exMCslc7hpGYqWHo\">42 Tuotot tuotantokustannuslaskelmassa<\/a> (9 min)<\/p>\n<p><a href=\"https:\/\/media.savonia.fi\/View.aspx?id=103107~5V~u8OOuJBqEDIP&amp;code=TP~Iu7ggLnyWVQohDaSHpraTEglvIh3HFtyA0lxhEdHe0jseyjWuVnyWyEUgRgWIcldXjNVlLGq7JmF6BGRGa&amp;ax=8p~o5dT6DNKNZGAW2I7\">43 Tuet tuotantokustannuslaskelmassa<\/a> (4 min)<\/p>\n<p><a href=\"https:\/\/media.savonia.fi\/View.aspx?id=103074~5Y~77IrzSih6qoE&amp;code=TD~uawKNlKSAHquON9OhDVKaVNVisVjmpUsxEPkRzwvzAmqd49JlzCyFFhLRkyMlmcJfkxTbIeMaNddUKQIuR&amp;ax=8j~gUqENwyPcftAlqHz\">44 Rehun hinnat tuotantokustannuslaskelmassa<\/a> (2 min)<\/p>\n<p><a href=\"https:\/\/media.savonia.fi\/View.aspx?id=103075~5Z~yT6QjRtDurhX&amp;code=TO~gGIQwMccyUX6KZBoAP7xgss0MmGyXDNxdEFKgdKi6W6pWKSzpIGxcO7XTmrioE7jBTMxUnE9gRDDOzcDSw&amp;ax=8k~IIGgxvKbAgmTJgh4\">45 Muut muuttuvat kustannukset, uudistus, el\u00e4inp\u00e4\u00e4oma ja liikep\u00e4\u00e4oma tuotantokustannuslaskelmassa<\/a> (6 min)<\/p>\n<p><a href=\"https:\/\/media.savonia.fi\/View.aspx?id=103076~60~9vmsV4EZSsbh&amp;code=TO~gGIQwMccyUX6KZBoAP7xgss0MmGyXDNxdEFKgdKi6W6pWKSzpIGxcO7XTmrjoy7cBLMEUsEggQDGODcySw&amp;ax=8l~jjVRhuVx75gdfTHK\">46 Ty\u00f6kustannus tuotantokustannuslaskelmassa<\/a> (2 min)<\/p>\n<p><a href=\"https:\/\/media.savonia.fi\/View.aspx?id=103077~62~BiC5F3QlphVL&amp;code=Tw~MptST2kBsbkgHxzMoKqPTLpcssnarKAGAIxfHuLUDjBsUwDeChbPEHR0URS6HtkYp9oCFePQlvpqKcS2aY&amp;ax=8m~L6khSGfHv69wDIhf\">47 Kiinte\u00e4t kustannukset tuotantokustannuslaskelmassa<\/a> (3 min)<\/p>\n<p><a href=\"https:\/\/media.savonia.fi\/View.aspx?id=103078~63~bSRGp2avNiP5&amp;code=TG~79qnSurKTz6nfUAGBnadm7eVlLxWrJNJLxHSVTF7UM8oE2ciBdyNjiagIdUWr8SKqkBUe9lHADfxuTAZKZ&amp;ax=8n~lGzSCFr3T7U2amHV\">48 Tuotantokustannus p\u00e4\u00e4tuotteelle tuotantokustannuslaskelmassa<\/a> (4 min)<\/p>\n<p><a href=\"https:\/\/media.savonia.fi\/View.aspx?id=103079~64~DFg690lQk7Io&amp;code=TG~79qnSurKTz6nfUAGBnadm7eVlLxWrJNJLxHSVTF7UM8oE2ciBdyNjiagIeUNr0SMqnBReglNAzfxuXAZKZ&amp;ax=8o~NuPumECppVNkychq\">49 Tulosten tarkastelu tuotantokustannuslaskelmassa<\/a> (11 min)<\/p>\n<p>&#8211;<\/p>\n<p><a href=\"https:\/\/media.savonia.fi\/View.aspx?id=103080~5V~u8OOuJBpELII&amp;code=Tz~ponv6ZSFL2Rk8E9sIvwudKHovLQZx4tXOBpMLOUv7jnquiFMRU85ikJvLKmSNc9MA6svHNWRLqrNkmCir7&amp;ax=8p~o5dT6DNKNWGDW2I7\">50 Rehukustannusvertailu tuotantokustannuslaskelmassa<\/a> (3 min)<\/p>\n<p><a href=\"https:\/\/media.savonia.fi\/View.aspx?id=103081~5W~VUdeeIMLbBC0&amp;code=TV~PDLIr5CtHsc9SgbqtHCtoOQJCmnvSjg7aAXPqiuTUqIyfip490g4dMpTPP7RTJQ6rYVYqRUm68rv80bkld&amp;ax=8q~PRtwHO7UkLzWsFhB\">51 Tunnusluvut tuotantokustannuslaskelmassa<\/a> (5 min)<\/p>\n<p>&#8211;<\/p>\n<p><a href=\"https:\/\/media.savonia.fi\/View.aspx?id=103082~5X~wwsPPT6VzCvk&amp;code=Tr~fQWesHh2euRNuL8JJ3z9joukWoInSluavirUAiPjVappbzQHcdRxoNLNABQxPBVloDhVSLEjdYUZRO9mjz&amp;ax=8i~Gkb2clntFrAhOMgS\">52 Kotiel\u00e4intuotantokustannusvertailu<\/a> (12 min)<\/p>\n<p><a href=\"https:\/\/media.savonia.fi\/View.aspx?id=103083~5Y~77IrzSih6roD&amp;code=TJ~BkjZXE8CleDryealV7fQxix8p6azx3H08eAq90NHoNLxdNeQQQv3O7TWz7pKwMHCBcFUgKsB9hhZWllf9U&amp;ax=8j~gUqENwyPcgtzlqHz\">53 Tulosten analysointi ja johtop\u00e4\u00e4t\u00f6kset<\/a> (11 min)<\/p>\n<p><a href=\"https:\/\/media.savonia.fi\/View.aspx?id=103084~5Z~yT6QjRtDushW&amp;code=TE~VXMmxkWf7wjMlrAvodobO7CgT2vMXEAuU0v7T0R7GEztm3sjqMjzydOIePokF3qCAGzdughcSSNycGtLiv&amp;ax=8k~IIGgxvKbAhmSJgh4\">54 L\u00e4ht\u00f6tietojen arviointi<\/a> (2 min)<\/p>\n<p>&#8211;<\/p>\n<p>Esimerkit<\/p>\n<p><a href=\"https:\/\/media.savonia.fi\/View.aspx?id=103085~60~9vmsV4EZStbg&amp;code=Tu~K2PQxRP6xlxFN4zBbBENuzMw8vl0XFnrJbktECXUpabmCxTgrQNNTCEiruluVkK8zBlPVkLeDO67s5KQzH&amp;ax=8l~jjVRhuVx76gcfTHK\">55 Yleiskustannus, esimerkki<\/a> (3 min)<\/p>\n<p><a href=\"https:\/\/media.savonia.fi\/View.aspx?id=103086~62~BiC5F3QlpiVK&amp;code=TG~79qnSurKTz6nfUAGBnadm7eVlLxWrJNJLxHSVTF7UM8oE2ciBdyNjiagIeUPr4SIqmBXehlGAEfwv2ARKZ&amp;ax=8m~L6khSGfHv79vDIhf\">56 Rehun k\u00e4ytt\u00f6, esimerkki<\/a> (3 min)<\/p>\n<p><a href=\"https:\/\/media.savonia.fi\/View.aspx?id=103087~63~bSRGp2avNjP4&amp;code=TH~yVFYCtD7qoQQDKabHXtO86UtWl8qbLtLgHnFXl8vaElrN2uRGqfObPHdWUKtKKfALCDiwIo4rAPME3dZyD&amp;ax=8n~lGzSCFr3T8U0amHV\">57 Rakennus- ja konekustannusten kohdentaminen, esimerkki<\/a> (3 min)<\/p>\n<p><a href=\"https:\/\/media.savonia.fi\/View.aspx?id=103088~64~DFg690lQk8In&amp;code=TE~VXMmxkWf7wjMlrAvodobO7CgT2vMXEAuU0v7T0R7GEztm3sjqMjzydOIePomEUqLAHzgufhbSUNrcHtKiv&amp;ax=8o~NuPumECppWNjychq\">58 Rehun hinnat, esimerkki<\/a> (8 min)<\/p>\n<p><a href=\"https:\/\/media.savonia.fi\/View.aspx?id=103089~65~ehvHKcxdI9BG&amp;code=TH~yVFYCtD7qoQQDKabHXtO86UtWl8qbLtLgHnFXl8vaElrN2uRGqfObPHdWUKuKHfuLIDewPo4ruPSE5dWyD&amp;ax=8p~o5dT6DNKNXGCW2I7\">59 Tuotantokustannus, esimerkki<\/a> (8 min)<\/p>\n<p>&#8211;<\/p>\n<h3>Tuotantokustannusyhteenvedot<\/h3>\n<p>T43 <a href=\"https:\/\/media.savonia.fi\/View.aspx?id=82393~5m~f6AvXdcxPe&amp;code=T8~jMrDdLe5AUlFUFxDqoyNjvDbT7OvCqBjvZDC8VwktgHqRxiMjxFS736InpAvOSV7HKJLl2NJrY6zEmkD&amp;ax=7x~ELBPVkx5RIpCj9\">Tuotantokustannuslaskelmien yhteenvedot<\/a> (6 min)<\/p>\n<p>T44 <a href=\"https:\/\/media.savonia.fi\/View.aspx?id=82394~5n~GSQ7HcnSm4&amp;code=SW~xgfxujMLCHGg7gXf7cvOdY7Tpdc3SoIePZNcKiixVT6f7Pr9foBSzUgwlnI3LE9kldv5trollUxdKD7F&amp;ax=7y~fmRrFjIroyiUGY\">S\u00e4il\u00f6rehun tuotantokustannuslaskelmien yhteenveto<\/a> (15 min)<\/p>\n<p>T45 <a href=\"https:\/\/media.savonia.fi\/View.aspx?id=82395~5o~htewrbzfK6&amp;code=SX~7Qv9ejY89wzyv6wJdMPqRaNr8ADJCroglasYLJD9bLjigPJJkBiTssNuA4xIe7niGAwnM3qLcMgmTCBR&amp;ax=7z~H9fQpiTNMBccdC\">Maidon tuotantokustannuslaskelmien yhteenveto<\/a> (15 min)<\/p>\n<p>T46 <a href=\"https:\/\/media.savonia.fi\/View.aspx?id=82396~5p~Jhu8bbKBgV&amp;code=T8~jMrDdLe5AUlFUFxDqoyNjvDbT7OvCqBjvZDC8VwktgHqRxiMjxFS736InpABOUV8HHJGkWNKs06rEskG&amp;ax=7A~hJvs9hdWjrWGBs\">Naudanlihan tuotantokustannuslaskelmien yhteenveto<\/a> (5 min)<\/p>\n<p>T47 <a href=\"https:\/\/media.savonia.fi\/View.aspx?id=82397~5q~jRJJMmVWEX&amp;code=SW~xgfxujMLCHGg7gXf7cvOdY7Tpdc3SoIePZNcKiixVT6f7Pr9foBSzUgwloHYLG9ll9vbtrolm0xeKx7C&amp;ax=7B~JxL4KtpjHtPY86\">Kolmen kohdan s\u00e4\u00e4nt\u00f6 maidontuotannossa<\/a> (8 min)<\/p>\n<p>T48 <a href=\"https:\/\/media.savonia.fi\/View.aspx?id=82398~5r~LE89wlg7bN&amp;code=T7~Jcc2tMTUcTsnwP6WjOfcxwOQixmPSnVh9DXP7ubJmcumIxRpek7FewqX8JKRvjH2mgIuTHLvB0nqvgHI&amp;ax=7C~k89uusAFejJhvV\">Kolmen kohdan s\u00e4\u00e4nt\u00f6 naudanlihantuotannossa<\/a> (3 min)<\/p>\n","protected":false},"excerpt":{"rendered":"<p>Maatalouden tuotantokustannukset on esitelty t\u00e4ll\u00e4 sivulla luentotallenteissa: Johdanto, esimerkkej\u00e4 ja harjoitusteht\u00e4v\u00e4n ohjeita. Huom! Tallenteissa voi esiinty\u00e4 joitain vanhentuneita tietoja. Tarkista esim. tuotteiden ja tuotantopanosten hinnat. Sivua on viimeksi p\u00e4ivitetty 27.11.2025 &#8211; Tuotantokustannuslaskelmien ohjeet (4 min) &#8211; Rehun tuotantokustannuslaskelma 01 Kasvinviljelyn<\/p>\n","protected":false},"author":21,"featured_media":0,"parent":0,"menu_order":0,"comment_status":"open","ping_status":"open","template":"","meta":{"footnotes":""},"class_list":["post-24","page","type-page","status-publish","hentry"],"_links":{"self":[{"href":"https:\/\/blogi.savonia.fi\/myrverkkoluennot\/wp-json\/wp\/v2\/pages\/24","targetHints":{"allow":["GET"]}}],"collection":[{"href":"https:\/\/blogi.savonia.fi\/myrverkkoluennot\/wp-json\/wp\/v2\/pages"}],"about":[{"href":"https:\/\/blogi.savonia.fi\/myrverkkoluennot\/wp-json\/wp\/v2\/types\/page"}],"author":[{"embeddable":true,"href":"https:\/\/blogi.savonia.fi\/myrverkkoluennot\/wp-json\/wp\/v2\/users\/21"}],"replies":[{"embeddable":true,"href":"https:\/\/blogi.savonia.fi\/myrverkkoluennot\/wp-json\/wp\/v2\/comments?post=24"}],"version-history":[{"count":17,"href":"https:\/\/blogi.savonia.fi\/myrverkkoluennot\/wp-json\/wp\/v2\/pages\/24\/revisions"}],"predecessor-version":[{"id":757,"href":"https:\/\/blogi.savonia.fi\/myrverkkoluennot\/wp-json\/wp\/v2\/pages\/24\/revisions\/757"}],"wp:attachment":[{"href":"https:\/\/blogi.savonia.fi\/myrverkkoluennot\/wp-json\/wp\/v2\/media?parent=24"}],"curies":[{"name":"wp","href":"https:\/\/api.w.org\/{rel}","templated":true}]}}