{"id":37,"date":"2013-09-22T13:40:54","date_gmt":"2013-09-22T10:40:54","guid":{"rendered":"https:\/\/blogi.savonia.fi\/myrverkkoluennot\/?page_id=37"},"modified":"2026-01-08T17:05:08","modified_gmt":"2026-01-08T15:05:08","slug":"maatilan-verosuunnittelu","status":"publish","type":"page","link":"https:\/\/blogi.savonia.fi\/myrverkkoluennot\/maatilan-verosuunnittelu\/","title":{"rendered":"Maatilan verosuunnittelu"},"content":{"rendered":"<p>Maatilan verosuunnittelua on esitelty t\u00e4ll\u00e4 sivulla luentotallenteissa: Tausta ja tarkoitus, esimerkkej\u00e4 ja harjoitusteht\u00e4v\u00e4n ohjeita.<\/p>\n<p>Veroharjoitukset ovat saatavissa Maatilan verosuunnittelu Moodlesta, johon saat tunnukset ilmoittautumalla Avoimen amkin tai Ripa-tarjonnan kautta opintojaksolle.<\/p>\n<p>Katso lis\u00e4ksi verkkoluennot aiheista maatalouden verotus, mets\u00e4verotus ja arvonlis\u00e4verotus.<\/p>\n<p>Tarkista ajankohtainen tieto verottajan sivuilta <a href=\"http:\/\/www.vero.fi\">www.vero.fi<\/a><\/p>\n<p>Sivua on viimeksi p\u00e4ivitetty 19.12.2025<\/p>\n<p>&#8211;<\/p>\n<p><a href=\"https:\/\/media.savonia.fi\/View.aspx?id=104344~5Z~yT6QjStGuohW&amp;code=TE~VXMmxkWf7wjMlrAvodobO7CgT2vMXEAuU0v7T0R7GEztm3sjqMjzydOMeQomEZqCAHzdubh5SUNycJtNiv&amp;ax=8t~sQn9MZG0DJfHKYIt\">Maatilan verosuunnittelu, johdanto<\/a> (18 min)<\/p>\n<p>&#8211;<\/p>\n<p><a href=\"https:\/\/media.savonia.fi\/View.aspx?id=104345~60~9vmsV5F3Spbg&amp;code=TM~ejdDbBGGE5jjQwBdnFlvItPlspEpCmAhm8sYdlWjJZxuEMhofirjrJMuq0LUCzwnMfJZjczzz2kkwrWBq3&amp;ax=8u~UDCKwYRnaz90hChX\">Verosuunnitteluharjoitusteht\u00e4v\u00e4t vaiheittain<\/a> (7 min)<\/p>\n<p style=\"padding-left: 40px\"><a href=\"https:\/\/media.savonia.fi\/View.aspx?id=104418~62~BiC5F4QppbVM&amp;code=TF~wyaLhjgpvyd5Jh9ZuNHMA7qBCp6gHGgvpbaTUskvNIMwv3KTvZRMqKuytze57lEMW5AxMMjrJJwAlQ6E6a&amp;ax=8m~L6khSIfAva9xDIhf\">Vaihe 1, tulot ja menot<\/a> (4 min)<\/p>\n<p style=\"padding-left: 40px\"><a href=\"https:\/\/media.savonia.fi\/View.aspx?id=104419~63~bSRGp3azNcP6&amp;code=TR~KRCuBWKgRLCXc7b4UzdcrDKdPFjcbKGNrxyikxSTs9JywxV8FmCMHDRIKjNquiNeMNQyX0L6GzG0oOO3hs&amp;ax=8n~lGzSCHqVTbU3amHV\">Vaihe 2, poistot<\/a> (7 min)<\/p>\n<p style=\"padding-left: 40px\"><a href=\"https:\/\/media.savonia.fi\/View.aspx?id=104420~5U~TxzdKKq8gEPq&amp;code=TZ~UpUXgeuHx8CvHdbMU2axlZXhp3rOHEGBKQwbw4Y6vuHzPgKdtSKxB9PqVtjMrRSY7aa4LYcqmMcQIspEoY&amp;ax=8o~NuPumGCipZNlychq\">Vaihe 2b, suunnitelmapoistot<\/a> (11 min)<\/p>\n<p style=\"padding-left: 40px\"><a href=\"https:\/\/media.savonia.fi\/View.aspx?id=104421~5V~u8OOuKBtEFIJ&amp;code=TL~DHPerCvkg4q2sGawh5T6Wt9NJ2cJSkUgQXNcbTBHCVkrvMQ0a5KizcfxblWniMisqSICRTxdIbBfnkskCp&amp;ax=8p~o5dT6FNDO0GEW2I7\">Vaihe 3, tulos<\/a> (3 min)<\/p>\n<p style=\"padding-left: 40px\"><a href=\"https:\/\/media.savonia.fi\/View.aspx?id=104422~5W~VUdeeJMPbvC2&amp;code=TL~DHPerCvkg4q2sGawh5T6Wt9NJ2cJSkUgQXNcbTBHCVkrvMQ0a5KizcfxblWniQilqTIERRxlIbBfnfsjCp&amp;ax=8h~exMCsnbZhuGYqWHo\">Vaihe 4, verovelka<\/a> (8 min)<\/p>\n<p style=\"padding-left: 40px\"><a href=\"https:\/\/media.savonia.fi\/View.aspx?id=104423~5X~wwsPPU6Zzwvl&amp;code=TR~KRCuBWKgRLCXc7b4UzdcrDKdPFjcbKGNrxyikxSTs9JywxV8FmCMHDRIKjNrulNgMSQwWUL5GDFXoQNXhs&amp;ax=8i~Gkb2cnnmFvAiOMgS\">Vaihe 5, nettovarallisuus<\/a> (5 min)<\/p>\n<p style=\"padding-left: 40px\"><a href=\"https:\/\/media.savonia.fi\/View.aspx?id=104424~5Y~77IrzTil6loE&amp;code=Tl~8GhLioTitXEQLl8cWKnPOeL7PKBUHIHCUIGOrEy8eKRuaOLBy77Pgn9HSJ8fE8qvTL9SNGqvfBQcQoEZEw&amp;ax=8j~gUqENyyIcktAlqHz\">Vaihe 6a, nettovarallisuus p\u00e4\u00e4omatulo-osuuden laskennassa<\/a> (3 min)<\/p>\n<p style=\"padding-left: 40px\"><a href=\"https:\/\/media.savonia.fi\/View.aspx?id=104425~5Z~yT6QjStHumhX&amp;code=Te~qWeTo5t0lryBE5ybcGK7FRmo8yUXN3nQXLoIhzNwitfkShnTOOyjfoIXWhrx97yHcrRMq4akqjbeFMGikD&amp;ax=8k~IIGgxxK4AlmTJgh4\">Vaihe 6b, nettovarallisuus p\u00e4\u00e4omatulo-osuuden laskennassa<\/a> (1 min)<\/p>\n<p style=\"padding-left: 40px\"><a href=\"https:\/\/media.savonia.fi\/View.aspx?id=104426~60~9vmsV5F4Snbh&amp;code=Tw~MptST2kBsbkgHxzMoKqPTLpcssnarKAGAIxfHuLUDjBsUwDeChbPEHR6UMRWHukYp8oCFfPRlzpsKdS2aY&amp;ax=8l~jjVRhwVq7agdfTHK\">Vaihe 6c, p\u00e4\u00e4omatulo-osuuden optimointi<\/a> (2 min)<\/p>\n<p style=\"padding-left: 40px\"><a href=\"https:\/\/media.savonia.fi\/View.aspx?id=104427~62~BiC5F4QppcVL&amp;code=TP~Iu7ggLnyWVQohDaSHpraTEglvIh3HFtyA0lxhEdHe0jseyjWuVnyWyEZgLgOI9liXdNZlPGs7JmI6BGRGa&amp;ax=8m~L6khSIfAvb9wDIhf\">Vaihe 7, p\u00e4\u00e4omatulo-osuuden optimointi<\/a> (3 min)<\/p>\n<p style=\"padding-left: 40px\"><a href=\"https:\/\/media.savonia.fi\/View.aspx?id=104428~63~bSRGp3azNdP5&amp;code=TP~Iu7ggLnyWVQohDaSHpraTEglvIh3HFtyA0lxhEdHe0jseyjWuVnyWyEZgLgOIdlbXfNRlRGy7HmK6CGRGa&amp;ax=8n~lGzSCHqVTcU2amHV\">Vaihe 8, tarkista tulos<\/a> (6 min)<\/p>\n<p style=\"padding-left: 40px\"><a href=\"https:\/\/media.savonia.fi\/View.aspx?id=104429~64~DFg692lUk2Io&amp;code=Tx~n0JuD0vXQcdyeb9hvlKrFLdwbOOQbMgIX5d2IVfjKnOwcjVOHuK3xfwRihHB9VyYKApT6BS8cw8rTnv3PO&amp;ax=8o~NuPumGCiq0Nkychq\">Vaihe 9, yritt\u00e4j\u00e4v\u00e4hennys<\/a> (2 min)<\/p>\n<p style=\"padding-left: 40px\"><a href=\"https:\/\/media.savonia.fi\/View.aspx?id=104430~5V~u8OOuKBtEGII&amp;code=TI~9xVAmtOsOpK9aoAROxNrLiINFIA6MZ9MD4UD7zt7hJyuW0NsLDO2Vzn4kjA7d4tzfUEBPnqrimyTNbIamh&amp;ax=8p~o5dT6FNDO2GDW2I7\">Vaihe 10, ansiotulo-osuus<\/a> (2 min)<\/p>\n<p style=\"padding-left: 40px\"><a href=\"https:\/\/media.savonia.fi\/View.aspx?id=104431~5W~VUdeeJMPbwC0&amp;code=TD~uawKNlKSAHquON9OhDVKaVNVisVjmpUsxEPkRzwvzAmqd49JlzCyFFhQRfyGljcLfnxYbCePaLdiUKQHuR&amp;ax=8q~PRtwHQ7NkQzWsFhB\">Vaihe 11, jako yritt\u00e4j\u00e4puolisoille tai osakkaille<\/a> (3 min)<\/p>\n<p style=\"padding-left: 40px\"><a href=\"https:\/\/media.savonia.fi\/View.aspx?id=104432~5X~wwsPPU6Zzxvk&amp;code=Ti~vIo9deleb77Mt2ywD0ibD3sUMr85CpOlGPOgnkpwKJelB3J3itbACKheaEDlywBAIMX3LcjCGXNOp2UGop&amp;ax=8i~Gkb2cnnmFwAhOMgS\">Vaihe 12, verot<\/a> (2 min)<\/p>\n<p style=\"padding-left: 40px\"><a href=\"https:\/\/media.savonia.fi\/View.aspx?id=104433~5Y~77IrzTil6moD&amp;code=Tr~fQWesHh2euRNuL8JJ3z9joukWoInSluavirUAiPjVappbzQHcdRxoNLSAvQzPzVmoxhTSIEke2UYRS9qjz&amp;ax=8j~gUqENyyIcltzlqHz\">Vaihe 13a, laadi suunnitelmapoistolaskelmat<\/a> (11 min)<\/p>\n<p>&#8211;<\/p>\n<p><a href=\"https:\/\/media.savonia.fi\/View.aspx?id=104346~62~BiC5F4QopeVK&amp;code=TP~Iu7ggLnyWVQohDaSHpraTEglvIh3HFtyA0lxhEdHe0jseyjWuVnyWyEYgSgRIblhXfNWlJGt7DmL6AGRGa&amp;ax=8v~vfSmgXbwyATwFsIE\">Verosuunnitteluharjoitusteht\u00e4v\u00e4 tiivistettyn\u00e4<\/a> (13 min)<\/p>\n<p style=\"padding-left: 40px\"><a href=\"https:\/\/media.savonia.fi\/View.aspx?id=104347~63~bSRGp3ayNfP4&amp;code=TZ~UpUXgeuHx8CvHdbMU2axlZXhp3rOHEGBKQwbw4Y6vuHzPgKdtSKxB9PqVrjIrPT37ba2LUcqmMcQIwpJoY&amp;ax=8w~X2gLSamSWBMPc6i9\">Malli 1, tulot ja menot<\/a> (5 min)<\/p>\n<p style=\"padding-left: 40px\"><a href=\"https:\/\/media.savonia.fi\/View.aspx?id=104348~64~DFg692lTk4In&amp;code=TN~G6tfMNS2aTcBnaaHufF8utDFbMeSmogjIu8LeMpHR4KxNLzYkv8kkhsgEHBzWdKnguLbBQBOpTUEFBzAdG&amp;ax=8x~xCwoC9yetqG9zVIP\">Malli 1, poistot<\/a> (13 min)<\/p>\n<p style=\"padding-left: 40px\"><a href=\"https:\/\/media.savonia.fi\/View.aspx?id=104349~65~ehvHKdxgI5BG&amp;code=TZ~UpUXgeuHx8CvHdbMU2axlZXhp3rOHEGBKQwbw4Y6vuHzPgKdtSKxB9PqVrjJrMSY7ca6LZcqmIcQIxpIoY&amp;ax=8y~8dLZm8JARrzr6zik\">Malli 1, tulos<\/a> (6 min)<\/p>\n<p style=\"padding-left: 40px\"><a href=\"https:\/\/media.savonia.fi\/View.aspx?id=104350~5W~VUdeeJMObyBZ&amp;code=U2~WNyYBpRprXp5BGbXfZNLLbzWIZtXbJTQCnIVyVM6JDgtg3ubEj8zmeaWxCQedUtRNZcJvQgVVGwf9ywXRs&amp;ax=8z~A0ap67UWogsKupJ0\">Malli 1, verovelka<\/a> (4 min)<\/p>\n<p style=\"padding-left: 40px\"><a href=\"https:\/\/media.savonia.fi\/View.aspx?id=104351~5X~wwsPPU6Yzzvj&amp;code=TB~rMSIsaobFRDUUk9DVFiwCVk4PIT9SlHdG8CyOGIvlrNwMhpLb9njUBWinXTszkBNpNvdrJact3L8CwJqTA&amp;ax=8A~aBq0Hjf6Mhm4Sfiv\">Malli 1, nettovarallisuus<\/a> (3 min)<\/p>\n<p style=\"padding-left: 40px\"><a href=\"https:\/\/media.savonia.fi\/View.aspx?id=104352~5Y~77IrzTik6ooC&amp;code=Ta~maWQyVAMvK8fP9xODykQIHfQlQQEXHOynwQobOkkHogkikTXtXV3JejvQOfQAVvUxfMmW6Si9BpJWxrPgR&amp;ax=8a~wMJKy5CU8PAJjGga\">Malli 1, nettovarallisuus p\u00e4\u00e4omatulo-osuuden laskennassa<\/a> (5 min)<\/p>\n<p style=\"padding-left: 40px\"><a href=\"https:\/\/media.savonia.fi\/View.aspx?id=104353~5Z~yT6QjStGuphV&amp;code=TB~rMSIsaobFRDUUk9DVFiwCVk4PIT9SlHdG8CyOGIvlrNwMhpLb9njUBWinXTtzgBUpEvirJact3L8CwJqTA&amp;ax=8b~7n8ai4OhwQu3HwGQ\">Malli 1, jaettava yritystulo<\/a> (6 min)<\/p>\n<p style=\"padding-left: 40px\"><a href=\"https:\/\/media.savonia.fi\/View.aspx?id=104354~60~9vmsV5F3Sqbf&amp;code=Tt~ifAfNRDJ9kEnpe8UWdlbIA6Zp8KxmqHqmOEGDbDji6PvtyAGmDfz9S7ocOvUBNw6e8kACEIVMZmZiQgAM3&amp;ax=8c~zanMTf8qURnmeagl\">Malli 1, suunnitelmapoistot<\/a> (11 min)<\/p>\n<p>&#8211;<\/p>\n<p><a href=\"https:\/\/media.savonia.fi\/View.aspx?id=104355~62~BiC5F4QopfVJ&amp;code=TE~VXMmxkWf7wjMlrAvodobO7CgT2vMXEAuU0v7T0R7GEztm3sjqMjzydOMeQoqEVqGAFzduihcSSNucFtHiv&amp;ax=8d~9LDoDfjMrGgFBZH2\">Ohjeet kehittyv\u00e4n maatilan verosuunnitteluharjoitusteht\u00e4v\u00e4\u00e4n (verosuunnittelun kehitt\u00e4misteht\u00e4v\u00e4)<\/a> (4 min)<\/p>\n<p style=\"padding-left: 40px\">V03-5 <a href=\"https:\/\/media.savonia.fi\/View.aspx?id=104408~60~9vmsV5F4Slbj&amp;code=TN~G6tfMNS2aTcBnaaHufF8utDFbMeSmogjIu8LeMpHR4KxNLzYkv8kkhsgEJBzWbKtgoLjBTBOpRUAFyzydG&amp;ax=8l~jjVRhwVq78gffTHK\">aineisto, kohdetilan esittely, verosuunnittelun tavoite ja aloitusvuosi<\/a> (3 min)<\/p>\n<p style=\"padding-left: 40px\">V06a-7a <a href=\"https:\/\/media.savonia.fi\/View.aspx?id=104727~65~ehvHKdxkI3BE&amp;code=TG~79qnSurKTz6nfUAGBnadm7eVlLxWrJNJLxHSVTF7UM8oE2ciBdyNjiamI8UNr6SGqiBWeclMAzfFuVAZKZ&amp;ax=8p~o5dT6FNGO2GAW2I7\">tulot ja menot (verolomake)<\/a> (8 min)<\/p>\n<p style=\"padding-left: 40px\">V06b-7b <a href=\"https:\/\/media.savonia.fi\/View.aspx?id=104410~5T~rKjA9zeLJOW8&amp;code=TJ~BkjZXE8CleDryealV7fQxix8p6azx3H08eAq90NHoNLxdNeQQQv3O7U0zapOwLHyBgFQgOsI9ghYWel79U&amp;ax=8n~lGzSCHqVTaU4amHV\">tulot ja menot (talsu)<\/a> (7 min)<\/p>\n<p style=\"padding-left: 40px\">V08 <a href=\"https:\/\/media.savonia.fi\/View.aspx?id=104411~5U~TxzdKKq8gDPr&amp;code=TK~bUzCHDjYJfwJW4B2avztjilt8tCgh5n2uBgdash7vR7omNxqW4c5GEzLNQfsQsVCWFHdzgv0RhS9ebPqOK&amp;ax=8o~NuPumGCipYNmychq\">tulojen ja menojen erotus<\/a> (3 min)<\/p>\n<p style=\"padding-left: 40px\">V09 <a href=\"https:\/\/media.savonia.fi\/View.aspx?id=104412~5V~u8OOuKBtEEIK&amp;code=Ts~HDkDcGsnCvL6SBzqPDSKWAiEFKiQCoacRE7HBJiIb2Cskyi6hqyyhlrDPlGgi2i4K0jek8GDW3E39JDz7d&amp;ax=8g~DWx0IoRQKENGUjgH\">tilap\u00e4iset er\u00e4t<\/a> (7 min)<\/p>\n<p style=\"padding-left: 40px\">V10 <a href=\"https:\/\/media.savonia.fi\/View.aspx?id=104413~5W~VUdeeJMPbuC3&amp;code=TT~NggvX7fLMCpyXMbfgxQqQPmSiqlmx2U3j4L4nqGTGhisOwF6PMS2sHdfmvsGgno5CrTfGVPHok84H4ViJV&amp;ax=8h~exMCsnbZhtGZqWHo\">investoinnit<\/a> (5 min)<\/p>\n<p style=\"padding-left: 40px\">V11 <a href=\"https:\/\/media.savonia.fi\/View.aspx?id=104404~5W~VUdeeJMPbtC4&amp;code=TE~VXMmxkWf7wjMlrAvodobO7CgT2vMXEAuU0v7T0R7GEztm3sjqMjzydOMeSomEXqHAKzguchdSPNpcLtFiv&amp;ax=8h~exMCsnbZhsH0qWHo\">lainat<\/a> (8 min)<\/p>\n<p style=\"padding-left: 40px\">V12-20 <a href=\"https:\/\/media.savonia.fi\/View.aspx?id=104404~5W~VUdeeJMPbtC4&amp;code=TE~VXMmxkWf7wjMlrAvodobO7CgT2vMXEAuU0v7T0R7GEztm3sjqMjzydOMeSomEXqHAKzguchdSPNpcLtFiv&amp;ax=8h~exMCsnbZhsH0qWHo\">viimeistele laskelma ja testaa<\/a> (3 min)<\/p>\n<p style=\"padding-left: 40px\">V21 <a href=\"https:\/\/media.savonia.fi\/View.aspx?id=104416~5Z~yT6QjStHulhY&amp;code=Ty~ON7TmZHjn06PC0zXBUcRrKT4MopkN0NVsfJZKnzURranljndMHr4pMcCx7xltwMZeFrkp8UwUqIHbd85Ds&amp;ax=8k~IIGgxxK4AkmUJgh4\">yhteenveto ja johtop\u00e4\u00e4t\u00f6kset<\/a> (6 min)<\/p>\n<p style=\"padding-left: 40px\">V22 <a href=\"https:\/\/media.savonia.fi\/View.aspx?id=104417~60~9vmsV5F4Smbi&amp;code=TN~G6tfMNS2aTcBnaaHufF8utDFbMeSmogjIu8LeMpHR4KxNLzYkv8kkhsgEJBCWbKrgpLbBRBPpUUEFyzydG&amp;ax=8l~jjVRhwVq79gefTHK\">tarkistuslista<\/a> (6 min)<\/p>\n<p>&#8211;<\/p>\n<p><a href=\"https:\/\/media.savonia.fi\/View.aspx?id=104356~63~bSRGp3ayNgP3&amp;code=Ty~ON7TmZHjn06PC0zXBUcRrKT4MopkN0NVsfJZKnzURranljndMHr4pMcCx5xltxN4eIrbpdUrUuIFbc87Ds&amp;ax=8e~BySZnev9PH9X8Dgw\">Maatalouden nettovarallisuus<\/a> (8 min)<\/p>\n<p style=\"padding-left: 40px\"><a href=\"https:\/\/media.savonia.fi\/View.aspx?id=104357~64~DFg692lTk5Im&amp;code=TN~G6tfMNS2aTcBnaaHufF8utDFbMeSmogjIu8LeMpHR4KxNLzYkv8kkhsgEHBCWdKlgqLjBNBWpXUAFtzydG&amp;ax=8f~c9hp7dGumwUtwtHd\">Nettovarallisuuden merkitys<\/a> (9 min)<\/p>\n<p style=\"padding-left: 40px\"><a href=\"https:\/\/media.savonia.fi\/View.aspx?id=104358~65~ehvHKdxgI6BF&amp;code=Tw~MptST2kBsbkgHxzMoKqPTLpcssnarKAGAIxfHuLUDjBsUwDeChbPEHR5UTS5HpkXpaoBFbPRlzpnKdS2aY&amp;ax=8g~DWx0IoRQKyNMUjgH\">Lis\u00e4maan kauppa ja nettovarallisuus<\/a> (6 min)<\/p>\n<p style=\"padding-left: 40px\"><a href=\"https:\/\/media.savonia.fi\/View.aspx?id=104359~66~G4LjudICeUuY&amp;code=TI~9xVAmtOsOpK9aoAROxNrLiINFIA6MZ9MD4UD7zt7hJyuW0NsLDO2Vzn3kqAdd9tzfSEzPhqmimyUN9I9mh&amp;ax=8h~exMCsnbZhnH6qWHo\">Pellon verotusarvo<\/a> (7 min)<\/p>\n<p>&#8211;<\/p>\n<p>Muita maatalouden verotukseen liittyvi\u00e4 aiheita<\/p>\n<p><a href=\"https:\/\/media.savonia.fi\/View.aspx?id=104360~5X~wwsPPU6YzAvi&amp;code=TH~yVFYCtD7qoQQDKabHXtO86UtWl8qbLtLgHnFXl8vaElrN2uRGqfObPHhWVKzKKfCLHDdwHnZrxPME5dSyD&amp;ax=8i~Gkb2cnnmFoApOMgS\">Maatilan varallisuuden verotus<\/a> (11 min)<\/p>\n<p><a href=\"https:\/\/media.savonia.fi\/View.aspx?id=104361~5Y~77IrzTik6poB&amp;code=TC~Tzh8c9zxcGxcqXAkb3C8oV8pz5tDCnnfbiilQ8bUsw9nVgIlgmVxN9C4CEJaSQPPLawvKecxjUubLKmuHe&amp;ax=8j~gUqENyyIcdtHlqHz\">Maatilaosakeyhti\u00f6n verotus<\/a> (20 min)<\/p>\n<p><a href=\"https:\/\/media.savonia.fi\/View.aspx?id=104362~5Z~yT6QjStGuqhU&amp;code=TC~Tzh8c9zxcGxcqXAkb3C8oV8pz5tDCnnfbiilQ8bUsw9nVgIlgmVxN9C4CEJaSTPSLawDKfcxjTu7LDmrHe&amp;ax=8b~7n8ai4OhwRu2HwGQ\">Maatalouden verotuksen ja yritysverotuksen vertailu<\/a> (3 min)<\/p>\n<p><a href=\"https:\/\/media.savonia.fi\/View.aspx?id=104363~60~9vmsV5F3Srbe&amp;code=TR~KRCuBWKgRLCXc7b4UzdcrDKdPFjcbKGNrxyikxSTs9JywxV8FmCMHDRIKhNrumNkMRQBWUL4GxG2oKNZhs&amp;ax=8c~zanMTf8qUSnleagl\">Maatilan yhti\u00f6itt\u00e4minen, linkit<\/a> (4 min)<\/p>\n<p>&#8211;<\/p>\n<p><a href=\"https:\/\/media.savonia.fi\/View.aspx?id=104364~62~BiC5F4QopgVI&amp;code=TD~uawKNlKSAHquON9OhDVKaVNVisVjmpUsxEPkRzwvzAmqd49JlzCyFFhPRnyElicDfoxTbGeOaRdbURQGuR&amp;ax=8d~9LDoDfjMrHgEBZH2\">Muutoksia maatalousyritt\u00e4j\u00e4n verotukseen<\/a> (10 min)<\/p>\n","protected":false},"excerpt":{"rendered":"<p>Maatilan verosuunnittelua on esitelty t\u00e4ll\u00e4 sivulla luentotallenteissa: Tausta ja tarkoitus, esimerkkej\u00e4 ja harjoitusteht\u00e4v\u00e4n ohjeita. Veroharjoitukset ovat saatavissa Maatilan verosuunnittelu Moodlesta, johon saat tunnukset ilmoittautumalla Avoimen amkin tai Ripa-tarjonnan kautta opintojaksolle. Katso lis\u00e4ksi verkkoluennot aiheista maatalouden verotus, mets\u00e4verotus ja arvonlis\u00e4verotus. Tarkista<\/p>\n","protected":false},"author":21,"featured_media":0,"parent":0,"menu_order":0,"comment_status":"open","ping_status":"open","template":"","meta":{"footnotes":""},"class_list":["post-37","page","type-page","status-publish","hentry"],"_links":{"self":[{"href":"https:\/\/blogi.savonia.fi\/myrverkkoluennot\/wp-json\/wp\/v2\/pages\/37","targetHints":{"allow":["GET"]}}],"collection":[{"href":"https:\/\/blogi.savonia.fi\/myrverkkoluennot\/wp-json\/wp\/v2\/pages"}],"about":[{"href":"https:\/\/blogi.savonia.fi\/myrverkkoluennot\/wp-json\/wp\/v2\/types\/page"}],"author":[{"embeddable":true,"href":"https:\/\/blogi.savonia.fi\/myrverkkoluennot\/wp-json\/wp\/v2\/users\/21"}],"replies":[{"embeddable":true,"href":"https:\/\/blogi.savonia.fi\/myrverkkoluennot\/wp-json\/wp\/v2\/comments?post=37"}],"version-history":[{"count":33,"href":"https:\/\/blogi.savonia.fi\/myrverkkoluennot\/wp-json\/wp\/v2\/pages\/37\/revisions"}],"predecessor-version":[{"id":765,"href":"https:\/\/blogi.savonia.fi\/myrverkkoluennot\/wp-json\/wp\/v2\/pages\/37\/revisions\/765"}],"wp:attachment":[{"href":"https:\/\/blogi.savonia.fi\/myrverkkoluennot\/wp-json\/wp\/v2\/media?parent=37"}],"curies":[{"name":"wp","href":"https:\/\/api.w.org\/{rel}","templated":true}]}}