{"id":41,"date":"2021-03-08T12:42:45","date_gmt":"2021-03-08T10:42:45","guid":{"rendered":"https:\/\/blogi.savonia.fi\/oppimisanalytiikka\/?page_id=41"},"modified":"2021-08-28T17:26:14","modified_gmt":"2021-08-28T14:26:14","slug":"katse-omiin-oppimiskokemuksiin","status":"publish","type":"page","link":"https:\/\/blogi.savonia.fi\/oppimisanalytiikka\/katse-omiin-oppimiskokemuksiin\/","title":{"rendered":"Katse omiin oppimiskokemuksiin"},"content":{"rendered":"\n<p>Petra Laakso, Savonia-ammattikorkeakoulu\u00a0<br>12.3.2021<\/p>\n\n\n\n<p class=\"has-drop-cap\">APOA-hankkeessa \u202f(Oppimisanalytiikka &#8211; avain parempaan&nbsp;oppimiseen\u202fAMKeissa)&nbsp;toteutettiin\u202fkev\u00e4\u00e4ll\u00e4 2019 Savonia-ammattikorkeakoulussa\u202fopiskelijoille&nbsp;kaksi&nbsp;ty\u00f6pajaa, joissa pyrittiin saamaan&nbsp;tietoa opiskelijoiden oppimiskokemuksista.&nbsp;Ensimm\u00e4inen j\u00e4rjestettiin muotoilun p\u00e4iv\u00e4opiskelijoille,&nbsp;ja&nbsp;toinen&nbsp;t\u00e4ss\u00e4 tekstiss\u00e4 esitelt\u00e4v\u00e4 ty\u00f6paja&nbsp;matkailu- ja ravitsemisalan toisen opintovuoden monimuoto-opiskelijoille.&nbsp;Ty\u00f6pajaan osallistui 13 opiskelijaa.&nbsp;&nbsp;<\/p>\n\n\n\n<p>Ty\u00f6skentely k\u00e4ynnistyi sill\u00e4, ett\u00e4 opiskelijoita kehotettiin muistelemaan opintojaan kuluneiden&nbsp;vajaan&nbsp;parin&nbsp;vuoden ajalta ja piirt\u00e4m\u00e4\u00e4n opintojensa kulusta k\u00e4yr\u00e4n&nbsp;muotoiluopiskelijoidenkin&nbsp;ty\u00f6pajassa k\u00e4ytetylle pohjalle. Opiskelijoita pyydettiin&nbsp;my\u00f6s kuvailemaan, mist\u00e4&nbsp;k\u00e4yr\u00e4n&nbsp;kehityskulut johtuivat \u2013 mit\u00e4 tuolloin tapahtui ja millaisia tunteita opiskelija koki. T\u00e4rke\u00e4\u00e4 oli kirjata syit\u00e4 sille, miksi k\u00e4yr\u00e4 on l\u00e4htenyt laskuun tai nousuun.&nbsp;<\/p>\n\n\n\n<p><strong>Halu oppia uutta kantaa l\u00e4pi haasteiden<\/strong>&nbsp;<\/p>\n\n\n\n<p>K\u00e4yrien yhteyteen merkittiin oppimista tukeneiksi&nbsp;muuttujiksi&nbsp;useimmin&nbsp;uuden oppiminen ja mielenkiintoiset opintojaksot. N\u00e4m\u00e4 kieliv\u00e4t&nbsp;aidosta halusta oppia uutta. Kolmanneksi eniten mainintoja sai&nbsp;motivaatio, ja nousevia k\u00e4yri\u00e4&nbsp;selitettiin sen ohella my\u00f6s&nbsp;hyv\u00e4ll\u00e4 energiatasolla:&nbsp;moni&nbsp;totesi opiskelun sujuneen&nbsp;hyvin&nbsp;kes\u00e4loman j\u00e4lkeen.&nbsp;<\/p>\n\n\n\n<p>Oppimista vaikeuttivat&nbsp;selv\u00e4sti&nbsp;eniten&nbsp;opintojen ulkopuoliset&nbsp;asiat. Monimuoto-opiskelijoille yleinen tasapainottelu opiskelun, ty\u00f6n ja perhe-el\u00e4m\u00e4n v\u00e4lill\u00e4&nbsp;n\u00e4kyi my\u00f6s siin\u00e4, ett\u00e4 moni&nbsp;kertoi ajanpuutteen aiheuttavan ongelmia.&nbsp;My\u00f6s hy\u00f6dytt\u00f6mien tai liian helppojen opintojaksojen kerrottiin haittaavan oppimista.&nbsp;<\/p>\n\n\n\n<p>Vaikka monimuoto-opiskelijoilla&nbsp;on aikataulupaineita, eiv\u00e4t he kuitenkaan&nbsp;halunneet&nbsp;p\u00e4\u00e4st\u00e4 opinnoissaan helpolla, vaan&nbsp;toivoivat&nbsp;opiskeluun panostamansa ajan olevan&nbsp;haastavaa ja antoisaa.&nbsp;P\u00e4\u00e4telm\u00e4\u00e4 tukee my\u00f6s se, ett\u00e4 uuden oppimisen todettiin lis\u00e4\u00e4v\u00e4n opiskelumotivaatiota.&nbsp;&nbsp;<\/p>\n\n\n\n<p>Seuraavaksi opiskelijat jaettiin pienryhmiin, joissa he esitteliv\u00e4t oman k\u00e4yr\u00e4ns\u00e4 toisilleen ja keskustelivat oppimista tukevista ja haittaavista tekij\u00f6ist\u00e4. Pienryhm\u00e4t koostivat erilliselle paperille yhteisen n\u00e4kemyksens\u00e4 mukaisen tiivistyksen&nbsp;ja&nbsp;esitteliv\u00e4t koontinsa&nbsp;koko&nbsp;ryhm\u00e4lle, mink\u00e4 j\u00e4lkeen niist\u00e4&nbsp;keskusteltiin yhdess\u00e4.&nbsp;&nbsp;<\/p>\n\n\n\n<p>Pienryhmien yhteenvedoissa korostettiin ryhm\u00e4n tuen&nbsp;merkityst\u00e4.&nbsp;My\u00f6s selke\u00e4t ja hyvin&nbsp;aikataulutetut opintojaksot&nbsp;ker\u00e4siv\u00e4t kiitosta, samoin v\u00e4lipalautteen saaminen. Mielenkiintoisia ja ty\u00f6el\u00e4m\u00e4l\u00e4ht\u00f6isi\u00e4 aiheita opintojaksoilla arvostettiin ja&nbsp;sidosryhm\u00e4ty\u00f6skentelyst\u00e4 pidettiin. Oman&nbsp;motivaation&nbsp;ohella my\u00f6s&nbsp;ty\u00f6ss\u00e4 karttuneen&nbsp;k\u00e4yt\u00e4nn\u00f6n&nbsp;kokemuksen kerrottiin tukevan oppimista.&nbsp;<\/p>\n\n\n\n<p>Oppimista haittaaviksi tekij\u00f6iksi&nbsp;nousivat&nbsp;motivaation puute ja ajank\u00e4yt\u00f6n ongelmat.&nbsp;Muun el\u00e4m\u00e4n kiireiden ja kriisien todettiin&nbsp;tulevan&nbsp;opiskelun edelle. Tekniset ongelmat olivat&nbsp;vaikeuttaneet etenemist\u00e4 etenkin opintojen alkuvaiheessa. Joskus ongelmia tuli my\u00f6s my\u00f6hemm\u00e4ss\u00e4 vaiheessa &#8211; ohjelmia&nbsp;ja&nbsp;alustoja oli hankala hahmottaa, koska opiskelu ei ollut&nbsp;jokap\u00e4iv\u00e4ist\u00e4.&nbsp;&nbsp;<\/p>\n\n\n\n<p><strong>Ty\u00f6el\u00e4m\u00e4l\u00e4ht\u00f6isyys keski\u00f6ss\u00e4<\/strong>&nbsp;<\/p>\n\n\n\n<p>Seuraavaksi&nbsp;ty\u00f6pajassa siirryttiin miettim\u00e4\u00e4n ratkaisuja. Sein\u00e4lle kiinnitettiin suuret paperit, joihin kirjoitettujen kysymysten&nbsp;avulla&nbsp;opiskelijoilta&nbsp;ker\u00e4ttiin&nbsp;kehitysehdotuksia.&nbsp;Kysyimme, miten oppimista voisi tukea paremmin,&nbsp;miten&nbsp;opiskelija voisi paremmin tiet\u00e4\u00e4 oppineensa oikeita asioita, millaista tietoa opiskelija olisi kaivannut osaamisensa kehittymisest\u00e4 ja mill\u00e4 tavalla opiskelija voi hy\u00f6dynt\u00e4\u00e4 oppimaansa ty\u00f6el\u00e4m\u00e4ss\u00e4.&nbsp;&nbsp;<\/p>\n\n\n\n<p>Jokaisen opiskelijan tuli mietti\u00e4&nbsp;jokaiseen kysymykseen&nbsp;1\u20134&nbsp;vastausta. Vastaukset&nbsp;kirjoitettiin erillisille&nbsp;lapuille, jotka kiinnitettiin kysymyspapereihin.&nbsp;Lopuksi&nbsp;opiskelijat&nbsp;kiersiv\u00e4t lukemassa&nbsp;vastaukset&nbsp;ja \u00e4\u00e4nestiv\u00e4t&nbsp;mielest\u00e4\u00e4n kahta parasta&nbsp;vaihtoehtoa.&nbsp;T\u00e4m\u00e4n j\u00e4lkeen projektiryhm\u00e4n j\u00e4sen&nbsp;luki \u00e4\u00e4neen&nbsp;eniten \u00e4\u00e4ni\u00e4 saaneet ratkaisut, ja niist\u00e4 keskusteltiin yhdess\u00e4.&nbsp;<\/p>\n\n\n\n<p>Oppimisen parempaan tukemiseen liittyv\u00e4n kysymyksen parhaiksi&nbsp;ehdotuksiksi&nbsp;nostettiin&nbsp;opintojaksojen ty\u00f6el\u00e4m\u00e4l\u00e4ht\u00f6isyys ja se, ett\u00e4 teht\u00e4vi\u00e4 ripoteltaisiin pitkin opintojaksoa yhden ison lopputeht\u00e4v\u00e4n sijaan.&nbsp;Osaamisen kehittymiseen tarvittavaa tietoa kartoittavassa kysymyksess\u00e4 nousi varsin yksimielisesti parhaaksi ajatukseksi se, ett\u00e4 opettajilta pit\u00e4isi saada enemm\u00e4n sanallista palautetta.&nbsp;&nbsp;<\/p>\n\n\n\n<p>Kysymyksen \u201dMist\u00e4 voisit tiet\u00e4\u00e4 paremmin, ett\u00e4 olet oppinut oikeita asioita?\u201d osalta vastauksissa ja \u00e4\u00e4nestyksess\u00e4 oli suurta hajontaa, eik\u00e4 mik\u00e4\u00e4n yksitt\u00e4inen ajatus noussut suosituimmaksi.&nbsp;Osa ajatteli t\u00e4t\u00e4&nbsp;opintojen n\u00e4k\u00f6kulmasta ja totesi esimerkiksi tentin l\u00e4p\u00e4isemisen kertovan oikeiden asioiden oppimisesta. Osa pohti aihetta&nbsp;ty\u00f6el\u00e4m\u00e4l\u00e4ht\u00f6isesti ja arveli,&nbsp;ett\u00e4 silloin tiet\u00e4\u00e4 oppineensa oikeita asioita, kun oppia&nbsp;voi hy\u00f6dynt\u00e4\u00e4 ty\u00f6ss\u00e4\u00e4n. T\u00e4t\u00e4&nbsp;n\u00e4k\u00f6kulmaa&nbsp;pohdittiin laajemminkin vastauksissa<strong>&nbsp;<\/strong>siihen, miten oppimaansa voi hy\u00f6dynt\u00e4\u00e4 ty\u00f6el\u00e4m\u00e4ss\u00e4.&nbsp;Useimmat kertoivat&nbsp;jakavansa oppimaansa ty\u00f6yhteis\u00f6ss\u00e4\u00e4n.&nbsp;Moni&nbsp;mainitsi my\u00f6s kielitaidon kohenemisen hy\u00f6dytt\u00e4v\u00e4n heit\u00e4&nbsp;ty\u00f6ss\u00e4\u00e4n.&nbsp;<\/p>\n\n\n\n<p>Opiskelijat&nbsp;osallistuivat ty\u00f6pajaan aktiivisesti ja avoimesti.&nbsp;Heid\u00e4n mielest\u00e4\u00e4n&nbsp;oli antoisaa saada keskustella opettajien ja toistensa kanssa n\u00e4ist\u00e4 asioista.&nbsp;Ty\u00f6pajan vet\u00e4jille tilaisuus antoi arvokasta tietoa, jota&nbsp;voidaan&nbsp;k\u00e4ytt\u00e4\u00e4&nbsp;opetuksen&nbsp;kehitt\u00e4misess\u00e4. APOA-hankkeen n\u00e4k\u00f6kulmasta ty\u00f6pajassa kartutettua tietoa hy\u00f6dynnettiin varsinaisessa pilotoinnissa teht\u00e4v\u00e4\u00e4n itsearviointiin&nbsp;liittyvien kysymysten&nbsp;teemoittelussa. Pilotointia haluttiin jatkaa&nbsp;saman ryhm\u00e4n kanssa, ja yhteisty\u00f6 oli my\u00f6s jatkossa yht\u00e4 antoisaa kuin t\u00e4ss\u00e4 ensimm\u00e4isess\u00e4 tilaisuudessa.&nbsp;&nbsp;&nbsp;<\/p>\n","protected":false},"excerpt":{"rendered":"<p>Petra Laakso, Savonia-ammattikorkeakoulu\u00a012.3.2021 APOA-hankkeessa \u202f(Oppimisanalytiikka &#8211; avain parempaan&nbsp;oppimiseen\u202fAMKeissa)&nbsp;toteutettiin\u202fkev\u00e4\u00e4ll\u00e4 2019 Savonia-ammattikorkeakoulussa\u202fopiskelijoille&nbsp;kaksi&nbsp;ty\u00f6pajaa, joissa pyrittiin saamaan&nbsp;tietoa opiskelijoiden oppimiskokemuksista.&nbsp;Ensimm\u00e4inen j\u00e4rjestettiin muotoilun p\u00e4iv\u00e4opiskelijoille,&nbsp;ja&nbsp;toinen&nbsp;t\u00e4ss\u00e4 tekstiss\u00e4 esitelt\u00e4v\u00e4 ty\u00f6paja&nbsp;matkailu- ja ravitsemisalan toisen opintovuoden monimuoto-opiskelijoille.&nbsp;Ty\u00f6pajaan osallistui 13 opiskelijaa.&nbsp;&nbsp; Ty\u00f6skentely k\u00e4ynnistyi sill\u00e4, ett\u00e4 opiskelijoita kehotettiin muistelemaan opintojaan kuluneiden&nbsp;vajaan&nbsp;parin&nbsp;vuoden ajalta ja piirt\u00e4m\u00e4\u00e4n opintojensa kulusta k\u00e4yr\u00e4n&nbsp;muotoiluopiskelijoidenkin&nbsp;ty\u00f6pajassa k\u00e4ytetylle pohjalle. Opiskelijoita pyydettiin&nbsp;my\u00f6s kuvailemaan, mist\u00e4&nbsp;k\u00e4yr\u00e4n&nbsp;kehityskulut johtuivat \u2013 mit\u00e4 tuolloin tapahtui [&hellip;]<\/p>\n","protected":false},"author":24,"featured_media":0,"parent":0,"menu_order":2,"comment_status":"closed","ping_status":"closed","template":"","meta":{"footnotes":""},"class_list":["post-41","page","type-page","status-publish","hentry"],"_links":{"self":[{"href":"https:\/\/blogi.savonia.fi\/oppimisanalytiikka\/wp-json\/wp\/v2\/pages\/41","targetHints":{"allow":["GET"]}}],"collection":[{"href":"https:\/\/blogi.savonia.fi\/oppimisanalytiikka\/wp-json\/wp\/v2\/pages"}],"about":[{"href":"https:\/\/blogi.savonia.fi\/oppimisanalytiikka\/wp-json\/wp\/v2\/types\/page"}],"author":[{"embeddable":true,"href":"https:\/\/blogi.savonia.fi\/oppimisanalytiikka\/wp-json\/wp\/v2\/users\/24"}],"replies":[{"embeddable":true,"href":"https:\/\/blogi.savonia.fi\/oppimisanalytiikka\/wp-json\/wp\/v2\/comments?post=41"}],"version-history":[{"count":9,"href":"https:\/\/blogi.savonia.fi\/oppimisanalytiikka\/wp-json\/wp\/v2\/pages\/41\/revisions"}],"predecessor-version":[{"id":240,"href":"https:\/\/blogi.savonia.fi\/oppimisanalytiikka\/wp-json\/wp\/v2\/pages\/41\/revisions\/240"}],"wp:attachment":[{"href":"https:\/\/blogi.savonia.fi\/oppimisanalytiikka\/wp-json\/wp\/v2\/media?parent=41"}],"curies":[{"name":"wp","href":"https:\/\/api.w.org\/{rel}","templated":true}]}}

<p>Petra Laakso, Savonia-ammattikorkeakoulu <br>12.3.2021</p>



<p class="has-drop-cap">APOA-hankkeessa  (Oppimisanalytiikka &#8211; avain parempaan&nbsp;oppimiseen AMKeissa)&nbsp;toteutettiin keväällä 2019 Savonia-ammattikorkeakoulussa opiskelijoille&nbsp;kaksi&nbsp;työpajaa, joissa pyrittiin saamaan&nbsp;tietoa opiskelijoiden oppimiskokemuksista.&nbsp;Ensimmäinen järjestettiin muotoilun päiväopiskelijoille,&nbsp;ja&nbsp;toinen&nbsp;tässä tekstissä esiteltävä työpaja&nbsp;matkailu- ja ravitsemisalan toisen opintovuoden monimuoto-opiskelijoille.&nbsp;Työpajaan osallistui 13 opiskelijaa.&nbsp;&nbsp;</p>



<p>Työskentely käynnistyi sillä, että opiskelijoita kehotettiin muistelemaan opintojaan kuluneiden&nbsp;vajaan&nbsp;parin&nbsp;vuoden ajalta ja piirtämään opintojensa kulusta käyrän&nbsp;muotoiluopiskelijoidenkin&nbsp;työpajassa käytetylle pohjalle. Opiskelijoita pyydettiin&nbsp;myös kuvailemaan, mistä&nbsp;käyrän&nbsp;kehityskulut johtuivat – mitä tuolloin tapahtui ja millaisia tunteita opiskelija koki. Tärkeää oli kirjata syitä sille, miksi käyrä on lähtenyt laskuun tai nousuun.&nbsp;</p>



<p><strong>Halu oppia uutta kantaa läpi haasteiden</strong>&nbsp;</p>



<p>Käyrien yhteyteen merkittiin oppimista tukeneiksi&nbsp;muuttujiksi&nbsp;useimmin&nbsp;uuden oppiminen ja mielenkiintoiset opintojaksot. Nämä kielivät&nbsp;aidosta halusta oppia uutta. Kolmanneksi eniten mainintoja sai&nbsp;motivaatio, ja nousevia käyriä&nbsp;selitettiin sen ohella myös&nbsp;hyvällä energiatasolla:&nbsp;moni&nbsp;totesi opiskelun sujuneen&nbsp;hyvin&nbsp;kesäloman jälkeen.&nbsp;</p>



<p>Oppimista vaikeuttivat&nbsp;selvästi&nbsp;eniten&nbsp;opintojen ulkopuoliset&nbsp;asiat. Monimuoto-opiskelijoille yleinen tasapainottelu opiskelun, työn ja perhe-elämän välillä&nbsp;näkyi myös siinä, että moni&nbsp;kertoi ajanpuutteen aiheuttavan ongelmia.&nbsp;Myös hyödyttömien tai liian helppojen opintojaksojen kerrottiin haittaavan oppimista.&nbsp;</p>



<p>Vaikka monimuoto-opiskelijoilla&nbsp;on aikataulupaineita, eivät he kuitenkaan&nbsp;halunneet&nbsp;päästä opinnoissaan helpolla, vaan&nbsp;toivoivat&nbsp;opiskeluun panostamansa ajan olevan&nbsp;haastavaa ja antoisaa.&nbsp;Päätelmää tukee myös se, että uuden oppimisen todettiin lisäävän opiskelumotivaatiota.&nbsp;&nbsp;</p>



<p>Seuraavaksi opiskelijat jaettiin pienryhmiin, joissa he esittelivät oman käyränsä toisilleen ja keskustelivat oppimista tukevista ja haittaavista tekijöistä. Pienryhmät koostivat erilliselle paperille yhteisen näkemyksensä mukaisen tiivistyksen&nbsp;ja&nbsp;esittelivät koontinsa&nbsp;koko&nbsp;ryhmälle, minkä jälkeen niistä&nbsp;keskusteltiin yhdessä.&nbsp;&nbsp;</p>



<p>Pienryhmien yhteenvedoissa korostettiin ryhmän tuen&nbsp;merkitystä.&nbsp;Myös selkeät ja hyvin&nbsp;aikataulutetut opintojaksot&nbsp;keräsivät kiitosta, samoin välipalautteen saaminen. Mielenkiintoisia ja työelämälähtöisiä aiheita opintojaksoilla arvostettiin ja&nbsp;sidosryhmätyöskentelystä pidettiin. Oman&nbsp;motivaation&nbsp;ohella myös&nbsp;työssä karttuneen&nbsp;käytännön&nbsp;kokemuksen kerrottiin tukevan oppimista.&nbsp;</p>



<p>Oppimista haittaaviksi tekijöiksi&nbsp;nousivat&nbsp;motivaation puute ja ajankäytön ongelmat.&nbsp;Muun elämän kiireiden ja kriisien todettiin&nbsp;tulevan&nbsp;opiskelun edelle. Tekniset ongelmat olivat&nbsp;vaikeuttaneet etenemistä etenkin opintojen alkuvaiheessa. Joskus ongelmia tuli myös myöhemmässä vaiheessa &#8211; ohjelmia&nbsp;ja&nbsp;alustoja oli hankala hahmottaa, koska opiskelu ei ollut&nbsp;jokapäiväistä.&nbsp;&nbsp;</p>



<p><strong>Työelämälähtöisyys keskiössä</strong>&nbsp;</p>



<p>Seuraavaksi&nbsp;työpajassa siirryttiin miettimään ratkaisuja. Seinälle kiinnitettiin suuret paperit, joihin kirjoitettujen kysymysten&nbsp;avulla&nbsp;opiskelijoilta&nbsp;kerättiin&nbsp;kehitysehdotuksia.&nbsp;Kysyimme, miten oppimista voisi tukea paremmin,&nbsp;miten&nbsp;opiskelija voisi paremmin tietää oppineensa oikeita asioita, millaista tietoa opiskelija olisi kaivannut osaamisensa kehittymisestä ja millä tavalla opiskelija voi hyödyntää oppimaansa työelämässä.&nbsp;&nbsp;</p>



<p>Jokaisen opiskelijan tuli miettiä&nbsp;jokaiseen kysymykseen&nbsp;1–4&nbsp;vastausta. Vastaukset&nbsp;kirjoitettiin erillisille&nbsp;lapuille, jotka kiinnitettiin kysymyspapereihin.&nbsp;Lopuksi&nbsp;opiskelijat&nbsp;kiersivät lukemassa&nbsp;vastaukset&nbsp;ja äänestivät&nbsp;mielestään kahta parasta&nbsp;vaihtoehtoa.&nbsp;Tämän jälkeen projektiryhmän jäsen&nbsp;luki ääneen&nbsp;eniten ääniä saaneet ratkaisut, ja niistä keskusteltiin yhdessä.&nbsp;</p>



<p>Oppimisen parempaan tukemiseen liittyvän kysymyksen parhaiksi&nbsp;ehdotuksiksi&nbsp;nostettiin&nbsp;opintojaksojen työelämälähtöisyys ja se, että tehtäviä ripoteltaisiin pitkin opintojaksoa yhden ison lopputehtävän sijaan.&nbsp;Osaamisen kehittymiseen tarvittavaa tietoa kartoittavassa kysymyksessä nousi varsin yksimielisesti parhaaksi ajatukseksi se, että opettajilta pitäisi saada enemmän sanallista palautetta.&nbsp;&nbsp;</p>



<p>Kysymyksen ”Mistä voisit tietää paremmin, että olet oppinut oikeita asioita?” osalta vastauksissa ja äänestyksessä oli suurta hajontaa, eikä mikään yksittäinen ajatus noussut suosituimmaksi.&nbsp;Osa ajatteli tätä&nbsp;opintojen näkökulmasta ja totesi esimerkiksi tentin läpäisemisen kertovan oikeiden asioiden oppimisesta. Osa pohti aihetta&nbsp;työelämälähtöisesti ja arveli,&nbsp;että silloin tietää oppineensa oikeita asioita, kun oppia&nbsp;voi hyödyntää työssään. Tätä&nbsp;näkökulmaa&nbsp;pohdittiin laajemminkin vastauksissa<strong>&nbsp;</strong>siihen, miten oppimaansa voi hyödyntää työelämässä.&nbsp;Useimmat kertoivat&nbsp;jakavansa oppimaansa työyhteisössään.&nbsp;Moni&nbsp;mainitsi myös kielitaidon kohenemisen hyödyttävän heitä&nbsp;työssään.&nbsp;</p>



<p>Opiskelijat&nbsp;osallistuivat työpajaan aktiivisesti ja avoimesti.&nbsp;Heidän mielestään&nbsp;oli antoisaa saada keskustella opettajien ja toistensa kanssa näistä asioista.&nbsp;Työpajan vetäjille tilaisuus antoi arvokasta tietoa, jota&nbsp;voidaan&nbsp;käyttää&nbsp;opetuksen&nbsp;kehittämisessä. APOA-hankkeen näkökulmasta työpajassa kartutettua tietoa hyödynnettiin varsinaisessa pilotoinnissa tehtävään itsearviointiin&nbsp;liittyvien kysymysten&nbsp;teemoittelussa. Pilotointia haluttiin jatkaa&nbsp;saman ryhmän kanssa, ja yhteistyö oli myös jatkossa yhtä antoisaa kuin tässä ensimmäisessä tilaisuudessa.&nbsp;&nbsp;&nbsp;</p>

<p>Petra Laakso, Savonia-ammattikorkeakoulu 12.3.2021 APOA-hankkeessa  (Oppimisanalytiikka &#8211; avain parempaan&nbsp;oppimiseen AMKeissa)&nbsp;toteutettiin keväällä 2019 Savonia-ammattikorkeakoulussa opiskelijoille&nbsp;kaksi&nbsp;työpajaa, joissa pyrittiin saamaan&nbsp;tietoa opiskelijoiden oppimiskokemuksista.&nbsp;Ensimmäinen järjestettiin muotoilun päiväopiskelijoille,&nbsp;ja&nbsp;toinen&nbsp;tässä tekstissä esiteltävä työpaja&nbsp;matkailu- ja ravitsemisalan toisen opintovuoden monimuoto-opiskelijoille.&nbsp;Työpajaan osallistui 13 opiskelijaa.&nbsp;&nbsp; Työskentely käynnistyi sillä, että opiskelijoita kehotettiin muistelemaan opintojaan kuluneiden&nbsp;vajaan&nbsp;parin&nbsp;vuoden ajalta ja piirtämään opintojensa kulusta käyrän&nbsp;muotoiluopiskelijoidenkin&nbsp;työpajassa käytetylle pohjalle. Opiskelijoita pyydettiin&nbsp;myös kuvailemaan, mistä&nbsp;käyrän&nbsp;kehityskulut johtuivat – mitä tuolloin tapahtui [&hellip;]</p>
