{"id":45,"date":"2021-03-08T12:52:05","date_gmt":"2021-03-08T10:52:05","guid":{"rendered":"https:\/\/blogi.savonia.fi\/oppimisanalytiikka\/?page_id=45"},"modified":"2021-08-28T17:29:55","modified_gmt":"2021-08-28T14:29:55","slug":"savonian-amk-opiskelijat-loivat-oman-fiilismittarin-oppimisprosessin-havainnointiin-ja-hallintaan","status":"publish","type":"page","link":"https:\/\/blogi.savonia.fi\/oppimisanalytiikka\/savonian-amk-opiskelijat-loivat-oman-fiilismittarin-oppimisprosessin-havainnointiin-ja-hallintaan\/","title":{"rendered":"Opiskelijal\u00e4ht\u00f6inen fiilismittari oppimisprosessin havainnointiin"},"content":{"rendered":"\n<p>Risto Nylund ja Sirpa Vauhkonen, Savonia-ammattikorkeakoulu\u00a0<br>23.4.2021<\/p>\n\n\n\n<p class=\"has-drop-cap\">Apoa&nbsp;(Avain parempaan oppimiseen&nbsp;AMKeissa)&nbsp;-hankkeessa toteutettiin&nbsp;syksyll\u00e4 2019 ja kev\u00e4\u00e4ll\u00e4 2020&nbsp;Savonia-ammattikorkeakoulussa&nbsp;kaksi&nbsp;pilottikysely\u00e4, joiden&nbsp;tavoitteena oli tuoda n\u00e4kyville opiskelijoiden&nbsp;tuntemuksia&nbsp;ja ajatuksia&nbsp;heid\u00e4n opiskelumotivaatiostaan&nbsp;ja siihen vaikuttavista tekij\u00f6ist\u00e4.&nbsp;Piloteissa opiskelijat vastasivat&nbsp;kyselyyn&nbsp;kerran viikossa&nbsp;6-9&nbsp;viikon ajan&nbsp;heid\u00e4n itsens\u00e4 m\u00e4\u00e4rittelemiin kysymyksiin, jotka liittyiv\u00e4t heid\u00e4n&nbsp;tuntemuksiin&nbsp;omasta oppimisprosessista.&nbsp;Pilottiryhmin\u00e4 toimivat&nbsp;muotoilualan p\u00e4iv\u00e4toteutuksen opiskelijat&nbsp;sek\u00e4 matkailu- ja ravitsemusalan&nbsp;monimuoto-opiskelijat.&nbsp;&nbsp;&nbsp;<\/p>\n\n\n\n<p>Ennen varsinaisia pilottikyselyj\u00e4, kev\u00e4\u00e4ll\u00e4 2019&nbsp;j\u00e4rjestettiin n\u00e4ille opiskelijaryhmille palvelumuotoilun ty\u00f6pajat, joissa opiskelijat kuvasivat&nbsp;piirroksin siihen menness\u00e4 kokemiaan&nbsp;oppimiseen liittyvist\u00e4 tuntemuksia ja fiiliksi\u00e4. T\u00e4m\u00e4n palvelumuotoilun ty\u00f6pajan&nbsp;menetelm\u00e4t ja&nbsp;tulokset&nbsp;koettiin&nbsp;hy\u00f6dyllisiksi&nbsp;ja innostaviksi.&nbsp;Sen pohjalta&nbsp;l\u00e4hdettiin miettim\u00e4\u00e4n,&nbsp;kuinka&nbsp;laadullista aineistoa voitaisiin&nbsp;opiskelijal\u00e4ht\u00f6isesti&nbsp;ker\u00e4t\u00e4 systemaattisemmin ja tarkemmin rajatulta ajanjaksolta.&nbsp;&nbsp;<\/p>\n\n\n\n<figure class=\"wp-block-gallery columns-1 is-cropped wp-block-gallery-1 is-layout-flex wp-block-gallery-is-layout-flex\"><ul class=\"blocks-gallery-grid\"><li class=\"blocks-gallery-item\"><figure><img loading=\"lazy\" decoding=\"async\" width=\"1024\" height=\"546\" src=\"https:\/\/blogi.savonia.fi\/oppimisanalytiikka\/wp-content\/uploads\/sites\/9747\/2021\/03\/Opisikelijoiden-osallistaminen-kysymyksissa-1024x546.jpg\" alt=\"\" data-id=\"166\" data-full-url=\"https:\/\/blogi.savonia.fi\/oppimisanalytiikka\/wp-content\/uploads\/sites\/9747\/2021\/03\/Opisikelijoiden-osallistaminen-kysymyksissa-scaled.jpg\" data-link=\"https:\/\/blogi.savonia.fi\/oppimisanalytiikka\/savonian-amk-opiskelijat-loivat-oman-fiilismittarin-oppimisprosessin-havainnointiin-ja-hallintaan\/opisikelijoiden-osallistaminen-kysymyksissa\/\" class=\"wp-image-166\" srcset=\"https:\/\/blogi.savonia.fi\/oppimisanalytiikka\/wp-content\/uploads\/sites\/9747\/2021\/03\/Opisikelijoiden-osallistaminen-kysymyksissa-1024x546.jpg 1024w, https:\/\/blogi.savonia.fi\/oppimisanalytiikka\/wp-content\/uploads\/sites\/9747\/2021\/03\/Opisikelijoiden-osallistaminen-kysymyksissa-300x160.jpg 300w, https:\/\/blogi.savonia.fi\/oppimisanalytiikka\/wp-content\/uploads\/sites\/9747\/2021\/03\/Opisikelijoiden-osallistaminen-kysymyksissa-768x409.jpg 768w, https:\/\/blogi.savonia.fi\/oppimisanalytiikka\/wp-content\/uploads\/sites\/9747\/2021\/03\/Opisikelijoiden-osallistaminen-kysymyksissa-1536x819.jpg 1536w, https:\/\/blogi.savonia.fi\/oppimisanalytiikka\/wp-content\/uploads\/sites\/9747\/2021\/03\/Opisikelijoiden-osallistaminen-kysymyksissa-2048x1091.jpg 2048w, https:\/\/blogi.savonia.fi\/oppimisanalytiikka\/wp-content\/uploads\/sites\/9747\/2021\/03\/Opisikelijoiden-osallistaminen-kysymyksissa-624x333.jpg 624w\" sizes=\"auto, (max-width: 1024px) 100vw, 1024px\" \/><\/figure><\/li><\/ul><\/figure>\n\n\n\n<p>KUVA 1. Opiskelijoiden luomia kysymyksi\u00e4 ty\u00f6pajoissa.<\/p>\n\n\n\n<p>Molempien palvelumuotoilun ty\u00f6pajojen tuotosten pohjalta koostettiin 6 teema asioista, jotka opiskelijat olivat kokeneet t\u00e4rkeiksi oppimisessaan. N\u00e4m\u00e4 teemat olivat: motivaatio,&nbsp;tunne ohjauksesta,&nbsp;ajank\u00e4ytt\u00f6,&nbsp;oppimistilanne,&nbsp;oppimisen tunne\/oppimisen ilo ja&nbsp;tuki oppimiselle. Seuraavissa ty\u00f6pajoissa teemat ohjasivat opiskelijoita edelleen ideoimaan erilaisia kysymyksi\u00e4, joihin vastaamalla he pystyisiv\u00e4t tekem\u00e4\u00e4n havaintoja omista oppimisprosesseistaan. <\/p>\n\n\n\n<figure class=\"wp-block-gallery columns-1 is-cropped wp-block-gallery-2 is-layout-flex wp-block-gallery-is-layout-flex\"><ul class=\"blocks-gallery-grid\"><li class=\"blocks-gallery-item\"><figure><img loading=\"lazy\" decoding=\"async\" width=\"1024\" height=\"576\" src=\"https:\/\/blogi.savonia.fi\/oppimisanalytiikka\/wp-content\/uploads\/sites\/9747\/2021\/03\/Teemat-1024x576.jpg\" alt=\"\" data-id=\"162\" data-full-url=\"https:\/\/blogi.savonia.fi\/oppimisanalytiikka\/wp-content\/uploads\/sites\/9747\/2021\/03\/Teemat.jpg\" data-link=\"https:\/\/blogi.savonia.fi\/oppimisanalytiikka\/savonian-amk-opiskelijat-loivat-oman-fiilismittarin-oppimisprosessin-havainnointiin-ja-hallintaan\/teemat\/\" class=\"wp-image-162\" srcset=\"https:\/\/blogi.savonia.fi\/oppimisanalytiikka\/wp-content\/uploads\/sites\/9747\/2021\/03\/Teemat-1024x576.jpg 1024w, https:\/\/blogi.savonia.fi\/oppimisanalytiikka\/wp-content\/uploads\/sites\/9747\/2021\/03\/Teemat-300x169.jpg 300w, https:\/\/blogi.savonia.fi\/oppimisanalytiikka\/wp-content\/uploads\/sites\/9747\/2021\/03\/Teemat-768x432.jpg 768w, https:\/\/blogi.savonia.fi\/oppimisanalytiikka\/wp-content\/uploads\/sites\/9747\/2021\/03\/Teemat-624x351.jpg 624w, https:\/\/blogi.savonia.fi\/oppimisanalytiikka\/wp-content\/uploads\/sites\/9747\/2021\/03\/Teemat.jpg 1280w\" sizes=\"auto, (max-width: 1024px) 100vw, 1024px\" \/><\/figure><\/li><\/ul><\/figure>\n\n\n\n<p>KUVA 2. Teemoittain: Mit\u00e4 opiskelijat halusivat havainnoida oppimisprosessistaan?<\/p>\n\n\n\n<p>Saaduista kysymyksist\u00e4 j\u00e4senneltiin teemoittain v\u00e4itt\u00e4m\u00e4t lopulliseen kyselyyn. Kyselyn lauseet haluttiin pit\u00e4\u00e4 lyhyin\u00e4 ja selkein\u00e4, jotta vastaaminen olisi mahdollisimman vaivatonta. Syyslukukaudella 2019 ko. pilottiryhm\u00e4t vastasivat ensin fiilismittari-kyselyyn viikoittain&nbsp;Webropol-sovelluksella ja kev\u00e4tlukukaudella 2020 saatiin k\u00e4ytt\u00f6\u00f6n my\u00f6s Apoa-hankkeen ja n\u00e4iden pilottien tarpeisiin&nbsp;kehitetty&nbsp;mobiilisovellus, jonka Savonian tietotekniikan opiskelijat toteuttivat. <\/p>\n\n\n\n<p>Pilotoinnissa nousi vahvasti esille mobiilisovelluksen  vaivattomuus ja&nbsp;reaaliaikaisuus.&nbsp;Opiskelijat totesivat, ett\u00e4 sovellusta oli helppo ja nopea k\u00e4ytt\u00e4\u00e4, mik\u00e4 edesauttoi kyselyyn sitoutumista.&nbsp;Fiilismittari-sovellusta k\u00e4ytt\u00e4m\u00e4ll\u00e4 opiskelijat&nbsp;pystyiv\u00e4t&nbsp;itsen\u00e4isesti tekem\u00e4\u00e4n havainnointia oman oppimisen edistymisest\u00e4 ja siten ymm\u00e4rt\u00e4m\u00e4\u00e4n paremmin omaan oppimisprosessiin vaikuttavista tekij\u00f6ist\u00e4.&nbsp;Lis\u00e4ksi sovelluksen kautta pystyi vertamaan&nbsp;omia fiiliksi\u00e4\u00e4n luokan vastaaviin keskiarvoihin.&nbsp;&nbsp;&nbsp;<\/p>\n\n\n\n<p>Er\u00e4s pilotissa mukana ollut opiskelija kiteytt\u00e4\u00e4 asian hyvin: \u201dRyhm\u00e4n fiiliksi\u00e4 oli mielenkiintoista my\u00f6s verrata omaan, tiet\u00e4en,&nbsp;ettei muillakaan aina ole helppoa.&nbsp;Se vahvistaa ryhm\u00e4tukea, sill\u00e4 yleens\u00e4 mentiin samassa veneess\u00e4. Jos itsell\u00e4 oli fiilikset&nbsp;paljon huonommat&nbsp;kuin muilla,&nbsp;se&nbsp;her\u00e4tti tarkastelemaan&nbsp;omaa tilannetta.&nbsp;\u201d&nbsp;<\/p>\n\n\n\n<p>Fiilismittari-kyselyjen kautta saatu tieto on tarkoitettu ennen kaikkea opiskelijoille itselleen, jotta heid\u00e4n ymm\u00e4rryksens\u00e4&nbsp;sek\u00e4 omaan oppimisprosessiinsa&nbsp;vaikuttavista tekij\u00f6ist\u00e4 ett\u00e4 vastuusta omasta oppimisestaan syvenisi ja kehittyisi. Opiskelijoiden lis\u00e4ksi pilotin tuottamaa tietoa voisivat&nbsp;hy\u00f6dynt\u00e4\u00e4 my\u00f6s&nbsp;tutoropettajat&nbsp;ja opot, jotka pystyisiv\u00e4t&nbsp;havaitsemaan mahdollisia \u201dpudokkaita\u201d jo varhaisemmassa vaiheessa.&nbsp;&nbsp;&nbsp;<\/p>\n\n\n\n<p>Koko fiilismittarin luominen tapahtui  hyvin opiskelijal\u00e4ht\u00f6isesti. Prosessi eteni vaihe vaiheelta pilotissa mukana olevien opiskelijaryhmien ty\u00f6pajaty\u00f6skentelyill\u00e4 Apoa-hankkeessa olevien tuttujen opettajien ohjauksessa. Opiskelijoiden vahva osallistaminen palvelumuotoilun keinoin loi hyv\u00e4t edellytykset sille, ett\u00e4 opiskelijoiden t\u00e4rkeimm\u00e4t ajatukset ja tuntemukset heid\u00e4n omasta oppimisprosessistaan tulisivat kyselyjen kautta entist\u00e4 selvemmin esille ja ett\u00e4 oppimista voitaisiin kehitt\u00e4\u00e4 entist\u00e4 opiskelijal\u00e4ht\u00f6isemm\u00e4ksi. <\/p>\n","protected":false},"excerpt":{"rendered":"<p>Risto Nylund ja Sirpa Vauhkonen, Savonia-ammattikorkeakoulu\u00a023.4.2021 Apoa&nbsp;(Avain parempaan oppimiseen&nbsp;AMKeissa)&nbsp;-hankkeessa toteutettiin&nbsp;syksyll\u00e4 2019 ja kev\u00e4\u00e4ll\u00e4 2020&nbsp;Savonia-ammattikorkeakoulussa&nbsp;kaksi&nbsp;pilottikysely\u00e4, joiden&nbsp;tavoitteena oli tuoda n\u00e4kyville opiskelijoiden&nbsp;tuntemuksia&nbsp;ja ajatuksia&nbsp;heid\u00e4n opiskelumotivaatiostaan&nbsp;ja siihen vaikuttavista tekij\u00f6ist\u00e4.&nbsp;Piloteissa opiskelijat vastasivat&nbsp;kyselyyn&nbsp;kerran viikossa&nbsp;6-9&nbsp;viikon ajan&nbsp;heid\u00e4n itsens\u00e4 m\u00e4\u00e4rittelemiin kysymyksiin, jotka liittyiv\u00e4t heid\u00e4n&nbsp;tuntemuksiin&nbsp;omasta oppimisprosessista.&nbsp;Pilottiryhmin\u00e4 toimivat&nbsp;muotoilualan p\u00e4iv\u00e4toteutuksen opiskelijat&nbsp;sek\u00e4 matkailu- ja ravitsemusalan&nbsp;monimuoto-opiskelijat.&nbsp;&nbsp;&nbsp; Ennen varsinaisia pilottikyselyj\u00e4, kev\u00e4\u00e4ll\u00e4 2019&nbsp;j\u00e4rjestettiin n\u00e4ille opiskelijaryhmille palvelumuotoilun ty\u00f6pajat, joissa opiskelijat kuvasivat&nbsp;piirroksin siihen menness\u00e4 [&hellip;]<\/p>\n","protected":false},"author":24,"featured_media":0,"parent":0,"menu_order":4,"comment_status":"closed","ping_status":"closed","template":"","meta":{"footnotes":""},"class_list":["post-45","page","type-page","status-publish","hentry"],"_links":{"self":[{"href":"https:\/\/blogi.savonia.fi\/oppimisanalytiikka\/wp-json\/wp\/v2\/pages\/45","targetHints":{"allow":["GET"]}}],"collection":[{"href":"https:\/\/blogi.savonia.fi\/oppimisanalytiikka\/wp-json\/wp\/v2\/pages"}],"about":[{"href":"https:\/\/blogi.savonia.fi\/oppimisanalytiikka\/wp-json\/wp\/v2\/types\/page"}],"author":[{"embeddable":true,"href":"https:\/\/blogi.savonia.fi\/oppimisanalytiikka\/wp-json\/wp\/v2\/users\/24"}],"replies":[{"embeddable":true,"href":"https:\/\/blogi.savonia.fi\/oppimisanalytiikka\/wp-json\/wp\/v2\/comments?post=45"}],"version-history":[{"count":15,"href":"https:\/\/blogi.savonia.fi\/oppimisanalytiikka\/wp-json\/wp\/v2\/pages\/45\/revisions"}],"predecessor-version":[{"id":242,"href":"https:\/\/blogi.savonia.fi\/oppimisanalytiikka\/wp-json\/wp\/v2\/pages\/45\/revisions\/242"}],"wp:attachment":[{"href":"https:\/\/blogi.savonia.fi\/oppimisanalytiikka\/wp-json\/wp\/v2\/media?parent=45"}],"curies":[{"name":"wp","href":"https:\/\/api.w.org\/{rel}","templated":true}]}}