{"id":8,"date":"2025-01-16T13:18:32","date_gmt":"2025-01-16T11:18:32","guid":{"rendered":"https:\/\/blogi.savonia.fi\/peppikapanen\/?page_id=8"},"modified":"2025-12-03T13:11:17","modified_gmt":"2025-12-03T11:11:17","slug":"hoitotaidon-harjoittelu","status":"publish","type":"page","link":"https:\/\/blogi.savonia.fi\/peppikapanen\/esimerkkisivu\/hoitotaidon-harjoittelu\/","title":{"rendered":"Hoitotaidon harjoittelu"},"content":{"rendered":"\n<p><strong>Harjoittelun tavoitteet<\/strong>&nbsp;<\/p>\n\n\n\n<p><strong>Osaamistavoitteet<\/strong>&nbsp;<\/p>\n\n\n\n<p>Opintojakson suoritettuaan opiskelija osaa&nbsp;<br>&#8211; toimia hoitoty\u00f6n arvojen ja periaatteiden sek\u00e4 s\u00e4\u00e4d\u00f6sten mukaisesti&nbsp;<br>&#8211; toimia ymm\u00e4rt\u00e4en vastuunsa rajat&nbsp;<br>&#8211; toimia ammatillisessa vuorovaikutuksessa kunnioittaen asiakkaan\/potilaan yksil\u00f6llisyytt\u00e4 ja erilaisuutta&nbsp;<br>&#8211; tunnistaa asiakkaan\/potilaan perusravitsemuksen, p\u00e4ivitt\u00e4isen toimintakyvyn ja hoidon tarpeita&nbsp;<br>&#8211; ohjata asiakkaita\/potilaita p\u00e4ivitt\u00e4isen toimintakyvyn yll\u00e4pit\u00e4misess\u00e4 sek\u00e4 perusravitsemukseen liittyviss\u00e4 kysymyksiss\u00e4 ja toteuttaa kuntouttavaa hoitoty\u00f6t\u00e4&nbsp;<br>&#8211; toimia aseptisesti infektioiden torjunnan periaatteita noudattaen&nbsp;<br>&#8211; k\u00e4ytt\u00e4\u00e4 keskeisi\u00e4 hoitoty\u00f6n menetelmi\u00e4 ja v\u00e4lineit\u00e4&nbsp;<br>&#8211; tunnistaa dialogisen vuorovaikutuksen periaatteet&nbsp;<br>&#8211; dokumentoida hoitoty\u00f6t\u00e4.&nbsp;<br>&nbsp;<\/p>\n\n\n\n<p><strong>Sis\u00e4lt\u00f6<\/strong>&nbsp;<\/p>\n\n\n\n<p>&#8211; aseptiikka ja infektioiden torjunta&nbsp;<br>&#8211; p\u00e4ivitt\u00e4isen toimintakyvyn ja perusravitsemuksen arviointi&nbsp;<br>&#8211; hoitoty\u00f6n toiminnot: puhtaudesta, ravitsemuksesta\/nesteytyksest\u00e4 ja eritt\u00e4misest\u00e4 huolehtiminen&nbsp;<br>&#8211; vitaalielintoiminnot: hengityksen, verenkierron ja tajunnan tason seuranta&nbsp;<br>&#8211; l\u00e4\u00e4kehoidon toteuttaminen ja vaikuttavuuden seuranta&nbsp;<br>&#8211; asiakkaan\/potilaan arvostava kohtaaminen ja dialoginen vuorovaikutus&nbsp;<br>&#8211; rakenteinen kirjaaminen&nbsp;<\/p>\n","protected":false},"excerpt":{"rendered":"<p>Harjoittelun tavoitteet&nbsp; Osaamistavoitteet&nbsp; Opintojakson suoritettuaan opiskelija osaa&nbsp;&#8211; toimia hoitoty\u00f6n arvojen ja periaatteiden sek\u00e4 s\u00e4\u00e4d\u00f6sten mukaisesti&nbsp;&#8211; toimia ymm\u00e4rt\u00e4en vastuunsa rajat&nbsp;&#8211; toimia ammatillisessa vuorovaikutuksessa kunnioittaen asiakkaan\/potilaan yksil\u00f6llisyytt\u00e4 ja erilaisuutta&nbsp;&#8211; tunnistaa asiakkaan\/potilaan perusravitsemuksen, p\u00e4ivitt\u00e4isen toimintakyvyn ja hoidon tarpeita&nbsp;&#8211; ohjata asiakkaita\/potilaita p\u00e4ivitt\u00e4isen toimintakyvyn yll\u00e4pit\u00e4misess\u00e4 sek\u00e4 perusravitsemukseen liittyviss\u00e4 kysymyksiss\u00e4 ja toteuttaa kuntouttavaa hoitoty\u00f6t\u00e4&nbsp;&#8211; toimia aseptisesti infektioiden torjunnan periaatteita noudattaen&nbsp;&#8211; k\u00e4ytt\u00e4\u00e4&#8230;<\/p>\n","protected":false},"author":12439,"featured_media":0,"parent":2,"menu_order":1,"comment_status":"closed","ping_status":"closed","template":"","meta":{"footnotes":""},"class_list":["post-8","page","type-page","status-publish","hentry"],"_links":{"self":[{"href":"https:\/\/blogi.savonia.fi\/peppikapanen\/wp-json\/wp\/v2\/pages\/8","targetHints":{"allow":["GET"]}}],"collection":[{"href":"https:\/\/blogi.savonia.fi\/peppikapanen\/wp-json\/wp\/v2\/pages"}],"about":[{"href":"https:\/\/blogi.savonia.fi\/peppikapanen\/wp-json\/wp\/v2\/types\/page"}],"author":[{"embeddable":true,"href":"https:\/\/blogi.savonia.fi\/peppikapanen\/wp-json\/wp\/v2\/users\/12439"}],"replies":[{"embeddable":true,"href":"https:\/\/blogi.savonia.fi\/peppikapanen\/wp-json\/wp\/v2\/comments?post=8"}],"version-history":[{"count":2,"href":"https:\/\/blogi.savonia.fi\/peppikapanen\/wp-json\/wp\/v2\/pages\/8\/revisions"}],"predecessor-version":[{"id":173,"href":"https:\/\/blogi.savonia.fi\/peppikapanen\/wp-json\/wp\/v2\/pages\/8\/revisions\/173"}],"up":[{"embeddable":true,"href":"https:\/\/blogi.savonia.fi\/peppikapanen\/wp-json\/wp\/v2\/pages\/2"}],"wp:attachment":[{"href":"https:\/\/blogi.savonia.fi\/peppikapanen\/wp-json\/wp\/v2\/media?parent=8"}],"curies":[{"name":"wp","href":"https:\/\/api.w.org\/{rel}","templated":true}]}}