{"id":4,"date":"2020-10-24T14:38:43","date_gmt":"2020-10-24T11:38:43","guid":{"rendered":"https:\/\/blogi.savonia.fi\/portfoliojasminalasaari\/?page_id=4"},"modified":"2024-04-29T20:16:34","modified_gmt":"2024-04-29T17:16:34","slug":"tietoa-minusta","status":"publish","type":"page","link":"https:\/\/blogi.savonia.fi\/portfoliojasminalasaari\/","title":{"rendered":"Tietoa minusta"},"content":{"rendered":"\n<p>Olen Jasmin, 22-vuotias pian valmistuva matkailu-ja ravitsemisalan restonomiopiskelija. Opiskelen Savonian ammattikorkeakoulussa. Aloitin opinnot Savoniassa syksyll\u00e4 2020. Olen ty\u00f6skennellyt my\u00f6s viimeiset kaksi vuotta ravintola-alalla koulun ohella.<\/p>\n\n\n\n<p>Kun oli mahdollisuus suorittaa moniosaajan tutkinto eli sek\u00e4 matkailu- ett\u00e4 ravitsemisalan tutkinnot, tartuin siihen, koska molemmat moduulit kiinnostivat minua. Ty\u00f6skennelty\u00e4ni ravintola-alalla se puoli on alkanut tuntumaan itselle luontaisemmalta. Minusta on kehittynytkin loistava, monessa sopessa keitetty asiakaspalvelija. Vahvuuteni on ollut innokas asenne ja kyky sis\u00e4ist\u00e4\u00e4 tietoa nopeasti. Olen oppinut vuorovaikutus- ja yhteisty\u00f6taitoja tarjoilijan ty\u00f6ss\u00e4 ja opinnoissa esimerkiksi ryhm\u00e4t\u00f6iss\u00e4. Olen kasvattanut my\u00f6s paineensietokyky\u00e4.<\/p>\n\n\n\n<p>Pidin puolen vuoden tauon opinnoistani ja l\u00e4hdin vuonna 2022 kev\u00e4\u00e4ksi sesonkit\u00f6ihin Lappiin tarjoilijaksi. Sain silt\u00e4 reissulta kaipaamaani ty\u00f6kokemusta teorian tueksi ja se toi minulle my\u00f6s ammatillista varmuutta. Siell\u00e4 annettiin minulle hyvin vastuuta ja sain harjoitella my\u00f6s ravintolan avaamista ja sulkemista, johon liittyi tilitysten teko ja muita paperit\u00f6it\u00e4. Palveluosaamiseen ja my\u00f6s alkoholi- ja viinitietouteen liittyv\u00e4t opintojaksot ovat olleetkin ty\u00f6nkin puolesta mielenkiintoisia.<\/p>\n\n\n\n<p>Valmistuin ylioppilaaksi vuonna 2020. Lukion j\u00e4lkeen halusin alan, jossa opiskelu on k\u00e4yt\u00e4nn\u00f6nl\u00e4heist\u00e4 eik\u00e4 niink\u00e4\u00e4n kirjasta p\u00e4ntt\u00e4\u00e4mist\u00e4. T\u00e4st\u00e4 alasta minulla oli my\u00f6s v\u00e4h\u00e4n kokemusta ja k\u00e4sityst\u00e4 millaista se tulisi olemaan. Moneen muuhun alaan minulla ei ollut mink\u00e4\u00e4nlaista kosketuspintaa. Siksi hain matkailu- ja ravitsemisalalle.<\/p>\n\n\n\n<p>Lukioaikana tein v\u00e4lill\u00e4 siivoust\u00f6it\u00e4 opiskelun ohessa. Kes\u00e4n 2019 olin kahvilaty\u00f6ntekij\u00e4n\u00e4 Kahvila Mokkaketussa Kuusamossa. Siell\u00e4 sain leipoa monenlaisia tuotteita sek\u00e4 palvella asiakkaita. Is\u00e4ni toimii yritt\u00e4j\u00e4n\u00e4 matkailualalla Lapissa. Olen nuorempana joinakin talvina py\u00f6rinyt mukana h\u00e4nen t\u00f6iss\u00e4\u00e4n kun matkailijoita on tullut ajelemaan poroilla ja ihastelemaan Lapin maisemia. <\/p>\n\n\n\n<p><\/p>\n","protected":false},"excerpt":{"rendered":"<p>Olen Jasmin, 22-vuotias pian valmistuva matkailu-ja ravitsemisalan restonomiopiskelija. Opiskelen Savonian ammattikorkeakoulussa. Aloitin opinnot Savoniassa syksyll\u00e4 2020. Olen ty\u00f6skennellyt my\u00f6s viimeiset kaksi vuotta ravintola-alalla koulun ohella. Kun oli mahdollisuus suorittaa moniosaajan tutkinto eli sek\u00e4 matkailu- ett\u00e4 ravitsemisalan tutkinnot, tartuin siihen, koska molemmat moduulit kiinnostivat minua. Ty\u00f6skennelty\u00e4ni ravintola-alalla se puoli on alkanut tuntumaan itselle luontaisemmalta. Minusta on &hellip; <a href=\"https:\/\/blogi.savonia.fi\/portfoliojasminalasaari\/\" class=\"more-link\">Jatka lukemista <span class=\"screen-reader-text\">Tietoa minusta<\/span> <span class=\"meta-nav\">&rarr;<\/span><\/a><\/p>\n","protected":false},"author":7371,"featured_media":0,"parent":0,"menu_order":0,"comment_status":"closed","ping_status":"closed","template":"","meta":{"footnotes":""},"class_list":["post-4","page","type-page","status-publish","hentry"],"_links":{"self":[{"href":"https:\/\/blogi.savonia.fi\/portfoliojasminalasaari\/wp-json\/wp\/v2\/pages\/4","targetHints":{"allow":["GET"]}}],"collection":[{"href":"https:\/\/blogi.savonia.fi\/portfoliojasminalasaari\/wp-json\/wp\/v2\/pages"}],"about":[{"href":"https:\/\/blogi.savonia.fi\/portfoliojasminalasaari\/wp-json\/wp\/v2\/types\/page"}],"author":[{"embeddable":true,"href":"https:\/\/blogi.savonia.fi\/portfoliojasminalasaari\/wp-json\/wp\/v2\/users\/7371"}],"replies":[{"embeddable":true,"href":"https:\/\/blogi.savonia.fi\/portfoliojasminalasaari\/wp-json\/wp\/v2\/comments?post=4"}],"version-history":[{"count":9,"href":"https:\/\/blogi.savonia.fi\/portfoliojasminalasaari\/wp-json\/wp\/v2\/pages\/4\/revisions"}],"predecessor-version":[{"id":142,"href":"https:\/\/blogi.savonia.fi\/portfoliojasminalasaari\/wp-json\/wp\/v2\/pages\/4\/revisions\/142"}],"wp:attachment":[{"href":"https:\/\/blogi.savonia.fi\/portfoliojasminalasaari\/wp-json\/wp\/v2\/media?parent=4"}],"curies":[{"name":"wp","href":"https:\/\/api.w.org\/{rel}","templated":true}]}}