{"id":12,"date":"2024-05-20T17:29:41","date_gmt":"2024-05-20T14:29:41","guid":{"rendered":"https:\/\/blogi.savonia.fi\/portfoliopentikainen\/?page_id=12"},"modified":"2024-05-20T17:29:41","modified_gmt":"2024-05-20T14:29:41","slug":"suomen-turismiliikenne-korona-jalkeen","status":"publish","type":"page","link":"https:\/\/blogi.savonia.fi\/portfoliopentikainen\/suomen-turismiliikenne-korona-jalkeen\/","title":{"rendered":"Suomen turismiliikenne korona j\u00e4lkeen"},"content":{"rendered":"\n<p>Yle-artikkeli p\u00e4ivitetty 18.1.2023 14:39 <a href=\"https:\/\/lnkd.in\/eBM3QmwU\">https:\/\/lnkd.in\/eBM3QmwU<\/a><\/p>\n\n\n\n<p><br>Netti\u00e4 selatessani t\u00f6rm\u00e4sin artikkeliin, joka veti huomioni. Artikkelissa k\u00e4siteltiin Suomen turismiliikennett\u00e4 korona pandemian j\u00e4lkeen ja t\u00e4m\u00e4 nosti kiinnostukseni etenkin, kun olen t\u00e4ll\u00e4 hetkell\u00e4 tekem\u00e4ss\u00e4 opinn\u00e4ytety\u00f6 tutkimusta, miss\u00e4 k\u00e4sittelen samankaltaista aihetta. Halusin tuoda omaa n\u00e4kemyst\u00e4ni esille syihin mitk\u00e4 saattaisivat vaikuttaa suomen pieneen turismi m\u00e4\u00e4r\u00e4\u00e4n<br>Artikkeli oli Jari Tanskasen ja Yle areenan julkaisema artikkeli, jossa k\u00e4siteltiin, kuinka suomen turismi on v\u00e4hentynyt n\u00e4kyv\u00e4sti koronan j\u00e4lkeen ja kuinka Suomi ei ole ainut pohjoismaa, joka k\u00e4rsii t\u00e4st\u00e4 ilmi\u00f6st\u00e4. Tanskanen toi esille, kuinka Suomen tunnettavuus muutenkin Euroopassa on hyvin pient\u00e4.<br>Oma n\u00e4kemys turismin heikentymiselle on ihmisten kaipuu suurille eroille ja seikkailuille koronan aikaan. Koronan aikaan ihmiset olivat loukussa kodeissaan, kun osa t\u00f6ist\u00e4 ja koulusta muuttui et\u00e4muotoihin ja taudin aiheuttama ahdistus v\u00e4hensi ulkona liikkumista, tartunta riskin takia. T\u00e4m\u00e4n aikajakson aikana suuri osa meist\u00e4 uneksi korona vapaista ajoista, vanhoista reissuista ja ajatuksesta koronan j\u00e4lkeen, kun on taas turvallista l\u00e4hte\u00e4 ulos ja p\u00e4\u00e4st\u00e4 pois kodin kaltereista ja nauttia vapaudesta. T\u00e4m\u00e4 oli kipin\u00e4, jolloin unelmointi Espanjan rannoista, Italialaisista ravintoloista alkoi. Halu olla ihmisten seurassa on ihmisille loppujen lopuksi tarve sill\u00e4 olemme laumael\u00e4imi\u00e4, siit\u00e4 huolimatta vaikka kuinka introverteiksi koemme itsemme. \u00a0Koronan aikaan kotiel\u00e4m\u00e4 etenkin ulkomailla Keski-Euroopassa oli paljon radikaalimpaa kuin pohjoismaissa. V\u00e4kiluku on suurempi ja ihmiset el\u00e4v\u00e4t tihe\u00e4mmin, eli karanteeni oli paljon tiukempi ja ihmisten oli vaikea edes lehte\u00e4 ulos k\u00e4velylle, toisinkuin pohjoismaissa, jossa v\u00e4kiluku on pienempi ja ihmiset asuvat hajanaisemmin. T\u00e4m\u00e4 asunnon vankeus on ollut varmasti iso motivaatio halulle kokea energisi\u00e4 ja enemm\u00e4n adrenaliinia synnytt\u00e4vi\u00e4 aktiviteettej\u00e4, joita ei Pohjoismaat tai Suomi pysty juurikaan tarjoamaan lappi pois lukien.<br>T\u00e4m\u00e4 n\u00e4kyy siin\u00e4, kun korona saatiin haltuun edes Suomen sis\u00e4maan matkailu ei elpynyt niin kuin asiantuntijat olettivat. Uskon ett\u00e4 n\u00e4m\u00e4 samat ajatukset ja kaipuun tunteet vaikuttivat my\u00f6s ulkomaalaisiin turisteihin, mutta koska Suomen kulttuuri on vaatimaton ja rauhallinen, ihmiset unohtivat sen olemassaolon, kun halu j\u00e4nnitt\u00e4v\u00e4mmille ja jopa ehk\u00e4 adrenaliinia nostattaville matkoille sivuutti Suomen pois matkailulistoilta. Itse n\u00e4en suomen maana, jonne menn\u00e4\u00e4n irtautumaan arjesta rauhoittumaan ja nauttimaan niin sanotusta yksin\u00e4isyydest\u00e4 ja irtautumisesta ihmismassasta luonnon keskell\u00e4. Kaikesta huolimatta Lappi on poikkeus, sill\u00e4 markkinointi on puhutellut ulkomaalaisille ja t\u00e4m\u00e4 vahvistaa teoriaani sill\u00e4 Lappi my\u00f6s tarjoaa henke\u00e4salpaavia kerran el\u00e4m\u00e4ss\u00e4 kokemuksen ja t\u00e4ten voi kilpailla muiden maiden kanssa turismisista.<\/p>\n\n\n\n<p><\/p>\n","protected":false},"excerpt":{"rendered":"<p>Yle-artikkeli p\u00e4ivitetty 18.1.2023 14:39 https:\/\/lnkd.in\/eBM3QmwU Netti\u00e4 selatessani t\u00f6rm\u00e4sin artikkeliin, joka veti huomioni. Artikkelissa k\u00e4siteltiin Suomen turismiliikennett\u00e4 korona pandemian j\u00e4lkeen ja t\u00e4m\u00e4 nosti kiinnostukseni etenkin, kun olen t\u00e4ll\u00e4 hetkell\u00e4 tekem\u00e4ss\u00e4 opinn\u00e4ytety\u00f6 tutkimusta, miss\u00e4 k\u00e4sittelen samankaltaista aihetta. Halusin tuoda omaa n\u00e4kemyst\u00e4ni esille&#8230; <a class=\"more-link\" href=\"https:\/\/blogi.savonia.fi\/portfoliopentikainen\/suomen-turismiliikenne-korona-jalkeen\/\">Continue Reading &rarr;<\/a><\/p>\n","protected":false},"author":9087,"featured_media":0,"parent":0,"menu_order":0,"comment_status":"closed","ping_status":"closed","template":"","meta":{"footnotes":""},"class_list":["post-12","page","type-page","status-publish","hentry"],"_links":{"self":[{"href":"https:\/\/blogi.savonia.fi\/portfoliopentikainen\/wp-json\/wp\/v2\/pages\/12","targetHints":{"allow":["GET"]}}],"collection":[{"href":"https:\/\/blogi.savonia.fi\/portfoliopentikainen\/wp-json\/wp\/v2\/pages"}],"about":[{"href":"https:\/\/blogi.savonia.fi\/portfoliopentikainen\/wp-json\/wp\/v2\/types\/page"}],"author":[{"embeddable":true,"href":"https:\/\/blogi.savonia.fi\/portfoliopentikainen\/wp-json\/wp\/v2\/users\/9087"}],"replies":[{"embeddable":true,"href":"https:\/\/blogi.savonia.fi\/portfoliopentikainen\/wp-json\/wp\/v2\/comments?post=12"}],"version-history":[{"count":1,"href":"https:\/\/blogi.savonia.fi\/portfoliopentikainen\/wp-json\/wp\/v2\/pages\/12\/revisions"}],"predecessor-version":[{"id":13,"href":"https:\/\/blogi.savonia.fi\/portfoliopentikainen\/wp-json\/wp\/v2\/pages\/12\/revisions\/13"}],"wp:attachment":[{"href":"https:\/\/blogi.savonia.fi\/portfoliopentikainen\/wp-json\/wp\/v2\/media?parent=12"}],"curies":[{"name":"wp","href":"https:\/\/api.w.org\/{rel}","templated":true}]}}