{"id":11,"date":"2023-09-28T08:55:14","date_gmt":"2023-09-28T05:55:14","guid":{"rendered":"https:\/\/blogi.savonia.fi\/s2304947\/?page_id=11"},"modified":"2023-11-23T13:10:30","modified_gmt":"2023-11-23T11:10:30","slug":"maailma-niin-lahella-ja-kuitenkin-niin-kaukana","status":"publish","type":"page","link":"https:\/\/blogi.savonia.fi\/s2304947\/maailma-niin-lahella-ja-kuitenkin-niin-kaukana\/","title":{"rendered":"Johdanto matkailuun tutustumisen teht\u00e4v\u00e4\u00e4n"},"content":{"rendered":"\n<p><strong>T\u00e4lle sivustolle ker\u00e4\u00e4n uutisia matkailuun liittyen. Teht\u00e4v\u00e4 on osa restonomi opintoja syksyll\u00e4 2023. Toivon ymm\u00e4rrykseni maailman menosta, matkailun trendeist\u00e4 ja eri tiedonhakukanavista lis\u00e4\u00e4ntyv\u00e4n r\u00e4j\u00e4hdysm\u00e4isesti teht\u00e4v\u00e4n kuluessa. Kerron alkuun hieman historiastani matkailuun liittyen, sek\u00e4 l\u00e4ht\u00f6kohtiani matkailun tarkasteluun.<\/strong><\/p>\n\n\n\n<p>Lapsuudessani katsoin matkapassi- nimist\u00e4 matkailun opetusohjelmaa televisiosta. Ohjelmassa oli muutama, jaksottain vaihteleva juontaja. My\u00f6s maailman ymp\u00e4ri 80 p\u00e4iv\u00e4ss\u00e4 oli kiehtova piirretty puhuvien el\u00e4inten seikkailuista eri maailman kolkissa.<\/p>\n\n\n\n<p>Nuorena seurasin haltioituneena Madventures:in Rikun ja Tunnan seikkailua maapallon eri kolkissa samalla valistaen pohjolan pakettimatkakansaa ajatusmaailmansa avartamisesta. Far Out oli kisailuohjelma sekop\u00e4isen matkustamisen ymp\u00e4rill\u00e4. Kaikki n\u00e4m\u00e4 uskomattomat v\u00e4l\u00e4hdykset ruudulla saivat nuoren tyt\u00f6n varmaksi omasta osaamisestaan ja istuttivat p\u00e4\u00e4h\u00e4n pinttym\u00e4n matkustamisesta maailman joka kolkkaan. Maailma kuitenkin n\u00e4ytti todellisuuden ilman lentolippujakin ja realiteetit nujersivat pennitt\u00f6m\u00e4n nuoren j\u00e4\u00e4m\u00e4\u00e4n kotiin kasvamaan.<\/p>\n\n\n\n<p>Nykyp\u00e4iv\u00e4n\u00e4 olen seurannut mm. YouTubesta striimej\u00e4 ja videoita erilaisista paikoista maailmalla, vinkkej\u00e4 matkailuun ja retkeilyyn. Olen YouTuben avulla seurannut matkaa junalla japanissa ja vieraillut Harry Potterin elokuvastudiolla, seurannut kuinka talvisessa mets\u00e4ss\u00e4 rakennetaan k\u00e4sin havumaja ja y\u00f6vyt\u00e4\u00e4n reippaassa pakkasessa.<br>Lapsuuden matkamuistot olivat kiehtovat kohteet tv ruudulla, halu ruveta arkeologiksi Egyptist\u00e4 kertovan jakson j\u00e4lkeen tai n\u00e4hd\u00e4 Eurooppa junalla matkustaen. Todelliset reissut olivat visulahteen tai sukulaisten luo Tampereelle. Ne eiv\u00e4t luoneet samanlaista haavemaista tilaa jossa pystyi kuvittelemaan itsens\u00e4 kiinan muurille tai kaivauksille aavikolle.<\/p>\n\n\n\n<div class=\"wp-block-cover\"><span aria-hidden=\"true\" class=\"wp-block-cover__background has-background-dim\"><\/span><img loading=\"lazy\" decoding=\"async\" width=\"768\" height=\"1024\" class=\"wp-block-cover__image-background wp-image-35\" alt=\"\" src=\"https:\/\/blogi.savonia.fi\/s2304947\/wp-content\/uploads\/sites\/12356\/2023\/09\/IMG_20230927_153305-768x1024.jpg\" style=\"object-position:56% 27%\" data-object-fit=\"cover\" data-object-position=\"56% 27%\" srcset=\"https:\/\/blogi.savonia.fi\/s2304947\/wp-content\/uploads\/sites\/12356\/2023\/09\/IMG_20230927_153305-768x1024.jpg 768w, https:\/\/blogi.savonia.fi\/s2304947\/wp-content\/uploads\/sites\/12356\/2023\/09\/IMG_20230927_153305-225x300.jpg 225w, https:\/\/blogi.savonia.fi\/s2304947\/wp-content\/uploads\/sites\/12356\/2023\/09\/IMG_20230927_153305-1152x1536.jpg 1152w, https:\/\/blogi.savonia.fi\/s2304947\/wp-content\/uploads\/sites\/12356\/2023\/09\/IMG_20230927_153305-1536x2048.jpg 1536w, https:\/\/blogi.savonia.fi\/s2304947\/wp-content\/uploads\/sites\/12356\/2023\/09\/IMG_20230927_153305-600x800.jpg 600w, https:\/\/blogi.savonia.fi\/s2304947\/wp-content\/uploads\/sites\/12356\/2023\/09\/IMG_20230927_153305-945x1260.jpg 945w, https:\/\/blogi.savonia.fi\/s2304947\/wp-content\/uploads\/sites\/12356\/2023\/09\/IMG_20230927_153305-scaled.jpg 1920w\" sizes=\"auto, (max-width: 768px) 100vw, 768px\" \/><div class=\"wp-block-cover__inner-container is-layout-flow wp-block-cover-is-layout-flow\">\n<p class=\"has-text-align-center has-large-font-size\">Kuva 1.Matkaoppaissa on paljon muutakin kuin karttoja, t\u00e4m\u00e4nkin opuksen kartta on varmaan vanhentunutta tietoa jo.(Kortelainen 2023)<\/p>\n<\/div><\/div>\n\n\n\n<p><br>Silloin, ihanalla ys\u00e4rill\u00e4, ostettiin kartta huoltoasemalta tai matkaopas kirjakaupasta. Nyt seurataan matkailuun tai kohteeseen liittyv\u00e4\u00e4 blogia tai instatili\u00e4, keskustellaan netiss\u00e4 muiden matkailijoiden kanssa ja luodaan jo etuk\u00e4teen hieman kontaktia kohteisiin. Netiss\u00e4 voi suunnitella ja j\u00e4rjest\u00e4\u00e4 kaiken valmiiksi, n\u00e4hd\u00e4 paikat ja valmistautua ongelmiin etuk\u00e4teen hyvinkin tarkasti. J\u00e4ljelle j\u00e4\u00e4 vain matkalle osallistuminen. Ja seh\u00e4n on ihanaa, kokea kaikki t\u00e4ysill\u00e4 joutumatta huolehtimaan k\u00e4yt\u00e4nn\u00f6n asioista kun mahdollinen ja mahdoton on tehty valmiiksi jo kotona. Matkailu ei ole en\u00e4\u00e4 ensisijaisesti seikkailua, vaan kokemus. <\/p>\n\n\n\n<div class=\"wp-block-cover aligncenter\"><span aria-hidden=\"true\" class=\"wp-block-cover__background has-background-dim\"><\/span><img loading=\"lazy\" decoding=\"async\" width=\"1987\" height=\"2560\" class=\"wp-block-cover__image-background wp-image-34\" alt=\"\" src=\"https:\/\/blogi.savonia.fi\/s2304947\/wp-content\/uploads\/sites\/12356\/2023\/09\/madventures-kuva-edited-scaled.jpg\" style=\"object-position:56% 24%\" data-object-fit=\"cover\" data-object-position=\"56% 24%\" srcset=\"https:\/\/blogi.savonia.fi\/s2304947\/wp-content\/uploads\/sites\/12356\/2023\/09\/madventures-kuva-edited-scaled.jpg 1987w, https:\/\/blogi.savonia.fi\/s2304947\/wp-content\/uploads\/sites\/12356\/2023\/09\/madventures-kuva-edited-233x300.jpg 233w, https:\/\/blogi.savonia.fi\/s2304947\/wp-content\/uploads\/sites\/12356\/2023\/09\/madventures-kuva-edited-795x1024.jpg 795w, https:\/\/blogi.savonia.fi\/s2304947\/wp-content\/uploads\/sites\/12356\/2023\/09\/madventures-kuva-edited-768x989.jpg 768w, https:\/\/blogi.savonia.fi\/s2304947\/wp-content\/uploads\/sites\/12356\/2023\/09\/madventures-kuva-edited-1192x1536.jpg 1192w, https:\/\/blogi.savonia.fi\/s2304947\/wp-content\/uploads\/sites\/12356\/2023\/09\/madventures-kuva-edited-1590x2048.jpg 1590w, https:\/\/blogi.savonia.fi\/s2304947\/wp-content\/uploads\/sites\/12356\/2023\/09\/madventures-kuva-edited-600x773.jpg 600w, https:\/\/blogi.savonia.fi\/s2304947\/wp-content\/uploads\/sites\/12356\/2023\/09\/madventures-kuva-edited-945x1217.jpg 945w\" sizes=\"auto, (max-width: 1987px) 100vw, 1987px\" \/><div class=\"wp-block-cover__inner-container is-layout-flow wp-block-cover-is-layout-flow\">\n<p class=\"has-text-align-center has-large-font-size\">Kuva 2.Kirjahyllyst\u00e4 l\u00f6ytyvi\u00e4 kirjoja liittyen matkailun ideologiaan Madventures:in l\u00e4ht\u00f6kohdista. (Kortelainen 2023)<\/p>\n<\/div><\/div>\n\n\n\n<p>Oma maailmanmatkaamiseni on vasta alussa ja toivonkin jo tutkintoni suorittamisen aikana p\u00e4\u00e4sev\u00e4ni hy\u00f6dynt\u00e4m\u00e4\u00e4n kasvavaa ymm\u00e4rryst\u00e4ni maailmalle.<\/p>\n","protected":false},"excerpt":{"rendered":"<p>T\u00e4lle sivustolle ker\u00e4\u00e4n uutisia matkailuun liittyen. Teht\u00e4v\u00e4 on osa restonomi opintoja syksyll\u00e4 2023. Toivon ymm\u00e4rrykseni maailman menosta, matkailun trendeist\u00e4 ja eri tiedonhakukanavista lis\u00e4\u00e4ntyv\u00e4n r\u00e4j\u00e4hdysm\u00e4isesti teht\u00e4v\u00e4n kuluessa. Kerron alkuun hieman historiastani matkailuun liittyen, sek\u00e4 l\u00e4ht\u00f6kohtiani matkailun tarkasteluun. Lapsuudessani katsoin matkapassi- nimist\u00e4&#8230; <a class=\"more-link\" href=\"https:\/\/blogi.savonia.fi\/s2304947\/maailma-niin-lahella-ja-kuitenkin-niin-kaukana\/\">Continue Reading &rarr;<\/a><\/p>\n","protected":false},"author":10471,"featured_media":0,"parent":0,"menu_order":1,"comment_status":"closed","ping_status":"closed","template":"","meta":{"footnotes":""},"class_list":["post-11","page","type-page","status-publish","hentry"],"_links":{"self":[{"href":"https:\/\/blogi.savonia.fi\/s2304947\/wp-json\/wp\/v2\/pages\/11","targetHints":{"allow":["GET"]}}],"collection":[{"href":"https:\/\/blogi.savonia.fi\/s2304947\/wp-json\/wp\/v2\/pages"}],"about":[{"href":"https:\/\/blogi.savonia.fi\/s2304947\/wp-json\/wp\/v2\/types\/page"}],"author":[{"embeddable":true,"href":"https:\/\/blogi.savonia.fi\/s2304947\/wp-json\/wp\/v2\/users\/10471"}],"replies":[{"embeddable":true,"href":"https:\/\/blogi.savonia.fi\/s2304947\/wp-json\/wp\/v2\/comments?post=11"}],"version-history":[{"count":7,"href":"https:\/\/blogi.savonia.fi\/s2304947\/wp-json\/wp\/v2\/pages\/11\/revisions"}],"predecessor-version":[{"id":141,"href":"https:\/\/blogi.savonia.fi\/s2304947\/wp-json\/wp\/v2\/pages\/11\/revisions\/141"}],"wp:attachment":[{"href":"https:\/\/blogi.savonia.fi\/s2304947\/wp-json\/wp\/v2\/media?parent=11"}],"curies":[{"name":"wp","href":"https:\/\/api.w.org\/{rel}","templated":true}]}}