{"id":117,"date":"2023-11-21T15:14:48","date_gmt":"2023-11-21T13:14:48","guid":{"rendered":"https:\/\/blogi.savonia.fi\/s2304947\/?page_id=117"},"modified":"2023-11-21T15:15:07","modified_gmt":"2023-11-21T13:15:07","slug":"islantia-uhkaava-vulkaaninen-aktiivisuus","status":"publish","type":"page","link":"https:\/\/blogi.savonia.fi\/s2304947\/maailma-niin-lahella-ja-kuitenkin-niin-kaukana\/islantia-uhkaava-vulkaaninen-aktiivisuus\/","title":{"rendered":"Islantia uhkaava vulkaaninen aktiivisuus"},"content":{"rendered":"\n<p>Erja Tuomaalan artikkelissa, pohjautuen uutissivuosto Reutersin artikkeliin, Ylen sivustolla kerrotaan uusimpia havaintoja Islannin Reykjanesin niemimaalla. Islantiin on julkistettu h\u00e4t\u00e4tila ja Grindavikin kalastajakyl\u00e4 on evakuoita kokonaisuudessaan. Ilmakuvissa n\u00e4kyy kuinka Grindavikin p\u00e4\u00e4katu on rusentunut ja katkennut k\u00e4ytt\u00f6kelvottomaksi. Artikkelissa mainitaan jo aiemmin uutisoidusta Blue Lagoon- kylpyl\u00e4st\u00e4, joka on useita viikkoja sitten suljettu mahdollisen tulivuorenpurkauksen uhan takia. Islanti sijaitsee kahden toisistaan irtautuvan mannerlaatan v\u00e4liss\u00e4, mik\u00e4 aiheuttaa vulkaanisen toiminnan ja magman ty\u00f6ntymisen maankuoren v\u00e4list\u00e4 (YLE uutiset 19.11 p\u00e4ivitetty 12.46).<\/p>\n\n\n\n<p>Olen seurannut uutisointia Islannin tilanteesta ja ensimm\u00e4isi\u00e4 artikkeleita, joita aiheesta alkoi tulla liittyiv\u00e4t Blue Lagoonin evakuoimiseen ja turistien pakenemiseen alueelta. Algorytmi on selke\u00e4sti oppinut haalimaan matkailuun liittyvi\u00e4 artikkeleita puhelimeni otsikkotarjontaan. Islanti kuuluu maihin joihin olen haaveillut matkustamisesta sen kuumien l\u00e4hteiden ja historian takia, joka kietoutuu yhteen viikinkiaikaan ja Norjaan. Pohjoismainen kulttuuri ja sen eroavaisuudet ovat yleens\u00e4kin mielenkiintoisia. <\/p>\n\n\n\n<p>Yksi lempielokuvistani on 2022 ilmestynyt The Northman, jota on kuvailtu realistisimmaksi viikinkiajan kuvaajaksi. The Northmanissa puolet tarinasta sijoittuu Islantiin ja luo kauniisti kuvaa sen karusta ja paljaasta maisemasta. Spoilaamatta liikaa, elokuvassa saa kuuluisa magmakin sopivaa osaa. Olen urheilutaustani vuoksi seurannut aika ajoin my\u00f6s crossfit kisoja, joissa islantilaiset urheilijat p\u00e4rj\u00e4\u00e4v\u00e4t erinomaisesti. Islantilaista ruokavaliota on my\u00f6s tutkittu juurikin liittyen suureen m\u00e4\u00e4r\u00e4\u00e4n huippu-urheilijoita ja sen on kerrottu olevan eritt\u00e4in terveellist\u00e4 suuren kalapainotteisen proteiinil\u00e4hteens\u00e4 vuoksi.<\/p>\n\n\n\n<p>Mannerlaattojen liikkeet ovat mit\u00e4 luonnollisin ja v\u00e4ist\u00e4m\u00e4t\u00f6n ilmi\u00f6 ja se jos mik\u00e4, osoittaa ihmisen voimattomuuden ja pienuuden t\u00e4ss\u00e4 maailmassa. Rakennukset ja raha tuskin koskaan tulevat p\u00e4rj\u00e4\u00e4m\u00e4\u00e4n mannerlaattoja tai magneettikenttien muutoksia vastaan. T\u00e4m\u00e4 maailma on t\u00e4ynn\u00e4 asioita ja avaruudesta tulee lis\u00e4\u00e4, jotka voivat pyyhk\u00e4ist\u00e4 kaiken el\u00e4m\u00e4n maankamaralta pois. Ihminen on lajina selviytyj\u00e4 ja menestyy todella haastavissakin elinolosuhteissa. En voi kuitenkaan olla ajattelematta, ett\u00e4 jospa rahanpalvojienkin silm\u00e4t alkaisivat avautua ihmisen toimiin ja kuormittavuuteen luonnon kannalta. Luontoa vastaan ei auta taistella eik\u00e4 koittaa muokata maata meille sopivaksi, vaan meid\u00e4n olisi muokkauduttava maalle sopivaksi ja osattava hy\u00f6dynt\u00e4\u00e4 ja hyv\u00e4ksy\u00e4 sen tarjoamat mahdollisuudet ja rajoitukset.<\/p>\n\n\n\n<p>T\u00e4m\u00e4n kaiken sanominen l\u00e4mpim\u00e4st\u00e4 kerrostalokaksiosta, sohvan nurkasta, j\u00e4\u00e4kaappi t\u00e4ynn\u00e4 ruokaa ja televisio-ohjelman py\u00f6riess\u00e4 taustalla on eritt\u00e4in tekopyh\u00e4\u00e4 ja jeesustelua, mutta ajatuksen tasolla olisin valmis palauttamaan luontoyhteyden ja antautumaan s\u00e4iden viet\u00e4v\u00e4ksi. Toivottavasti saan joskus el\u00e4\u00e4 haaveideni n\u00e4k\u00f6ist\u00e4 el\u00e4m\u00e4\u00e4 Islannin tai Norjan rannikolla, sy\u00f6den kalaa ja harrastaen crossfittia.<\/p>\n","protected":false},"excerpt":{"rendered":"<p>Erja Tuomaalan artikkelissa, pohjautuen uutissivuosto Reutersin artikkeliin, Ylen sivustolla kerrotaan uusimpia havaintoja Islannin Reykjanesin niemimaalla. Islantiin on julkistettu h\u00e4t\u00e4tila ja Grindavikin kalastajakyl\u00e4 on evakuoita kokonaisuudessaan. Ilmakuvissa n\u00e4kyy kuinka Grindavikin p\u00e4\u00e4katu on rusentunut ja katkennut k\u00e4ytt\u00f6kelvottomaksi. Artikkelissa mainitaan jo aiemmin uutisoidusta&#8230; <a class=\"more-link\" href=\"https:\/\/blogi.savonia.fi\/s2304947\/maailma-niin-lahella-ja-kuitenkin-niin-kaukana\/islantia-uhkaava-vulkaaninen-aktiivisuus\/\">Continue Reading &rarr;<\/a><\/p>\n","protected":false},"author":10471,"featured_media":0,"parent":11,"menu_order":6,"comment_status":"closed","ping_status":"closed","template":"","meta":{"footnotes":""},"class_list":["post-117","page","type-page","status-publish","hentry"],"_links":{"self":[{"href":"https:\/\/blogi.savonia.fi\/s2304947\/wp-json\/wp\/v2\/pages\/117","targetHints":{"allow":["GET"]}}],"collection":[{"href":"https:\/\/blogi.savonia.fi\/s2304947\/wp-json\/wp\/v2\/pages"}],"about":[{"href":"https:\/\/blogi.savonia.fi\/s2304947\/wp-json\/wp\/v2\/types\/page"}],"author":[{"embeddable":true,"href":"https:\/\/blogi.savonia.fi\/s2304947\/wp-json\/wp\/v2\/users\/10471"}],"replies":[{"embeddable":true,"href":"https:\/\/blogi.savonia.fi\/s2304947\/wp-json\/wp\/v2\/comments?post=117"}],"version-history":[{"count":1,"href":"https:\/\/blogi.savonia.fi\/s2304947\/wp-json\/wp\/v2\/pages\/117\/revisions"}],"predecessor-version":[{"id":118,"href":"https:\/\/blogi.savonia.fi\/s2304947\/wp-json\/wp\/v2\/pages\/117\/revisions\/118"}],"up":[{"embeddable":true,"href":"https:\/\/blogi.savonia.fi\/s2304947\/wp-json\/wp\/v2\/pages\/11"}],"wp:attachment":[{"href":"https:\/\/blogi.savonia.fi\/s2304947\/wp-json\/wp\/v2\/media?parent=117"}],"curies":[{"name":"wp","href":"https:\/\/api.w.org\/{rel}","templated":true}]}}