{"id":138,"date":"2023-11-23T12:31:00","date_gmt":"2023-11-23T10:31:00","guid":{"rendered":"https:\/\/blogi.savonia.fi\/s2304947\/?page_id=138"},"modified":"2023-11-23T15:09:09","modified_gmt":"2023-11-23T13:09:09","slug":"itsearviointi-tehtavan-paatteeksi","status":"publish","type":"page","link":"https:\/\/blogi.savonia.fi\/s2304947\/maailma-niin-lahella-ja-kuitenkin-niin-kaukana\/itsearviointi-tehtavan-paatteeksi\/","title":{"rendered":"Itsearviointi teht\u00e4v\u00e4n p\u00e4\u00e4tteeksi"},"content":{"rendered":"\n<p>Oppimisteht\u00e4v\u00e4n p\u00e4\u00e4tteeksi koen oppineeni priorisointia, teht\u00e4vien j\u00e4rjestely\u00e4 ja ajanhallintaa. Kantap\u00e4\u00e4n kautta, mutta kuitenkin. Uutisia etsiess\u00e4ni olen huomannut kuinka laaja ala oikeastaan on, koska matkailusta uutisoidaan todella monelta kantilta ja jokaisessa kanavassa. Ongelmaksi ehk\u00e4 muodostuikin valinnan vaikeus uutisvirrassa. Huomioni kiinnitti usein ilmastonmuutokseen ja kest\u00e4vyyteen keskittyv\u00e4t uutiset mutta lopulliseen tuotokseen p\u00e4\u00e4tyi arkisemmat, helpommat aiheet ja kohteet joita pystyin linkitt\u00e4m\u00e4\u00e4n jollain tavoin omaan el\u00e4m\u00e4\u00e4ni.<\/p>\n\n\n\n<p>Aloitin teht\u00e4v\u00e4n omasta mielest\u00e4ni v\u00e4\u00e4rin ja h\u00f6lm\u00f6ytt\u00e4ni pyyhin useamman tekstin pois ja aloitin puhtaalta p\u00f6yd\u00e4lt\u00e4, mik\u00e4 oli todella typer\u00e4\u00e4, sill\u00e4 tein tuplaty\u00f6n ja nyt koen ett\u00e4 olen n\u00e4hnyt valtavasti vaivaa ja minulla on esitell\u00e4 tuotos, johon en ole t\u00e4ysin tyytyv\u00e4inen. Mutta, opin kannalta t\u00e4m\u00e4kin on otettava.<\/p>\n\n\n\n<p>Portfolion kokoaminen Savonian blogialustalle on kokonaisuudessaan ollut noin kolmen kuukauden mittainen teht\u00e4v\u00e4, jonka ensimm\u00e4inen kuukausi meni &#8221;hukkaan&#8221; alustan k\u00e4yt\u00f6n opettelussa, sek\u00e4 ep\u00e4selvyydess\u00e4 teht\u00e4v\u00e4n ymm\u00e4rt\u00e4misess\u00e4. Itse koin etten hoksannut teht\u00e4v\u00e4nantoa kunnolla kuin vasta lokakuun puolella kun yhteisesti asiaa l\u00e4pi k\u00e4ytiin tunnilla. T\u00e4m\u00e4 on puhtaasti oma moka, olisinhan voinut kysy\u00e4 koko ajan apua, ymm\u00e4rr\u00e4n sen nyt.<\/p>\n\n\n\n<p>Samaan aikaan on py\u00f6rinyt useampi ryhm\u00e4ty\u00f6, jotka ovat yll\u00e4tt\u00e4neet raskaudellaan ja laajuudellaan. Pakko on rehellisyyden nimiss\u00e4 my\u00f6nt\u00e4\u00e4, ett\u00e4 t\u00e4m\u00e4 teht\u00e4v\u00e4 on j\u00e4\u00e4nyt hieman muiden teht\u00e4vien jalkoihin ja vaikkakin olen silm\u00e4illyt uutisia teht\u00e4v\u00e4nannosta l\u00e4htien, en ole saanut tuotoksia aikaan kunnolla kuin vasta loka- marraskuun vaihteesta l\u00e4htien. Kun p\u00e4\u00e4sin tekemisen makuun, nautin uutisten etsinn\u00e4st\u00e4 ja analysoinnista. Uutisten bongailu ja pohtiminen j\u00e4\u00e4 varmasti osaksi jokap\u00e4iv\u00e4ist\u00e4 el\u00e4m\u00e4\u00e4ni.<\/p>\n\n\n\n<p>Ker\u00e4sin uutisia puhelimen v\u00e4lilehdille ja tietokoneelle paljon ja luonnostelin pohdintoja viikkojen ajan,  mutta lopullisia tekstej\u00e4 sain viimeistelty\u00e4 aivan loppua kohden. T\u00e4h\u00e4n kiinnit\u00e4n huomiota tulevissa teht\u00e4viss\u00e4, etten multitaskaa niin paljon. Pohdinta ja analysointi on jalostunut joka artikkelin ja uutisoinnin my\u00f6t\u00e4 ja koen ett\u00e4 jos nyt teht\u00e4v\u00e4 alkaisi olisi tuotokseni paljon laadukkaampia. Joten todella tehokas oppimisteht\u00e4v\u00e4 on siin\u00e4 mieless\u00e4 ollut. <\/p>\n\n\n\n<p>Numeroarvosanaksi toivon vitosta, mutta nelonen on realistisempi.<\/p>\n","protected":false},"excerpt":{"rendered":"<p>Oppimisteht\u00e4v\u00e4n p\u00e4\u00e4tteeksi koen oppineeni priorisointia, teht\u00e4vien j\u00e4rjestely\u00e4 ja ajanhallintaa. Kantap\u00e4\u00e4n kautta, mutta kuitenkin. Uutisia etsiess\u00e4ni olen huomannut kuinka laaja ala oikeastaan on, koska matkailusta uutisoidaan todella monelta kantilta ja jokaisessa kanavassa. Ongelmaksi ehk\u00e4 muodostuikin valinnan vaikeus uutisvirrassa. Huomioni kiinnitti usein&#8230; <a class=\"more-link\" href=\"https:\/\/blogi.savonia.fi\/s2304947\/maailma-niin-lahella-ja-kuitenkin-niin-kaukana\/itsearviointi-tehtavan-paatteeksi\/\">Continue Reading &rarr;<\/a><\/p>\n","protected":false},"author":10471,"featured_media":0,"parent":11,"menu_order":8,"comment_status":"closed","ping_status":"closed","template":"","meta":{"footnotes":""},"class_list":["post-138","page","type-page","status-publish","hentry"],"_links":{"self":[{"href":"https:\/\/blogi.savonia.fi\/s2304947\/wp-json\/wp\/v2\/pages\/138","targetHints":{"allow":["GET"]}}],"collection":[{"href":"https:\/\/blogi.savonia.fi\/s2304947\/wp-json\/wp\/v2\/pages"}],"about":[{"href":"https:\/\/blogi.savonia.fi\/s2304947\/wp-json\/wp\/v2\/types\/page"}],"author":[{"embeddable":true,"href":"https:\/\/blogi.savonia.fi\/s2304947\/wp-json\/wp\/v2\/users\/10471"}],"replies":[{"embeddable":true,"href":"https:\/\/blogi.savonia.fi\/s2304947\/wp-json\/wp\/v2\/comments?post=138"}],"version-history":[{"count":6,"href":"https:\/\/blogi.savonia.fi\/s2304947\/wp-json\/wp\/v2\/pages\/138\/revisions"}],"predecessor-version":[{"id":149,"href":"https:\/\/blogi.savonia.fi\/s2304947\/wp-json\/wp\/v2\/pages\/138\/revisions\/149"}],"up":[{"embeddable":true,"href":"https:\/\/blogi.savonia.fi\/s2304947\/wp-json\/wp\/v2\/pages\/11"}],"wp:attachment":[{"href":"https:\/\/blogi.savonia.fi\/s2304947\/wp-json\/wp\/v2\/media?parent=138"}],"curies":[{"name":"wp","href":"https:\/\/api.w.org\/{rel}","templated":true}]}}