{"id":138,"date":"2025-11-30T15:37:05","date_gmt":"2025-11-30T13:37:05","guid":{"rendered":"https:\/\/blogi.savonia.fi\/sairaanhoitajaksi2026\/?page_id=138"},"modified":"2025-11-30T15:37:34","modified_gmt":"2025-11-30T13:37:34","slug":"viikkorefektio-1-3","status":"publish","type":"page","link":"https:\/\/blogi.savonia.fi\/sairaanhoitajaksi2026\/osaamisen-taydentaminen\/viikkorefektio-1-3\/","title":{"rendered":"Viikkorefektio 1-3"},"content":{"rendered":"\n<ol class=\"wp-block-list\">\n<li>Reflektio<\/li>\n<\/ol>\n\n\n\n<p>Ensimm\u00e4iset viikot ovat menneet melko kiireiseen tahtiin. Uusien muutosten vuoksi tuntuu, ett\u00e4 on joutunut tekem\u00e4\u00e4n hitaammin t\u00f6it\u00e4 kuin olisi halunnut. Uusien asioiden sis\u00e4ist\u00e4minen sin\u00e4ns\u00e4 ei itselle tuota niin paljoa vaikeuksia, mutta muut ty\u00f6t siin\u00e4 sivussa hoidettavana, niin ei ole kerennyt oikein kunnolla paneutumaan n\u00e4ihin seikkoihin.<\/p>\n\n\n\n<p>Mielest\u00e4ni kuitenkin minulla on mennyt ihan hyvin. Alueellani on paljon asiakkaita, jotka ovat ty\u00f6llist\u00e4neet runsaasti. Mukavaa huomata, kuinka olen oppinut nopeammin ja selke\u00e4mmin huomaamaan ja l\u00f6yt\u00e4m\u00e4\u00e4n asiakkaan voinnin muutoksia ja saanut itsevarmuutta toimia sek\u00e4 tehd\u00e4 p\u00e4\u00e4t\u00f6ksi\u00e4. Olen kokenut my\u00f6s helpottavaksi sen ett\u00e4 minulla on ollut hyvin aina tukea tarvittaessa ja olen pystynyt kysym\u00e4\u00e4n muilta jos on ollut jotain ep\u00e4selvyyksi\u00e4. T\u00f6iden suuniittelluun tarvitssen viel\u00e4 harjoitusta, sill\u00e4 v\u00e4lill\u00e4 saatan tehd\u00e4 itselleni liian t\u00e4ysi\u00e4 p\u00e4ivi\u00e4, enk\u00e4 kerke\u00e4 sitten kaikkea tekem\u00e4\u00e4n, varsinkin jos tulee v\u00e4liin muuta akuutimpaa.<\/p>\n\n\n\n<p>2.Reflektio<\/p>\n\n\n\n<p>Minulla on ollut koulup\u00e4ivi\u00e4 ty\u00f6p\u00e4ivien lomassa, jolloin olen ollut poissa, ja huomasin kuinka paljon t\u00e4m\u00e4 vaikuttaa kiireeseen itselle. Asiat kasaantuvat helposti, ja niiden purkamiseen ei aina j\u00e4\u00e4 aikaa kunnolla, kun tulee lis\u00e4\u00e4 kaikkea. <\/p>\n\n\n\n<p>En osaa sanoa, mit\u00e4 asioita n\u00e4ill\u00e4 viikoilla on j\u00e4\u00e4nyt mieleen, l\u00e4hinn\u00e4 olen koittanut saada kurottua asiat ajantasalle. Onnistumista koin kuitenkin, kun tein asiakkaan luona kattavaa voinnin ja neurologisen statuksen arviointia ja mielest\u00e4ni suoriuduin t\u00e4st\u00e4 hyvin. Kirjaamisissa koen hankalaksi sen, ett\u00e4 olenhan varmasti osannut tarpeeksi kattavasti kirjata kaiken. J\u00e4\u00e4n usein yliajattelemaan kirjausten sis\u00e4lt\u00f6\u00e4, jolloin kirjaaminen on hieman hidasta. Mutta huomaan t\u00e4ss\u00e4kin kehittyneeni ja saavani varmuutta. <\/p>\n\n\n\n<p>3.Reflektio<\/p>\n\n\n\n<p>T\u00e4ll\u00e4 viikolla eteeni sattui ensimm\u00e4isi\u00e4 kertoja hankalampi tapaus, jossa jouduin pohtimaan asiakkaan asioita. Tilanteen selvittely ja moniammatillinen suunnittelu oli kuitenkin opettavaista, samoin hankalan omaisen kohtamainen ja asioiden eteenp\u00e4in saaminen palkitsee kun kokee siin\u00e4 onnistuneensa. <\/p>\n\n\n\n<p>Tietyll\u00e4 tavalla olen kokenut v\u00e4lill\u00e4 riitt\u00e4m\u00e4tt\u00f6myytt\u00e4 ammatillisessa mieless\u00e4, sill\u00e4 asetan jotenkin itselleni liian paljon painetta t\u00e4ydellisyyden tavoitteluun. Ehk\u00e4 sen asian my\u00f6nt\u00e4minen ja siit\u00e4 pois opettelu ja asioiden oikeanlainen priorisointi sek\u00e4 prosessien ja ajan hallinta luultavammin johtaisi parempaan lopputulokseen ilman jatkuvaa painetta ep\u00e4onnistumisesta. <\/p>\n\n\n\n<p>Onneksi olen kuitenkin saanut hyvin tukea ja ohjausta tarvittaessa, sek\u00e4 kannustusta. Mielest\u00e4ni ammattitaidollisesti olen koko ajan kuitenkin itsevarmempi ja luottavaisempi, mik\u00e4 kannustaa jatkamaan eteenp\u00e4in. <\/p>\n","protected":false},"excerpt":{"rendered":"<p>Ensimm\u00e4iset viikot ovat menneet melko kiireiseen tahtiin. Uusien muutosten vuoksi tuntuu, ett\u00e4 on joutunut tekem\u00e4\u00e4n hitaammin t\u00f6it\u00e4 kuin olisi halunnut. Uusien asioiden sis\u00e4ist\u00e4minen sin\u00e4ns\u00e4 ei itselle tuota niin paljoa vaikeuksia, mutta muut ty\u00f6t siin\u00e4 sivussa hoidettavana, niin ei ole kerennyt oikein kunnolla paneutumaan n\u00e4ihin seikkoihin. Mielest\u00e4ni kuitenkin minulla on mennyt &#8230; <a class=\"continue-reading-link\" href=\"https:\/\/blogi.savonia.fi\/sairaanhoitajaksi2026\/osaamisen-taydentaminen\/viikkorefektio-1-3\/\"> Continue reading<\/a><\/p>\n","protected":false},"author":10856,"featured_media":0,"parent":132,"menu_order":2,"comment_status":"open","ping_status":"closed","template":"","meta":{"footnotes":""},"class_list":["post-138","page","type-page","status-publish","hentry"],"_links":{"self":[{"href":"https:\/\/blogi.savonia.fi\/sairaanhoitajaksi2026\/wp-json\/wp\/v2\/pages\/138","targetHints":{"allow":["GET"]}}],"collection":[{"href":"https:\/\/blogi.savonia.fi\/sairaanhoitajaksi2026\/wp-json\/wp\/v2\/pages"}],"about":[{"href":"https:\/\/blogi.savonia.fi\/sairaanhoitajaksi2026\/wp-json\/wp\/v2\/types\/page"}],"author":[{"embeddable":true,"href":"https:\/\/blogi.savonia.fi\/sairaanhoitajaksi2026\/wp-json\/wp\/v2\/users\/10856"}],"replies":[{"embeddable":true,"href":"https:\/\/blogi.savonia.fi\/sairaanhoitajaksi2026\/wp-json\/wp\/v2\/comments?post=138"}],"version-history":[{"count":1,"href":"https:\/\/blogi.savonia.fi\/sairaanhoitajaksi2026\/wp-json\/wp\/v2\/pages\/138\/revisions"}],"predecessor-version":[{"id":139,"href":"https:\/\/blogi.savonia.fi\/sairaanhoitajaksi2026\/wp-json\/wp\/v2\/pages\/138\/revisions\/139"}],"up":[{"embeddable":true,"href":"https:\/\/blogi.savonia.fi\/sairaanhoitajaksi2026\/wp-json\/wp\/v2\/pages\/132"}],"wp:attachment":[{"href":"https:\/\/blogi.savonia.fi\/sairaanhoitajaksi2026\/wp-json\/wp\/v2\/media?parent=138"}],"curies":[{"name":"wp","href":"https:\/\/api.w.org\/{rel}","templated":true}]}}