{"id":140,"date":"2025-11-30T15:55:50","date_gmt":"2025-11-30T13:55:50","guid":{"rendered":"https:\/\/blogi.savonia.fi\/sairaanhoitajaksi2026\/?page_id=140"},"modified":"2025-11-30T15:56:10","modified_gmt":"2025-11-30T13:56:10","slug":"valiarvio","status":"publish","type":"page","link":"https:\/\/blogi.savonia.fi\/sairaanhoitajaksi2026\/osaamisen-taydentaminen\/valiarvio\/","title":{"rendered":"V\u00e4liarvio"},"content":{"rendered":"\n<p><strong>Oppimisen taidot<\/strong><\/p>\n\n\n\n<p>L\u00e4ht\u00f6taso: &nbsp;<\/p>\n\n\n\n<p><\/p>\n\n\n\n<p>Tavoitteeksi asetin itselleni kehitty\u00e4 t\u00f6iden suunnittelun ja valmistautumisen ja organisoinnin parantamisessa. Lis\u00e4ksi tavoitteena oli monipuolistaa ja t\u00e4ydent\u00e4\u00e4 kokonaisvaltaista hoitoty\u00f6n osaamista.<\/p>\n\n\n\n<p>Arvio:<\/p>\n\n\n\n<p>Olen kiinnitt\u00e4nyt huomiota enemm\u00e4n t\u00f6iden suunnitteluun, ja asioiden yl\u00f6s kirjaamiseen, sill\u00e4 asioita tulee v\u00e4lill\u00e4 niin paljon, ett\u00e4 jos ei niit\u00e4 laita mihink\u00e4\u00e4n yl\u00f6s, ne helposti keskeytyess\u00e4\u00e4n unohtuu.<\/p>\n\n\n\n<p>Kuitenkin voisin viel\u00e4 enemm\u00e4n koittaa organisoida ty\u00f6ni kulkua paremmin, toki nopeille ja vaihtuville tilanteille ei voi mit\u00e4\u00e4n, ja koulup\u00e4ivien vuoksi osa t\u00f6ist\u00e4 on kerennyt kasaantumaan. Mutta jonkinlaista pidemm\u00e4lle suunnittelua pit\u00e4isi viel\u00e4 kehitt\u00e4\u00e4.<\/p>\n\n\n\n<p><strong>Asiakasl\u00e4ht\u00f6isyys ja Kliininen osaaminen<\/strong>&nbsp;<\/p>\n\n\n\n<p>L\u00e4ht\u00f6taso:&nbsp;<\/p>\n\n\n\n<p>Harjoittelun tavoitteena halusin syvent\u00e4\u00e4 ja t\u00e4ydent\u00e4\u00e4 kliinist\u00e4 osaamistani sek\u00e4 kehitty\u00e4 rakenteellisessa kirjaamisessa. L\u00e4\u00e4kehoito kiinnostaa ja tavoitteeksi halusin syvent\u00e4\u00e4 l\u00e4\u00e4kehoidon osaamista ja ymm\u00e4rryst\u00e4 asiakkaan hoidossa. <\/p>\n\n\n\n<p>Arvio:<\/p>\n\n\n\n<p>Kirjaamista olen p\u00e4\u00e4ssyt harjoittelemaan jo jonkin verran. Uuden ohjeistuksen my\u00f6t\u00e4 t\u00e4t\u00e4 on tullut nyt enemm\u00e4n tehty\u00e4kin ja saanut positiivista palautetta t\u00e4st\u00e4. <\/p>\n\n\n\n<p>L\u00e4\u00e4kehoitoon perehtymisess\u00e4 on tullut monenlaista ja olen p\u00e4\u00e4ssyt t\u00e4t\u00e4 l\u00e4\u00e4k\u00e4rin kanssa yhdess\u00e4 pohtimaan. Olen huomannut oppineeni huomaamatta eri l\u00e4\u00e4kkeiden vaikutuksesta, haittavaikutuksista, sek\u00e4 mill\u00e4 laboratoriokokeilla seurataan mit\u00e4kin vaikutusta ja milloin pit\u00e4isi puuttua tilanteeseen. <\/p>\n\n\n\n<p><\/p>\n\n\n\n<p><strong>N\u00e4ytt\u00f6\u00f6n perustuva toiminta ja p\u00e4\u00e4t\u00f6ksenteko<\/strong><\/p>\n\n\n\n<p>Tavoitteeksi harjoittelulle haluaisin saada ammattilaisena itsevarmuutta ja tietoa p\u00e4\u00e4t\u00f6ksen teossa ja asiakkaan hoidon suunnittelussa.<\/p>\n\n\n\n<p>Arvio:<\/p>\n\n\n\n<p>Kuten aikaisemmissa reflektioissa mainitsin, tietynlainen ammatillinen itsevarmuus on kyll\u00e4 selke\u00e4sti parantunut, vaikka koenkin viel\u00e4 v\u00e4lill\u00e4 hieman ep\u00e4varmuutta joissakin asioissa. T\u00e4ss\u00e4 on varmasti auttanut se, ett\u00e4 olen saanut my\u00f6s p\u00e4\u00e4t\u00f6ksilleni ja mielipiteilleni tukea.<\/p>\n\n\n\n<p><strong>Sosiaali- ja terveyspalveluiden laatu ja turvallisuus<\/strong><\/p>\n\n\n\n<p>Tavoitteena harjoittelulle haluan syvent\u00e4\u00e4 oppimiani taitoja ja oppia tunnistamaan voinnin muutoksia ja tuottaa mahdollisimman turvallista ja laadullista hoitoty\u00f6t\u00e4 yksil\u00f6llisesti.<\/p>\n\n\n\n<p>Arvio:<\/p>\n\n\n\n<p>Voinnin arviointi ja siin\u00e4 tapahtuviin muutoksiin olen p\u00e4\u00e4ssyt tekem\u00e4\u00e4n paljon, ja alkuun joutuikin viel\u00e4 enemm\u00e4n miettim\u00e4\u00e4n ja selvittelem\u00e4\u00e4n, mutta pikkuhiljaa, kun tiet\u00e4\u00e4 kuinka edet\u00e4 ja mit\u00e4 pit\u00e4\u00e4 voinnista selvitt\u00e4\u00e4 on t\u00e4m\u00e4kin alkanut helpottamaan. <\/p>\n","protected":false},"excerpt":{"rendered":"<p>Oppimisen taidot L\u00e4ht\u00f6taso: &nbsp; Tavoitteeksi asetin itselleni kehitty\u00e4 t\u00f6iden suunnittelun ja valmistautumisen ja organisoinnin parantamisessa. Lis\u00e4ksi tavoitteena oli monipuolistaa ja t\u00e4ydent\u00e4\u00e4 kokonaisvaltaista hoitoty\u00f6n osaamista. Arvio: Olen kiinnitt\u00e4nyt huomiota enemm\u00e4n t\u00f6iden suunnitteluun, ja asioiden yl\u00f6s kirjaamiseen, sill\u00e4 asioita tulee v\u00e4lill\u00e4 niin paljon, ett\u00e4 jos ei niit\u00e4 laita mihink\u00e4\u00e4n yl\u00f6s, ne helposti &#8230; <a class=\"continue-reading-link\" href=\"https:\/\/blogi.savonia.fi\/sairaanhoitajaksi2026\/osaamisen-taydentaminen\/valiarvio\/\"> Continue reading<\/a><\/p>\n","protected":false},"author":10856,"featured_media":0,"parent":132,"menu_order":3,"comment_status":"open","ping_status":"closed","template":"","meta":{"footnotes":""},"class_list":["post-140","page","type-page","status-publish","hentry"],"_links":{"self":[{"href":"https:\/\/blogi.savonia.fi\/sairaanhoitajaksi2026\/wp-json\/wp\/v2\/pages\/140","targetHints":{"allow":["GET"]}}],"collection":[{"href":"https:\/\/blogi.savonia.fi\/sairaanhoitajaksi2026\/wp-json\/wp\/v2\/pages"}],"about":[{"href":"https:\/\/blogi.savonia.fi\/sairaanhoitajaksi2026\/wp-json\/wp\/v2\/types\/page"}],"author":[{"embeddable":true,"href":"https:\/\/blogi.savonia.fi\/sairaanhoitajaksi2026\/wp-json\/wp\/v2\/users\/10856"}],"replies":[{"embeddable":true,"href":"https:\/\/blogi.savonia.fi\/sairaanhoitajaksi2026\/wp-json\/wp\/v2\/comments?post=140"}],"version-history":[{"count":2,"href":"https:\/\/blogi.savonia.fi\/sairaanhoitajaksi2026\/wp-json\/wp\/v2\/pages\/140\/revisions"}],"predecessor-version":[{"id":142,"href":"https:\/\/blogi.savonia.fi\/sairaanhoitajaksi2026\/wp-json\/wp\/v2\/pages\/140\/revisions\/142"}],"up":[{"embeddable":true,"href":"https:\/\/blogi.savonia.fi\/sairaanhoitajaksi2026\/wp-json\/wp\/v2\/pages\/132"}],"wp:attachment":[{"href":"https:\/\/blogi.savonia.fi\/sairaanhoitajaksi2026\/wp-json\/wp\/v2\/media?parent=140"}],"curies":[{"name":"wp","href":"https:\/\/api.w.org\/{rel}","templated":true}]}}