{"id":51,"date":"2023-12-19T13:00:48","date_gmt":"2023-12-19T11:00:48","guid":{"rendered":"https:\/\/blogi.savonia.fi\/sairaanhoitajaksi2026\/?page_id=51"},"modified":"2023-12-19T18:18:21","modified_gmt":"2023-12-19T16:18:21","slug":"loppuarviointi","status":"publish","type":"page","link":"https:\/\/blogi.savonia.fi\/sairaanhoitajaksi2026\/sisatautien-harjoittelu\/loppuarviointi\/","title":{"rendered":"Viikkoreflektio 3."},"content":{"rendered":"\n<p>Harjoittelun toiseksi viimeinen viikko on nyt taputeltu ja viimeisi\u00e4 vied\u00e4\u00e4n. Harjoittelu aika on ollut t\u00e4h\u00e4n menness\u00e4 informatiivinen ja mielenkiintoinen. On ollut mukavaa huomata edistymist\u00e4 oman oppimisen ja tekemisen suhteen ja itseluottamus siit\u00e4, ett\u00e4 min\u00e4h\u00e4n osaan ja olen ihan hyv\u00e4 t\u00e4ss\u00e4.<\/p>\n\n\n\n<p>Loppuharjoittelun aikana ollaan oltu Tuijan kanssa moduuliopiskelijoita, eli ollaan toimittu tiimin\u00e4 ja hoidettu potilaita yhdess\u00e4. Mielest\u00e4ni t\u00e4llainen oppimistyyli on toimiva ja siin\u00e4 saa juuri omien taitotasojen mukaan kuitenkin haastetta ja vastuuta. Tuijan kanssa meill\u00e4 on muutenkin onnistunut yhteisty\u00f6 hyvin ja molemmat p\u00e4\u00e4sseet kokeilemaan ja tekem\u00e4\u00e4n asioita, ty\u00f6njako onnistuu ja samoin ty\u00f6skentely.<\/p>\n\n\n\n<p>Ohjaajilta on tullut hyv\u00e4\u00e4 palautetta ja omasta mielest\u00e4nikin olen osannut olla aktiivinen ja osallistunut mahdollisuuksien mukaan erilaisiin toimenpiteisiin ja toimiin. Viikolla nelj\u00e4 saimme menn\u00e4 tutustumaan potilaan mukana maksan biobsiaan. Kokemuksena k\u00e4ynti oli opettavainen ja huomasin, kuinka korostetusti minulle j\u00e4i mieleen toimenpiteen aseptisuus. <\/p>\n\n\n\n<p>T\u00e4m\u00e4n viikon ehk\u00e4  opettavin l\u00e4\u00e4kinn\u00e4llisesti ajatellen oleva potilastapaus on ollut er\u00e4\u00e4n i\u00e4kk\u00e4\u00e4n maksakirroosipotilaan hoitaminen. H\u00e4nell\u00e4 menee usein ja useita l\u00e4\u00e4kkeit\u00e4, niin i.v kun p.o. Hoidossa on pit\u00f6nyt ottaa huomioon my\u00f6s ihon kuntoa ja ravitsemusta, joka selke\u00e4sti vaikuttanut potilaan suolen toimintaan. P\u00e4\u00e4sin ensimm\u00e4ist\u00e4 kertaa antamaan i.v pidemp\u00e4\u00e4n kest\u00e4v\u00e4n stoosin l\u00e4\u00e4kett\u00e4, jota potilas saa maksakirroosin hoitoon. Annosta annettiin potilaalle 1ml\/min.  Hoidollisesti, ja muusta syyst\u00e4 mieleenpainuva ja haastava potilastapaus oli er\u00e4\u00e4n i\u00e4kk\u00e4\u00e4n, kertaalleen elvytetyn potilaan hoitaminen ja siihen liittyv\u00e4t seikat. Kyseisell\u00e4 potilaalla ei ollut mink\u00e4\u00e4nlaista hoidon rajausta, eik\u00e4 sit\u00e4 tehty elvytyksest\u00e4 huolimatta. Potilaan hoitaminen oli haastavaa, h\u00e4n oli kivulias ja hengitys oli eritt\u00e4in hankalaa ja siin\u00e4 ilmeni usein pitki\u00e4kin katkoksia. Viikon mittaan h\u00e4nen vointinsa laski, mutta saattohoitoon p\u00e4\u00e4sy\u00e4 pitkiteltiin mielest\u00e4ni liian kauan. Lopultahan h\u00e4n menehtyikin, joskin oli kerennyt saamaan saattohoitop\u00e4\u00e4t\u00f6ksen ennen sit\u00e4. Mutta tapaus her\u00e4tti mieless\u00e4 ristiriitaisia tunteita, koska saattohoidon ja hoidonrajausten suhteen toiminta oli hitaanpuoleista ja koin sen olevan potilaan tilanteen huomioiden turhaa k\u00e4rsimyst\u00e4 ja kipua aiheuttavana. N\u00e4iss\u00e4 tilanteissa sit\u00e4 tulee itselle tietynlainen avuttomuuden ja turhautumisen tunne, kun n\u00e4kee toisen voinnin hiipuvan, mutta keinot toimia on rajalliset.<\/p>\n\n\n\n<p>Potilaskohtaamisia on t\u00e4ll\u00e4 viikolla ollut useita, meill\u00e4 on monesti potilaat vaihtuneet p\u00e4ivien aikana. Potilaisiin on mahtunut haasteellisempia tapauksia, kuin niit\u00e4 hieman helpompia. On ollut mukava huomata , ett\u00e4 on opiskelijana saanut ottaa enemm\u00e4n vastuuta potilaan hoidossa ja se ett\u00e4 minunkin mielipiteit\u00e4 ja havaintoja kuunnellaan mielell\u00e4\u00e4n. <\/p>\n\n\n\n<p>T\u00e4ll\u00e4 viikolla onnistuin ensimm\u00e4isen kerran muualla kuin koulussa saamaan kanyylin potilaalle ja minusta se oli hieno hetki, kun sit\u00e4 t\u00e4ss\u00e4 olen jo pari kertaa tuloksetta yritt\u00e4nyt! Huomaan ett\u00e4 alan jo hahmottamaan paremmin potilaan vitaalien, diureesin, l\u00e4\u00e4kityksen ja oireiden vaikutusta hoitoon ja mihin niiden muutokset voisi viitata, esimerkiksi jos potilaalla on nestelista ja nesterajaus, miksi n\u00e4in tehd\u00e4\u00e4n ja mit\u00e4 arvoja pit\u00e4\u00e4 seurata, ja kuinka ehk\u00e4 toimia, jos niiss\u00e4 on poikkeavuutta.<\/p>\n\n\n\n<p>On palkitsevaa itselle, ett\u00e4 on osannut arvioida jotain seikkaa potilaan tilassa, joka on vaikuttanut sitten hoidon kulkuun. Koen itselleni asettamien tavoitteiden toteutunee suurimmalta osin hyvin ja opiskelijaohjauksesta minulla on vain positiivista sanottavaa. Palautetta annettiin mielell\u00e4\u00e4n ja ohjattiin mielell\u00e4\u00e4n. Nyt harkan l\u00e4hestyess\u00e4 loppua alkaakin olla jo pieni kisav\u00e4symyst\u00e4 havaittavissa mutta hyvil\u00e4 mielin ja paljon oppineena joululomille ja tammikuussa sitten jatkuu koulu uusilla aiheilla.<\/p>\n","protected":false},"excerpt":{"rendered":"<p>Harjoittelun toiseksi viimeinen viikko on nyt taputeltu ja viimeisi\u00e4 vied\u00e4\u00e4n. Harjoittelu aika on ollut t\u00e4h\u00e4n menness\u00e4 informatiivinen ja mielenkiintoinen. On ollut mukavaa huomata edistymist\u00e4 oman oppimisen ja tekemisen suhteen ja itseluottamus siit\u00e4, ett\u00e4 min\u00e4h\u00e4n osaan ja olen ihan hyv\u00e4 t\u00e4ss\u00e4. Loppuharjoittelun aikana ollaan oltu Tuijan kanssa moduuliopiskelijoita, eli ollaan toimittu &#8230; <a class=\"continue-reading-link\" href=\"https:\/\/blogi.savonia.fi\/sairaanhoitajaksi2026\/sisatautien-harjoittelu\/loppuarviointi\/\"> Continue reading<\/a><\/p>\n","protected":false},"author":10856,"featured_media":0,"parent":31,"menu_order":4,"comment_status":"open","ping_status":"closed","template":"","meta":{"footnotes":""},"class_list":["post-51","page","type-page","status-publish","hentry"],"_links":{"self":[{"href":"https:\/\/blogi.savonia.fi\/sairaanhoitajaksi2026\/wp-json\/wp\/v2\/pages\/51","targetHints":{"allow":["GET"]}}],"collection":[{"href":"https:\/\/blogi.savonia.fi\/sairaanhoitajaksi2026\/wp-json\/wp\/v2\/pages"}],"about":[{"href":"https:\/\/blogi.savonia.fi\/sairaanhoitajaksi2026\/wp-json\/wp\/v2\/types\/page"}],"author":[{"embeddable":true,"href":"https:\/\/blogi.savonia.fi\/sairaanhoitajaksi2026\/wp-json\/wp\/v2\/users\/10856"}],"replies":[{"embeddable":true,"href":"https:\/\/blogi.savonia.fi\/sairaanhoitajaksi2026\/wp-json\/wp\/v2\/comments?post=51"}],"version-history":[{"count":5,"href":"https:\/\/blogi.savonia.fi\/sairaanhoitajaksi2026\/wp-json\/wp\/v2\/pages\/51\/revisions"}],"predecessor-version":[{"id":62,"href":"https:\/\/blogi.savonia.fi\/sairaanhoitajaksi2026\/wp-json\/wp\/v2\/pages\/51\/revisions\/62"}],"up":[{"embeddable":true,"href":"https:\/\/blogi.savonia.fi\/sairaanhoitajaksi2026\/wp-json\/wp\/v2\/pages\/31"}],"wp:attachment":[{"href":"https:\/\/blogi.savonia.fi\/sairaanhoitajaksi2026\/wp-json\/wp\/v2\/media?parent=51"}],"curies":[{"name":"wp","href":"https:\/\/api.w.org\/{rel}","templated":true}]}}