{"id":94,"date":"2024-11-01T16:07:56","date_gmt":"2024-11-01T14:07:56","guid":{"rendered":"https:\/\/blogi.savonia.fi\/sairaanhoitajaksi2026\/?page_id=94"},"modified":"2024-11-01T16:50:29","modified_gmt":"2024-11-01T14:50:29","slug":"viikkoreflektio-2","status":"publish","type":"page","link":"https:\/\/blogi.savonia.fi\/sairaanhoitajaksi2026\/mielenterveys-ja-paihdetyon-harjoittelu\/viikkoreflektio-2\/","title":{"rendered":"Viikkoreflektio 2\/v\u00e4liarvio"},"content":{"rendered":"\n<p>Toisella harkkaviikolla alkuviikko meni hieman viel\u00e4 sopeutuessa osaston menoon, koska edellisell\u00e4 viikolla oli loppuviikon sairaslomalla. Mutta loppuviikkoa kohden alkoi tulla sellainen klikki, ett\u00e4 jotenkin aloin sis\u00e4ist\u00e4m\u00e4\u00e4n osaston toimintaa ja kiireett\u00f6myyden tarkoitusta.<\/p>\n\n\n\n<p>T\u00e4ll\u00e4 viikolla osallistuin toiminnallisen musaryhm\u00e4\u00e4n nuorten mukana. Musaryhm\u00e4ss\u00e4 ollessa huomasin musiikin merkityksen, sill\u00e4 aika meni nopeasti ja koin uppoutuvani mukaan ja rentouduin. <\/p>\n\n\n\n<p>P\u00e4\u00e4sin osallistumaan my\u00f6s tarkkailuhaastatteluihin ja t\u00e4m\u00e4n yhteydess\u00e4 perehdyin M1,2 ja 3:seen tarkemmin. Koulussa n\u00e4it\u00e4 l\u00e4pi k\u00e4ydess\u00e4 jotenkin koko prosessi tuntui sekavalta ja hankalalta muistaa, mutta nyt k\u00e4yt\u00e4nn\u00f6ss\u00e4 huomaan ett\u00e4 ne ovat selkeytyneet ja avautuneet minulle paremmin. <\/p>\n\n\n\n<p>Ohjaajien kanssa k\u00e4yty useita keskusteluja ja pohdittu tavoitteita ja niiden toteutusta l\u00e4pi yhdess\u00e4, ja miten niit\u00e4 l\u00e4hdett\u00e4isiin t\u00e4\u00e4ll\u00e4 toteuttelemaan. Erilaisissa jututushetkiss\u00e4 olen ollut mukana, ja koen ne mielenkiintoisiksi. <\/p>\n\n\n\n<p>Kolmas viikko menin mielest\u00e4ni ihan erifiiliksill\u00e4 kuin kaksi aikaisempaa. Jotenkin omassa olemisessa huomasin selke\u00e4n muutoksen, sill\u00e4 sellainen somatiikan puolella tuttu aktiivisen ja akuutimman hoitamisen sijaan l\u00f6yt\u00e4ny sellaisen sis\u00e4isen kiireett\u00f6myyden ja kyvyn keskitty\u00e4 ja kiinnitt\u00e4\u00e4 pieniin asioihin huomiota. Huomasin samalla my\u00f6s sen, kuinka eri tavalla t\u00e4m\u00e4 kuormittaa, ei fyysisesti, mutta psyykkisesti. Negatiivista kuormitus ei kuitenkaan ole, tai en koe asioiden kuormittavan tai olevan ahdistavia, mutta huomaa ett\u00e4 on tullut eri tavalla mietitty\u00e4 ja seurattua asioita. <\/p>\n\n\n\n<p>Nuorten kanssa jutellessa ja muutenkin toimintaa ja olemusta seuraamalla huomaan, ett\u00e4 olen alkanut ajattelemaan asioita moniulotteisemmin ja tarkkailemaan my\u00f6s nonverbaalista viestint\u00e4\u00e4 ja havaitsemaan tai ymm\u00e4rt\u00e4m\u00e4\u00e4n my\u00f6s niit\u00e4 sanoja mit\u00e4 ei konreettisesti sanota, mutta ne v\u00e4littyy keskusteluun. <\/p>\n\n\n\n<p>Tarkoituksena olisi t\u00e4ss\u00e4 loppuharkan aikana p\u00e4\u00e4st\u00e4 pit\u00e4m\u00e4\u00e4n hoitosuhdekeskustelun ja hetken nuoren kanssa ja  viel\u00e4 pit\u00e4\u00e4 toiminnallinen hetki nuorille, josta teen erillisen raportin teorioineen.<\/p>\n\n\n\n<p>L\u00e4\u00e4kkeit\u00e4 olen ollut jakamassa pari kertaa, ja samalla tullut tutustuttua tarkemmin osastolla k\u00e4yt\u00f6ss\u00e4 oleviin l\u00e4\u00e4kkeisiin ja niiden toimintaan.<\/p>\n","protected":false},"excerpt":{"rendered":"<p>Toisella harkkaviikolla alkuviikko meni hieman viel\u00e4 sopeutuessa osaston menoon, koska edellisell\u00e4 viikolla oli loppuviikon sairaslomalla. Mutta loppuviikkoa kohden alkoi tulla sellainen klikki, ett\u00e4 jotenkin aloin sis\u00e4ist\u00e4m\u00e4\u00e4n osaston toimintaa ja kiireett\u00f6myyden tarkoitusta. T\u00e4ll\u00e4 viikolla osallistuin toiminnallisen musaryhm\u00e4\u00e4n nuorten mukana. Musaryhm\u00e4ss\u00e4 ollessa huomasin musiikin merkityksen, sill\u00e4 aika meni nopeasti ja koin uppoutuvani &#8230; <a class=\"continue-reading-link\" href=\"https:\/\/blogi.savonia.fi\/sairaanhoitajaksi2026\/mielenterveys-ja-paihdetyon-harjoittelu\/viikkoreflektio-2\/\"> Continue reading<\/a><\/p>\n","protected":false},"author":10856,"featured_media":0,"parent":86,"menu_order":3,"comment_status":"open","ping_status":"closed","template":"","meta":{"footnotes":""},"class_list":["post-94","page","type-page","status-publish","hentry"],"_links":{"self":[{"href":"https:\/\/blogi.savonia.fi\/sairaanhoitajaksi2026\/wp-json\/wp\/v2\/pages\/94","targetHints":{"allow":["GET"]}}],"collection":[{"href":"https:\/\/blogi.savonia.fi\/sairaanhoitajaksi2026\/wp-json\/wp\/v2\/pages"}],"about":[{"href":"https:\/\/blogi.savonia.fi\/sairaanhoitajaksi2026\/wp-json\/wp\/v2\/types\/page"}],"author":[{"embeddable":true,"href":"https:\/\/blogi.savonia.fi\/sairaanhoitajaksi2026\/wp-json\/wp\/v2\/users\/10856"}],"replies":[{"embeddable":true,"href":"https:\/\/blogi.savonia.fi\/sairaanhoitajaksi2026\/wp-json\/wp\/v2\/comments?post=94"}],"version-history":[{"count":4,"href":"https:\/\/blogi.savonia.fi\/sairaanhoitajaksi2026\/wp-json\/wp\/v2\/pages\/94\/revisions"}],"predecessor-version":[{"id":99,"href":"https:\/\/blogi.savonia.fi\/sairaanhoitajaksi2026\/wp-json\/wp\/v2\/pages\/94\/revisions\/99"}],"up":[{"embeddable":true,"href":"https:\/\/blogi.savonia.fi\/sairaanhoitajaksi2026\/wp-json\/wp\/v2\/pages\/86"}],"wp:attachment":[{"href":"https:\/\/blogi.savonia.fi\/sairaanhoitajaksi2026\/wp-json\/wp\/v2\/media?parent=94"}],"curies":[{"name":"wp","href":"https:\/\/api.w.org\/{rel}","templated":true}]}}