{"id":821,"date":"2024-02-23T13:07:44","date_gmt":"2024-02-23T11:07:44","guid":{"rendered":"https:\/\/blogi.savonia.fi\/sairaanhyvaksihoitajaksi\/?page_id=821"},"modified":"2024-02-25T17:00:00","modified_gmt":"2024-02-25T15:00:00","slug":"mielenterveys-ja-paihdehoitotyo","status":"publish","type":"page","link":"https:\/\/blogi.savonia.fi\/sairaanhyvaksihoitajaksi\/harjoittelut\/mielenterveys-ja-paihdehoitotyo\/","title":{"rendered":"MIELENTERVEYS JA P\u00c4IHDEHOITOTY\u00d6"},"content":{"rendered":"\n<h4 class=\"wp-block-heading\">Osaamistavoitteet<\/h4>\n\n\n\n<p>Opintojakson suoritettuaan opiskelija osaa<br>-ty\u00f6skennell\u00e4 ammattieettisten periaatteiden mukaisesti ja analysoida asenteiden ja tunteiden merkityst\u00e4 mielenterveys- ja p\u00e4ihdehoitoty\u00f6ss\u00e4<br>-ohjata potilaita, potilasryhmi\u00e4, omaisia, opiskelijatovereita tai henkil\u00f6kuntaa<br>-kuvata harjoittelupaikan keskeiset yhteisty\u00f6kumppanit ja toimia moniammatillisen ty\u00f6ryhm\u00e4n j\u00e4senen\u00e4<br>-hy\u00f6dynt\u00e4\u00e4 oppimisessaan mielenterveys- ja p\u00e4ihdehoitoty\u00f6h\u00f6n liittyv\u00e4\u00e4 n\u00e4ytt\u00f6\u00f6n perustuvaa tietoa<br>-ty\u00f6skennell\u00e4 erilaisista kulttuuritaustoista olevien ihmisten mielenterveyden ja p\u00e4ihteett\u00f6myyden edist\u00e4miseksi<br>-k\u00e4ytt\u00e4\u00e4 turvallisesti keskeisi\u00e4 mielenterveys- ja p\u00e4ihdehoitoty\u00f6n auttamismenetelmi\u00e4<br>-toteuttaa turvallisesti mielenterveys- ja p\u00e4ihdehoitoty\u00f6n l\u00e4\u00e4kehoitoa<br>-arvioida ja kehitt\u00e4\u00e4 mielenterveys- ja p\u00e4ihdehoitoty\u00f6n osaamistaan<br>&#8211; AVEKKI-toimintatapamallin ja motivoituu toimimaan sen mukaisesti tulevassa ammatissaan<br>&#8211; vuorovaikutteisesti ennaltaehk\u00e4ist\u00e4 ja hallita uhkaavia ja v\u00e4kivaltaisia tilanteita.<\/p>\n\n\n\n<h4 class=\"wp-block-heading\">Sis\u00e4lt\u00f6<\/h4>\n\n\n\n<p>Mielenterveys- ja p\u00e4ihdehoitoty\u00f6n lains\u00e4\u00e4d\u00e4nt\u00f6. Mielenterveys- ja p\u00e4ihdehoitoty\u00f6n eettiset kysymykset. Hoitoty\u00f6n prosessi, kirjaaminen ja raportointi mielenterveys- ja p\u00e4ihdehoitoty\u00f6ss\u00e4. Mielenterveys- ja p\u00e4ihdehoitoty\u00f6n auttamismenetelm\u00e4t (esim. ohjaaminen, hoitosuhde, yhteis\u00f6hoito, moniammatillinen tiimity\u00f6skentely, verkostoty\u00f6skentely, ty\u00f6nohjaus, l\u00e4\u00e4kehoito). Mielenterveys- ja p\u00e4ihdepalveluj\u00e4rjestelm\u00e4. Mielenterveyden edist\u00e4minen. AVEKKI-toimintatapamalli ja sen soveltaminen eri toimintaymp\u00e4rist\u00f6iss\u00e4.<\/p>\n","protected":false},"excerpt":{"rendered":"<p>Osaamistavoitteet Opintojakson suoritettuaan opiskelija osaa-ty\u00f6skennell\u00e4 ammattieettisten periaatteiden mukaisesti ja analysoida asenteiden ja tunteiden merkityst\u00e4 mielenterveys- ja p\u00e4ihdehoitoty\u00f6ss\u00e4-ohjata potilaita, potilasryhmi\u00e4, omaisia, opiskelijatovereita tai henkil\u00f6kuntaa-kuvata harjoittelupaikan keskeiset yhteisty\u00f6kumppanit ja toimia moniammatillisen ty\u00f6ryhm\u00e4n j\u00e4senen\u00e4-hy\u00f6dynt\u00e4\u00e4 oppimisessaan mielenterveys- ja p\u00e4ihdehoitoty\u00f6h\u00f6n liittyv\u00e4\u00e4 n\u00e4ytt\u00f6\u00f6n perustuvaa tietoa-ty\u00f6skennell\u00e4 erilaisista kulttuuritaustoista olevien ihmisten mielenterveyden ja p\u00e4ihteett\u00f6myyden edist\u00e4miseksi-k\u00e4ytt\u00e4\u00e4 turvallisesti keskeisi\u00e4 mielenterveys- ja p\u00e4ihdehoitoty\u00f6n auttamismenetelmi\u00e4-toteuttaa turvallisesti mielenterveys- &hellip; <\/p>\n<p class=\"link-more\"><a href=\"https:\/\/blogi.savonia.fi\/sairaanhyvaksihoitajaksi\/harjoittelut\/mielenterveys-ja-paihdehoitotyo\/\" class=\"more-link\">Jatka lukemista<span class=\"screen-reader-text\"> &#8221;MIELENTERVEYS JA P\u00c4IHDEHOITOTY\u00d6&#8221;<\/span><\/a><\/p>\n","protected":false},"author":9690,"featured_media":0,"parent":170,"menu_order":0,"comment_status":"open","ping_status":"closed","template":"","meta":{"footnotes":""},"class_list":["post-821","page","type-page","status-publish","hentry"],"_links":{"self":[{"href":"https:\/\/blogi.savonia.fi\/sairaanhyvaksihoitajaksi\/wp-json\/wp\/v2\/pages\/821","targetHints":{"allow":["GET"]}}],"collection":[{"href":"https:\/\/blogi.savonia.fi\/sairaanhyvaksihoitajaksi\/wp-json\/wp\/v2\/pages"}],"about":[{"href":"https:\/\/blogi.savonia.fi\/sairaanhyvaksihoitajaksi\/wp-json\/wp\/v2\/types\/page"}],"author":[{"embeddable":true,"href":"https:\/\/blogi.savonia.fi\/sairaanhyvaksihoitajaksi\/wp-json\/wp\/v2\/users\/9690"}],"replies":[{"embeddable":true,"href":"https:\/\/blogi.savonia.fi\/sairaanhyvaksihoitajaksi\/wp-json\/wp\/v2\/comments?post=821"}],"version-history":[{"count":3,"href":"https:\/\/blogi.savonia.fi\/sairaanhyvaksihoitajaksi\/wp-json\/wp\/v2\/pages\/821\/revisions"}],"predecessor-version":[{"id":864,"href":"https:\/\/blogi.savonia.fi\/sairaanhyvaksihoitajaksi\/wp-json\/wp\/v2\/pages\/821\/revisions\/864"}],"up":[{"embeddable":true,"href":"https:\/\/blogi.savonia.fi\/sairaanhyvaksihoitajaksi\/wp-json\/wp\/v2\/pages\/170"}],"wp:attachment":[{"href":"https:\/\/blogi.savonia.fi\/sairaanhyvaksihoitajaksi\/wp-json\/wp\/v2\/media?parent=821"}],"curies":[{"name":"wp","href":"https:\/\/api.w.org\/{rel}","templated":true}]}}