{"id":157,"date":"2023-02-27T12:45:35","date_gmt":"2023-02-27T10:45:35","guid":{"rendered":"https:\/\/blogi.savonia.fi\/sannamommo\/?page_id=157"},"modified":"2023-02-27T12:45:54","modified_gmt":"2023-02-27T10:45:54","slug":"mielenterveys-ja-paihdehoitotyo","status":"publish","type":"page","link":"https:\/\/blogi.savonia.fi\/sannamommo\/esimerkkisivu\/mielenterveys-ja-paihdehoitotyo\/","title":{"rendered":"Mielenterveys- ja p\u00e4ihdehoitoty\u00f6"},"content":{"rendered":"\n<p><strong>Harjoittelun tavoitteet:<\/strong><\/p>\n\n\n\n<p>&#8211; ty\u00f6skennell\u00e4 ammattieettisten periaatteiden mukaisesti ja analysoida asenteiden ja tunteiden merkityst\u00e4 mielenterveys- ja p\u00e4ihdehoitoty\u00f6ss\u00e4<br>&#8211; ohjata potilaita, potilasryhmi\u00e4, omaisia<br>&#8211; kuvata harjoittelupaikan keskeiset yhteisty\u00f6kumppanit ja toimia moniammatillisen ty\u00f6ryhm\u00e4n j\u00e4senen\u00e4<br>&#8211; hy\u00f6dynt\u00e4\u00e4 oppimisessaan mielenterveys- ja p\u00e4ihdehoitoty\u00f6h\u00f6n liittyv\u00e4\u00e4 n\u00e4ytt\u00f6\u00f6n perustuvaa tietoa<br>&#8211; ty\u00f6skennell\u00e4 erilaisista kulttuuritaustoista olevien ihmisten mielenterveyden ja p\u00e4ihteett\u00f6myyden edist\u00e4miseksi<br>&#8211; k\u00e4ytt\u00e4\u00e4 turvallisesti keskeisi\u00e4 mielenterveys- ja p\u00e4ihdehoitoty\u00f6n auttamismenetelmi\u00e4<br>&#8211; toteuttaa turvallisesti mielenterveys- ja p\u00e4ihdehoitoty\u00f6n l\u00e4\u00e4kehoitoa<br>&#8211; arvioida ja kehitt\u00e4\u00e4 mielenterveys- ja p\u00e4ihdehoitoty\u00f6n osaamistaan<\/p>\n","protected":false},"excerpt":{"rendered":"<p>Harjoittelun tavoitteet: &#8211; ty\u00f6skennell\u00e4 ammattieettisten periaatteiden mukaisesti ja analysoida asenteiden ja tunteiden merkityst\u00e4 mielenterveys- ja p\u00e4ihdehoitoty\u00f6ss\u00e4&#8211; ohjata potilaita, potilasryhmi\u00e4, omaisia&#8211; kuvata harjoittelupaikan keskeiset yhteisty\u00f6kumppanit ja toimia moniammatillisen ty\u00f6ryhm\u00e4n j\u00e4senen\u00e4&#8211; hy\u00f6dynt\u00e4\u00e4 oppimisessaan mielenterveys- ja p\u00e4ihdehoitoty\u00f6h\u00f6n liittyv\u00e4\u00e4 n\u00e4ytt\u00f6\u00f6n perustuvaa tietoa&#8211; ty\u00f6skennell\u00e4 erilaisista kulttuuritaustoista olevien ihmisten mielenterveyden ja p\u00e4ihteett\u00f6myyden edist\u00e4miseksi&#8211; k\u00e4ytt\u00e4\u00e4 turvallisesti keskeisi\u00e4 mielenterveys- ja p\u00e4ihdehoitoty\u00f6n auttamismenetelmi\u00e4&#8211; toteuttaa &hellip; <a href=\"https:\/\/blogi.savonia.fi\/sannamommo\/esimerkkisivu\/mielenterveys-ja-paihdehoitotyo\/\" class=\"more-link\">Jatka lukemista <span class=\"screen-reader-text\">Mielenterveys- ja p\u00e4ihdehoitoty\u00f6<\/span> <span class=\"meta-nav\">&rarr;<\/span><\/a><\/p>\n","protected":false},"author":9122,"featured_media":0,"parent":2,"menu_order":0,"comment_status":"closed","ping_status":"closed","template":"","meta":{"footnotes":""},"class_list":["post-157","page","type-page","status-publish","hentry"],"_links":{"self":[{"href":"https:\/\/blogi.savonia.fi\/sannamommo\/wp-json\/wp\/v2\/pages\/157","targetHints":{"allow":["GET"]}}],"collection":[{"href":"https:\/\/blogi.savonia.fi\/sannamommo\/wp-json\/wp\/v2\/pages"}],"about":[{"href":"https:\/\/blogi.savonia.fi\/sannamommo\/wp-json\/wp\/v2\/types\/page"}],"author":[{"embeddable":true,"href":"https:\/\/blogi.savonia.fi\/sannamommo\/wp-json\/wp\/v2\/users\/9122"}],"replies":[{"embeddable":true,"href":"https:\/\/blogi.savonia.fi\/sannamommo\/wp-json\/wp\/v2\/comments?post=157"}],"version-history":[{"count":1,"href":"https:\/\/blogi.savonia.fi\/sannamommo\/wp-json\/wp\/v2\/pages\/157\/revisions"}],"predecessor-version":[{"id":158,"href":"https:\/\/blogi.savonia.fi\/sannamommo\/wp-json\/wp\/v2\/pages\/157\/revisions\/158"}],"up":[{"embeddable":true,"href":"https:\/\/blogi.savonia.fi\/sannamommo\/wp-json\/wp\/v2\/pages\/2"}],"wp:attachment":[{"href":"https:\/\/blogi.savonia.fi\/sannamommo\/wp-json\/wp\/v2\/media?parent=157"}],"curies":[{"name":"wp","href":"https:\/\/api.w.org\/{rel}","templated":true}]}}