{"id":278,"date":"2025-08-22T09:43:32","date_gmt":"2025-08-22T06:43:32","guid":{"rendered":"https:\/\/blogi.savonia.fi\/santerikolehmainen\/?page_id=278"},"modified":"2025-08-26T11:07:57","modified_gmt":"2025-08-26T08:07:57","slug":"valiarvio","status":"publish","type":"page","link":"https:\/\/blogi.savonia.fi\/santerikolehmainen\/harjoittelut\/harjoittelu-sairaanhoitajan-osaamisen-taydentaminen\/valiarvio\/","title":{"rendered":"V\u00e4liarvio"},"content":{"rendered":"\n<p><strong>Eettinen osaaminen ja ammatillisuus. <\/strong><br>Harjoittelun aikana olen saanut kehitetty\u00e4 omaa ammatillisuutta sek\u00e4 eettist\u00e4 ty\u00f6ntekoa. Olen kunnioittanut asiakkaiden itsem\u00e4\u00e4r\u00e4\u00e4misoikeutta ja olen pit\u00e4nyt keskusteluja sek\u00e4 ryhmi\u00e4 sen pohjalta. Yhten\u00e4 t\u00e4rke\u00e4n\u00e4 osana kuntoutusta on ollut asiakasturvallisuus, joka toteutunut hyvin. S\u00e4\u00e4nn\u00f6ist\u00e4 on pidetty kiinni ja arvioitu kuntoutujien vointia ja tarpeen vaatiessa p\u00e4ivystykseen l\u00e4hetetty, jos kuntoutujan vointi on heikentynyt.<br><br><br><strong>Asiakasl\u00e4ht\u00f6isyys ja kliininen osaaminen.<\/strong><br>Olen toteuttanut harjoitteluani asiakasl\u00e4ht\u00f6isesti. Olen kysellyt kuntoutujilta toiveita erilaisten aktiviteettejani suhteen ja muotoillut toimintaa palautteen avulla. My\u00f6s omahoitajakeskustelut olen muotoillut kuntoutujan tarpeiden mukaisesti ja olen osannut tehd\u00e4 tiedonhakua ennakkoon erilaisista tukitoimista, joista kuntoutuja voisi hy\u00f6ty\u00e4. Kliininen osaaminen on j\u00e4\u00e4nyt harjoittelun aikana v\u00e4hemm\u00e4lle, mutta olen k\u00e4ytt\u00e4nyt hoitoty\u00f6ss\u00e4 erilaisia mittareita kuten MMSE. My\u00f6s verenpaineiden ja muiden vitaalien ottaminen on ollut osana ty\u00f6t\u00e4. Osana kliinist\u00e4 osaamista olen ottanut kuntoutujien voimavarat huomioon ryhmi\u00e4 suunnitellessani, kuten ei l\u00e4hdet\u00e4 pelaamaan palloa, jos paljon heikkovointisia kuntoutujia.<br><br><strong>N\u00e4ytt\u00f6\u00f6n perustuva toiminta ja p\u00e4\u00e4t\u00f6ksenteko.<\/strong><br>Olen toteuttanut harjoittelua n\u00e4ytt\u00f6\u00f6n perustuvalla toiminnalla ja olen osannut perustella kuntoutujille miksi mit\u00e4kin erilaisia toimia tehd\u00e4\u00e4n. Palveluohjausta olen my\u00f6s omien kuntoutujien kanssa toteuttanut. Olemme yhdess\u00e4 miettineet mik\u00e4 voisi olla hyv\u00e4ksi ja sitten otettu yhteytt\u00e4 tai katsottu soittoajat yhdess\u00e4. P\u00e4\u00e4t\u00f6ksentekoa harjoittelussa tulee paljon tehty\u00e4, p\u00e4\u00e4t\u00f6kset yleens\u00e4 mit\u00e4 ryhmiss\u00e4 tehd\u00e4\u00e4n tai l\u00e4hdet\u00e4\u00e4nk\u00f6 yhdess\u00e4 k\u00e4ym\u00e4\u00e4n viikonloppuna jossakin. P\u00e4\u00e4t\u00f6ksentekoon perustuu aina kuntoutujien mielipiteet sek\u00e4 kunto.<br><br><strong>Sosiaali- ja terveyspalvelujen laatu ja turvallisuus.<\/strong><br>Osaan toimia potilasturvallisuutta edist\u00e4en, jos olen huomannut jonkun potilasturvallisuuden riskin, kuten interaktion l\u00e4\u00e4kkeiden kesken tai kompastumisvaaran olen ilmoittanut siit\u00e4 eteenp\u00e4in. Harjoittelussa olen antanut kuntoutujille parhaan mahdollisen kuntoutuskokemuksen ja hy\u00f6dynn\u00e4n omaa aiempaa osaamistani. Toteutan kuitenkin harjoittelua potilasturvallisuus edell\u00e4.<\/p>\n\n\n\n<div class=\"wp-block-comments\"><h2 id=\"comments\" class=\"wp-block-comments-title\">2 vastausta artikkeliin &#8220;V\u00e4liarvio&#8221;<\/h2>\n\n<ol class=\"wp-block-comment-template\"><li id=\"comment-24\" class=\"comment even thread-even depth-1\">\n\n<div class=\"wp-block-columns is-layout-flex wp-container-core-columns-is-layout-9d6595d7 wp-block-columns-is-layout-flex\">\n<div class=\"wp-block-column is-layout-flow wp-block-column-is-layout-flow\" style=\"flex-basis:40px\"><div class=\"wp-block-avatar\"><img alt='Marjo Heikkinen avatar' src='https:\/\/secure.gravatar.com\/avatar\/39b88be6add4905f2a51e7280e3924f7563b6a9ea5ee3b76abfd1f89d5390d1c?s=40&#038;d=mm&#038;r=g' srcset='https:\/\/secure.gravatar.com\/avatar\/39b88be6add4905f2a51e7280e3924f7563b6a9ea5ee3b76abfd1f89d5390d1c?s=80&#038;d=mm&#038;r=g 2x' class='avatar avatar-40 photo wp-block-avatar__image' height='40' width='40'  style=\"border-radius:20px;\"\/><\/div><\/div>\n\n\n\n<div class=\"wp-block-column is-layout-flow wp-block-column-is-layout-flow\"><div class=\"wp-block-comment-author-name has-small-font-size\">Marjo Heikkinen<\/div>\n\n\n<div class=\"wp-block-group is-layout-flex wp-block-group-is-layout-flex\" style=\"margin-top:0px;margin-bottom:0px\"><div class=\"wp-block-comment-date has-small-font-size\"><time datetime=\"2025-08-26T13:32:58+03:00\"><a href=\"https:\/\/blogi.savonia.fi\/santerikolehmainen\/harjoittelut\/harjoittelu-sairaanhoitajan-osaamisen-taydentaminen\/valiarvio\/#comment-24\">26.8.2025<\/a><\/time><\/div>\n\n<\/div>\n\n\n<div class=\"wp-block-comment-content\"><p>Hei Santeri,<br \/>\nkiitos sinulle ja ohjaajille v\u00e4litt\u00f6m\u00e4st\u00e4 v\u00e4lipalautetapaamisesta. Ohjaat hyvin oppimistasi, teet tavoitteita ja arvioit etenemist\u00e4. Se onkin nyt t\u00e4rke\u00e4\u00e4, kun teet harjoittelun opinnollistaen, olet siis vastuullinen ty\u00f6ntekij\u00e4 mutta my\u00f6s harjoittelua suorittava oppija. Kuvaat hyvin miten se tuo vastuuta ja vahvuutta tekemiseesi harjoittelun tavoitteiden ja sis\u00e4lt\u00f6jen valossa. Jatkossa paneudet erityisesti ryhmien vet\u00e4miseen ja oman tapasi l\u00f6yt\u00e4miseen siin\u00e4, l\u00e4\u00e4ke\/korvaushoitoon ja hoitosuhteeeseen ja sen vaikuttavuuteen ja oman ty\u00f6otteesi merkitykseen siin\u00e4.<br \/>\nHyvin etenee, oivalluksia harjoitteluun edelleen<br \/>\nMarjo<\/p>\n<\/div>\n\n<div class=\"wp-block-comment-reply-link has-small-font-size\"><a rel=\"nofollow\" class=\"comment-reply-link\" href=\"https:\/\/blogi.savonia.fi\/santerikolehmainen\/harjoittelut\/harjoittelu-sairaanhoitajan-osaamisen-taydentaminen\/valiarvio\/?replytocom=24#respond\" data-commentid=\"24\" data-postid=\"278\" data-belowelement=\"comment-24\" data-respondelement=\"respond\" data-replyto=\"Vastaa kommenttiin Marjo Heikkinen\" aria-label=\"Vastaa kommenttiin Marjo Heikkinen\">Vastaa<\/a><\/div><\/div>\n<\/div>\n\n<\/li><li id=\"comment-27\" class=\"comment odd alt thread-odd thread-alt depth-1\">\n\n<div class=\"wp-block-columns is-layout-flex wp-container-core-columns-is-layout-9d6595d7 wp-block-columns-is-layout-flex\">\n<div class=\"wp-block-column is-layout-flow wp-block-column-is-layout-flow\" style=\"flex-basis:40px\"><div class=\"wp-block-avatar\"><img alt='Marjo Heikkinen avatar' src='https:\/\/secure.gravatar.com\/avatar\/39b88be6add4905f2a51e7280e3924f7563b6a9ea5ee3b76abfd1f89d5390d1c?s=40&#038;d=mm&#038;r=g' srcset='https:\/\/secure.gravatar.com\/avatar\/39b88be6add4905f2a51e7280e3924f7563b6a9ea5ee3b76abfd1f89d5390d1c?s=80&#038;d=mm&#038;r=g 2x' class='avatar avatar-40 photo wp-block-avatar__image' height='40' width='40'  style=\"border-radius:20px;\"\/><\/div><\/div>\n\n\n\n<div class=\"wp-block-column is-layout-flow wp-block-column-is-layout-flow\"><div class=\"wp-block-comment-author-name has-small-font-size\">Marjo Heikkinen<\/div>\n\n\n<div class=\"wp-block-group is-layout-flex wp-block-group-is-layout-flex\" style=\"margin-top:0px;margin-bottom:0px\"><div class=\"wp-block-comment-date has-small-font-size\"><time datetime=\"2025-10-23T10:09:58+03:00\"><a href=\"https:\/\/blogi.savonia.fi\/santerikolehmainen\/harjoittelut\/harjoittelu-sairaanhoitajan-osaamisen-taydentaminen\/valiarvio\/#comment-27\">23.10.2025<\/a><\/time><\/div>\n\n<\/div>\n\n\n<div class=\"wp-block-comment-content\"><p>Hei Santeri,<br \/>\nkommentoin harjoittelun p\u00e4\u00e4tytty\u00e4 t\u00e4nne sivulle, kun loppuyhteenveto sivulla ei ole kommenttikentt\u00e4\u00e4 avoinna.<br \/>\nOlet hyvin dokumentoinnut harjoitteluasi, ja suorittanut sen hyvin, niin vahvaa palautetta sait v\u00e4lipalautetapaamisessa luontevasta ty\u00f6yhteis\u00f6osaamisesta ja asiakasl\u00e4ht\u00f6isest\u00e4 ty\u00f6otteesta. Kehit\u00e4 ja vaali niit\u00e4 vauhvuuksia menetelm\u00e4osaamisen ohella, miss\u00e4 sitten jatkossa ty\u00f6skenteletk\u00e4\u00e4n, siin\u00e4 on hoitajuuden ydin. Oman oppimisen ohjaaminen onkin t\u00e4rke\u00e4\u00e4, kun suoritit harjoittelun opinnollistaen, sek\u00e4 harjoittelijan ominaisuudessa ett\u00e4 ty\u00f6ntekij\u00e4n\u00e4. Ja toki muutenkin ammatillinen kasvu ja sen johtaminen on t\u00e4rke\u00e4\u00e4, kun opinnot ovat jo t\u00e4ss\u00e4 vaiheessa.<br \/>\nKiitos yhteisty\u00f6st\u00e4 ja iloa ja oivalluksia opinnoissa edelleen<br \/>\nMarjo<\/p>\n<\/div>\n\n<div class=\"wp-block-comment-reply-link has-small-font-size\"><a rel=\"nofollow\" class=\"comment-reply-link\" href=\"https:\/\/blogi.savonia.fi\/santerikolehmainen\/harjoittelut\/harjoittelu-sairaanhoitajan-osaamisen-taydentaminen\/valiarvio\/?replytocom=27#respond\" data-commentid=\"27\" data-postid=\"278\" data-belowelement=\"comment-27\" data-respondelement=\"respond\" data-replyto=\"Vastaa kommenttiin Marjo Heikkinen\" aria-label=\"Vastaa kommenttiin Marjo Heikkinen\">Vastaa<\/a><\/div><\/div>\n<\/div>\n\n<\/li><\/ol>\n\n\n\n\t<div id=\"respond\" class=\"comment-respond wp-block-post-comments-form\">\n\t\t<h3 id=\"reply-title\" class=\"comment-reply-title\">Vastaa <small><a rel=\"nofollow\" id=\"cancel-comment-reply-link\" href=\"\/santerikolehmainen\/wp-json\/wp\/v2\/pages\/278#respond\" style=\"display:none;\">Peruuta vastaus<\/a><\/small><\/h3><form action=\"https:\/\/blogi.savonia.fi\/santerikolehmainen\/wp-comments-post.php\" method=\"post\" id=\"commentform\" class=\"comment-form\"><p class=\"comment-notes\"><span id=\"email-notes\">S\u00e4hk\u00f6postiosoitettasi ei julkaista.<\/span> <span class=\"required-field-message\">Pakolliset kent\u00e4t on merkitty <span class=\"required\">*<\/span><\/span><\/p><p class=\"comment-form-comment\"><label for=\"comment\">Kommentti <span class=\"required\">*<\/span><\/label> <textarea id=\"comment\" name=\"comment\" cols=\"45\" rows=\"8\" maxlength=\"65525\" required=\"required\"><\/textarea><\/p><p class=\"comment-form-author\"><label for=\"author\">Nimi <span class=\"required\">*<\/span><\/label> <input id=\"author\" name=\"author\" type=\"text\" value=\"\" size=\"30\" maxlength=\"245\" autocomplete=\"name\" required=\"required\" \/><\/p>\n<p class=\"comment-form-email\"><label for=\"email\">S\u00e4hk\u00f6postiosoite <span class=\"required\">*<\/span><\/label> <input id=\"email\" name=\"email\" type=\"text\" value=\"\" size=\"30\" maxlength=\"100\" aria-describedby=\"email-notes\" autocomplete=\"email\" required=\"required\" \/><\/p>\n<p class=\"comment-form-url\"><label for=\"url\">Verkkosivusto<\/label> <input id=\"url\" name=\"url\" type=\"text\" value=\"\" size=\"30\" maxlength=\"200\" autocomplete=\"url\" \/><\/p>\n<p class=\"comment-form-cookies-consent\"><input id=\"wp-comment-cookies-consent\" name=\"wp-comment-cookies-consent\" type=\"checkbox\" value=\"yes\" \/> <label for=\"wp-comment-cookies-consent\">Tallenna nimeni, s\u00e4hk\u00f6postiosoitteeni ja sivustoni t\u00e4h\u00e4n selaimeen seuraavaa kommentointikertaa varten.<\/label><\/p>\n<p class=\"form-submit\"><p class=\"be-mu-captcha-comment-image-p\"><label>Security Image:<\/label> <img decoding=\"async\" class=\"be-mu-captcha-image\" src=\"https:\/\/blogi.savonia.fi\/santerikolehmainen\/wp-content\/uploads\/sites\/12213\/be_mu_captcha\/azwfmo0m7pa9ohyb6ciivkgxrgolmka37nyoexbm.png\" \/> <input name=\"be-mu-captcha-request\" type=\"hidden\" value=\"azwfmo0m7pa9ohyb6ciivkgxrgolmka37nyoexbm\" \/><\/p><p class=\"be-mu-captcha-comment-answer-p\"><label for=\"be-mu-captcha-answer\">Security Text:<\/label> <input id=\"be-mu-captcha-answer\" autocomplete=\"off\" name=\"be-mu-captcha-answer\" size=\"9\" type=\"text\" \/><\/p><input name=\"submit\" type=\"submit\" id=\"submit\" class=\"submit\" value=\"L\u00e4het\u00e4 kommentti\" \/> <input type='hidden' name='comment_post_ID' value='278' id='comment_post_ID' \/>\n<input type='hidden' name='comment_parent' id='comment_parent' value='0' \/>\n<\/p><\/form>\t<\/div><!-- #respond -->\n\t<\/div>\n","protected":false},"excerpt":{"rendered":"<p>Eettinen osaaminen ja ammatillisuus. Harjoittelun aikana olen saanut kehitetty\u00e4 omaa ammatillisuutta sek\u00e4 eettist\u00e4 ty\u00f6ntekoa. Olen kunnioittanut asiakkaiden itsem\u00e4\u00e4r\u00e4\u00e4misoikeutta ja olen pit\u00e4nyt keskusteluja sek\u00e4 ryhmi\u00e4 sen pohjalta. Yhten\u00e4 t\u00e4rke\u00e4n\u00e4 osana kuntoutusta on ollut asiakasturvallisuus, joka toteutunut hyvin. S\u00e4\u00e4nn\u00f6ist\u00e4 on pidetty kiinni ja arvioitu kuntoutujien vointia ja tarpeen vaatiessa p\u00e4ivystykseen l\u00e4hetetty, jos kuntoutujan vointi on heikentynyt. Asiakasl\u00e4ht\u00f6isyys\u2026 <span class=\"read-more\"><a href=\"https:\/\/blogi.savonia.fi\/santerikolehmainen\/harjoittelut\/harjoittelu-sairaanhoitajan-osaamisen-taydentaminen\/valiarvio\/\">Read More &raquo;<\/a><\/span><\/p>\n","protected":false},"author":10217,"featured_media":0,"parent":257,"menu_order":3,"comment_status":"open","ping_status":"closed","template":"","meta":{"footnotes":""},"class_list":["post-278","page","type-page","status-publish","hentry"],"_links":{"self":[{"href":"https:\/\/blogi.savonia.fi\/santerikolehmainen\/wp-json\/wp\/v2\/pages\/278","targetHints":{"allow":["GET"]}}],"collection":[{"href":"https:\/\/blogi.savonia.fi\/santerikolehmainen\/wp-json\/wp\/v2\/pages"}],"about":[{"href":"https:\/\/blogi.savonia.fi\/santerikolehmainen\/wp-json\/wp\/v2\/types\/page"}],"author":[{"embeddable":true,"href":"https:\/\/blogi.savonia.fi\/santerikolehmainen\/wp-json\/wp\/v2\/users\/10217"}],"replies":[{"embeddable":true,"href":"https:\/\/blogi.savonia.fi\/santerikolehmainen\/wp-json\/wp\/v2\/comments?post=278"}],"version-history":[{"count":3,"href":"https:\/\/blogi.savonia.fi\/santerikolehmainen\/wp-json\/wp\/v2\/pages\/278\/revisions"}],"predecessor-version":[{"id":284,"href":"https:\/\/blogi.savonia.fi\/santerikolehmainen\/wp-json\/wp\/v2\/pages\/278\/revisions\/284"}],"up":[{"embeddable":true,"href":"https:\/\/blogi.savonia.fi\/santerikolehmainen\/wp-json\/wp\/v2\/pages\/257"}],"wp:attachment":[{"href":"https:\/\/blogi.savonia.fi\/santerikolehmainen\/wp-json\/wp\/v2\/media?parent=278"}],"curies":[{"name":"wp","href":"https:\/\/api.w.org\/{rel}","templated":true}]}}