{"id":342,"date":"2026-03-15T15:58:06","date_gmt":"2026-03-15T13:58:06","guid":{"rendered":"https:\/\/blogi.savonia.fi\/santerikolehmainen\/?page_id=342"},"modified":"2026-04-23T10:54:29","modified_gmt":"2026-04-23T07:54:29","slug":"valiarvio","status":"publish","type":"page","link":"https:\/\/blogi.savonia.fi\/santerikolehmainen\/harjoittelut\/sa00ba95-harjoittelu-akuutti-ja-tehohoitotyo\/valiarvio\/","title":{"rendered":"V\u00e4liarvio"},"content":{"rendered":"\n<p><strong>Eettinen osaaminen ja ammatillisuus<\/strong><\/p>\n\n\n\n<p>Oma eettinen osaaminen ja ammatillisuus on kasvanut taas harjoittelun aikana. Harjoittelun aikana on paljon tullut tilanteita, jossa eettisyys on t\u00e4rke\u00e4\u00e4. Potilaan hoidossa tasa-arvoisuus ja kunnioitus on t\u00e4rke\u00e4\u00e4. Oma ammatillisuus on my\u00f6s lis\u00e4\u00e4ntynyt, olen kokenut saaneeni eritt\u00e4in paljon irti harjoittelusta ja kokenut akuuttihoitoty\u00f6n olevan itselle mielenkiintoinen.<strong><br><\/strong><\/p>\n\n\n\n<p><strong>Ty\u00f6yhteis\u00f6osaaminen<\/strong><\/p>\n\n\n\n<p>Harjoittelun aikana ty\u00f6yhteis\u00f6osaaminen on mennyt hyvin ja olen saanut enemm\u00e4n kokemusta ja vahvuuksia sen toteuttamiseen. Suunnittelemme ty\u00f6ryhm\u00e4n kanssa yhdess\u00e4 kuka ottaa kenenkin potilaan vastaan ja kuka on vastuussa kenenkin hoidossa. Olen my\u00f6s antanut ja ottanut raportteja vastaan ensihoidolta tai osastolta. Viel\u00e4 raporttejen antamamisessa osastolle viedess\u00e4 potilasta pit\u00e4isi vahvistaa.<\/p>\n\n\n\n<p><strong>Kliininen hoitoty\u00f6<\/strong><\/p>\n\n\n\n<p>Kliinist\u00e4 hoitoty\u00f6t\u00e4 olen harjoittelun aikana p\u00e4\u00e4ssyt toteuttamaan paljon. Perushoitoty\u00f6t\u00e4 ja my\u00f6s l\u00e4\u00e4kehoitoty\u00f6t\u00e4. L\u00e4\u00e4kehoitoty\u00f6ss\u00e4 on viel\u00e4 kehitt\u00e4misen varaa. Aina potilaan tullessa hoitoon olisi hyv\u00e4 pohtia mit\u00e4 kaikkea potilas tarvitsee hoidon aloituksen nopeuttamiseksi ja oireiden helpottamiseksi, esimerkkin\u00e4 kanyyli ja kipul\u00e4\u00e4kkeet.<\/p>\n\n\n\n<p><strong>N\u00e4ytt\u00f6\u00f6n perustuva toiminta ja p\u00e4\u00e4t\u00f6ksenteko<\/strong><\/p>\n\n\n\n<p>N\u00e4ytt\u00f6\u00f6n perustuvaa toimintaa ja p\u00e4\u00e4t\u00f6ksentekoa harjoittelun aikana olen toteuttanut hyvin omasta mielest\u00e4ni. Olen perustellut potilaille miksi teen mink\u00e4kin hoitotoimenpiteen ja perustelu liittyy n\u00e4ytt\u00f6\u00f6n perustuvaan toimintaan. P\u00e4\u00e4t\u00f6ksenteossa on viel\u00e4 hiomista, koska p\u00e4ivystyksess\u00e4 priorisointi on t\u00e4rke\u00e4\u00e4, mutta uskon harjoittelun jatkuessa, ett\u00e4 saan vahvistettua omaa p\u00e4\u00e4t\u00f6ksentekotaitoa.<\/p>\n\n\n\n<p><\/p>\n\n\n\n<p><strong>Ohjaus- ja opetusosaaminen<\/strong><\/p>\n\n\n\n<p>Potilaiden ohjaamistilanteita on tullut sopivasti ja olen kokenut niiden menev\u00e4n hyvin. Yleens\u00e4 ohjaus tilanteet ovat liittyneet jatkohoitoihin potilaiden kohdalla. <\/p>\n\n\n\n<p><\/p>\n\n\n\n<p><strong>Sosiaali- ja terveyspalvelujen laatu ja turvallisuus<\/strong><\/p>\n\n\n\n<p>Sosiaali- ja terveyspalveluiden turvallisuudesta ja laadusta harjoittelun aikana on jokseenkin ollut puhetta. Potilashoitoty\u00f6ss\u00e4 pyrimme varmistamaan parhaan laadun ja turvallisuuden potilaille, kuitenkin t\u00e4ss\u00e4 voi olla puutteita p\u00e4ivystyksen kiirellisyyden vuoksi. Hoito on kuitenkin kaikilla toteutunut ohjeistuksien mukaisesti ja olen kokenut itsekkin toteuttaneeni ty\u00f6teht\u00e4vi\u00e4 laadukkaasti ja turvallisuus edell\u00e4.<\/p>\n\n\n\n<p><\/p>\n\n\n\n<p><\/p>\n\n\n\n<div class=\"wp-block-comments\"><h2 id=\"comments\" class=\"wp-block-comments-title\">2 vastausta artikkeliin &#8220;V\u00e4liarvio&#8221;<\/h2>\n\n<ol class=\"wp-block-comment-template\"><li id=\"comment-30\" class=\"comment even thread-even depth-1\">\n\n<div class=\"wp-block-columns is-layout-flex wp-container-core-columns-is-layout-9d6595d7 wp-block-columns-is-layout-flex\">\n<div class=\"wp-block-column is-layout-flow wp-block-column-is-layout-flow\" style=\"flex-basis:40px\"><div class=\"wp-block-avatar\"><img alt='Henna Lahikainen avatar' src='https:\/\/secure.gravatar.com\/avatar\/394673047e0e088454a34ccbb943d5df908d02ca34401a13bae99b0a9f71d63e?s=40&#038;d=mm&#038;r=g' srcset='https:\/\/secure.gravatar.com\/avatar\/394673047e0e088454a34ccbb943d5df908d02ca34401a13bae99b0a9f71d63e?s=80&#038;d=mm&#038;r=g 2x' class='avatar avatar-40 photo wp-block-avatar__image' height='40' width='40'  style=\"border-radius:20px;\"\/><\/div><\/div>\n\n\n\n<div class=\"wp-block-column is-layout-flow wp-block-column-is-layout-flow\"><div class=\"wp-block-comment-author-name has-small-font-size\">Henna Lahikainen<\/div>\n\n\n<div class=\"wp-block-group is-layout-flex wp-block-group-is-layout-flex\" style=\"margin-top:0px;margin-bottom:0px\"><div class=\"wp-block-comment-date has-small-font-size\"><time datetime=\"2026-04-22T04:17:05+03:00\"><a href=\"https:\/\/blogi.savonia.fi\/santerikolehmainen\/harjoittelut\/sa00ba95-harjoittelu-akuutti-ja-tehohoitotyo\/valiarvio\/#comment-30\">22.4.2026<\/a><\/time><\/div>\n\n<\/div>\n\n\n<div class=\"wp-block-comment-content\"><p>V\u00e4liarvio ohjaajilta:<br \/>\nHarjoittelusi alku on ollut nousujohteinen (alun sairastelusta huolimatta)<br \/>\nKohtaat potilaat hyvin ja jokaisen yksil\u00f6n\u00e4. Osaat hyvin ohjata potilaita ja kerrot aina mit\u00e4 tapahtuu ja mit\u00e4 ollaan tekem\u00e4ss\u00e4. K\u00e4dentaitojakin olet p\u00e4\u00e4ssyt jo jonkin verran harjoittelemaan.<br \/>\nKirjaamisessa olet my\u00f6s p\u00e4\u00e4ssyt k\u00e4siksi p\u00e4ivystyksen kirjaamistyyliin (joka varmasti erilaista kun muualla harkoissa\/t\u00f6iss\u00e4 ollut) <\/p>\n<p>Loppuharjoitteluun tavoitteeksi harjaantua viel\u00e4 entisest\u00e4\u00e4n k\u00e4dentaidoissa sek\u00e4 saada lis\u00e4\u00e4 itsevarmuutta\/rohkeutta niihin toistojen kautta. <\/p>\n<p>Moduuliviikko on viel\u00e4 edess\u00e4p\u00e4in, joten sielt\u00e4 saat viel\u00e4 hyv\u00e4\u00e4 harjaantumista potilaan vastaanottamiseen, hoidontuloksien seuraamiseen sek\u00e4 teht\u00e4vien priorisointiin.<\/p>\n<\/div>\n\n<div class=\"wp-block-comment-reply-link has-small-font-size\"><a rel=\"nofollow\" class=\"comment-reply-link\" href=\"https:\/\/blogi.savonia.fi\/santerikolehmainen\/harjoittelut\/sa00ba95-harjoittelu-akuutti-ja-tehohoitotyo\/valiarvio\/?replytocom=30#respond\" data-commentid=\"30\" data-postid=\"342\" data-belowelement=\"comment-30\" data-respondelement=\"respond\" data-replyto=\"Vastaa kommenttiin Henna Lahikainen\" aria-label=\"Vastaa kommenttiin Henna Lahikainen\">Vastaa<\/a><\/div><\/div>\n<\/div>\n\n<\/li><li id=\"comment-31\" class=\"comment odd alt thread-odd thread-alt depth-1\">\n\n<div class=\"wp-block-columns is-layout-flex wp-container-core-columns-is-layout-9d6595d7 wp-block-columns-is-layout-flex\">\n<div class=\"wp-block-column is-layout-flow wp-block-column-is-layout-flow\" style=\"flex-basis:40px\"><div class=\"wp-block-avatar\"><img alt='Riikka Jehkinen avatar' src='https:\/\/secure.gravatar.com\/avatar\/aeef9fb253ce04069918f57bdbe3df3ea2321d34029c60964e875bf97b882908?s=40&#038;d=mm&#038;r=g' srcset='https:\/\/secure.gravatar.com\/avatar\/aeef9fb253ce04069918f57bdbe3df3ea2321d34029c60964e875bf97b882908?s=80&#038;d=mm&#038;r=g 2x' class='avatar avatar-40 photo wp-block-avatar__image' height='40' width='40'  style=\"border-radius:20px;\"\/><\/div><\/div>\n\n\n\n<div class=\"wp-block-column is-layout-flow wp-block-column-is-layout-flow\"><div class=\"wp-block-comment-author-name has-small-font-size\">Riikka Jehkinen<\/div>\n\n\n<div class=\"wp-block-group is-layout-flex wp-block-group-is-layout-flex\" style=\"margin-top:0px;margin-bottom:0px\"><div class=\"wp-block-comment-date has-small-font-size\"><time datetime=\"2026-04-23T15:34:29+03:00\"><a href=\"https:\/\/blogi.savonia.fi\/santerikolehmainen\/harjoittelut\/sa00ba95-harjoittelu-akuutti-ja-tehohoitotyo\/valiarvio\/#comment-31\">23.4.2026<\/a><\/time><\/div>\n\n<\/div>\n\n\n<div class=\"wp-block-comment-content\"><p>V\u00e4likeskustelu pidettiin Santerin kanssa 23.4.2026. Henna- ohjaaja oli kirjoittanut v\u00e4liarvioinnin blogiin ennen v\u00e4likeskustelua.<\/p>\n<p>Santerin harjoittelu on edennyt tavoitteiden mukaisesti.  Harjoittelu jatkuu hyv\u00e4ksyttyn\u00e4.<\/p>\n<p>Terveisin Riikka Jehkinen, ohjaava opettaja<\/p>\n<\/div>\n\n<div class=\"wp-block-comment-reply-link has-small-font-size\"><a rel=\"nofollow\" class=\"comment-reply-link\" href=\"https:\/\/blogi.savonia.fi\/santerikolehmainen\/harjoittelut\/sa00ba95-harjoittelu-akuutti-ja-tehohoitotyo\/valiarvio\/?replytocom=31#respond\" data-commentid=\"31\" data-postid=\"342\" data-belowelement=\"comment-31\" data-respondelement=\"respond\" data-replyto=\"Vastaa kommenttiin Riikka Jehkinen\" aria-label=\"Vastaa kommenttiin Riikka Jehkinen\">Vastaa<\/a><\/div><\/div>\n<\/div>\n\n<\/li><\/ol>\n\n\n\n\t<div id=\"respond\" class=\"comment-respond wp-block-post-comments-form\">\n\t\t<h3 id=\"reply-title\" class=\"comment-reply-title\">Vastaa <small><a rel=\"nofollow\" id=\"cancel-comment-reply-link\" href=\"\/santerikolehmainen\/wp-json\/wp\/v2\/pages\/342#respond\" style=\"display:none;\">Peruuta vastaus<\/a><\/small><\/h3><form action=\"https:\/\/blogi.savonia.fi\/santerikolehmainen\/wp-comments-post.php\" method=\"post\" id=\"commentform\" class=\"comment-form\"><p class=\"comment-notes\"><span id=\"email-notes\">S\u00e4hk\u00f6postiosoitettasi ei julkaista.<\/span> <span class=\"required-field-message\">Pakolliset kent\u00e4t on merkitty <span class=\"required\">*<\/span><\/span><\/p><p class=\"comment-form-comment\"><label for=\"comment\">Kommentti <span class=\"required\">*<\/span><\/label> <textarea id=\"comment\" name=\"comment\" cols=\"45\" rows=\"8\" maxlength=\"65525\" required=\"required\"><\/textarea><\/p><p class=\"comment-form-author\"><label for=\"author\">Nimi <span class=\"required\">*<\/span><\/label> <input id=\"author\" name=\"author\" type=\"text\" value=\"\" size=\"30\" maxlength=\"245\" autocomplete=\"name\" required=\"required\" \/><\/p>\n<p class=\"comment-form-email\"><label for=\"email\">S\u00e4hk\u00f6postiosoite <span class=\"required\">*<\/span><\/label> <input id=\"email\" name=\"email\" type=\"text\" value=\"\" size=\"30\" maxlength=\"100\" aria-describedby=\"email-notes\" autocomplete=\"email\" required=\"required\" \/><\/p>\n<p class=\"comment-form-url\"><label for=\"url\">Verkkosivusto<\/label> <input id=\"url\" name=\"url\" type=\"text\" value=\"\" size=\"30\" maxlength=\"200\" autocomplete=\"url\" \/><\/p>\n<p class=\"comment-form-cookies-consent\"><input id=\"wp-comment-cookies-consent\" name=\"wp-comment-cookies-consent\" type=\"checkbox\" value=\"yes\" \/> <label for=\"wp-comment-cookies-consent\">Tallenna nimeni, s\u00e4hk\u00f6postiosoitteeni ja sivustoni t\u00e4h\u00e4n selaimeen seuraavaa kommentointikertaa varten.<\/label><\/p>\n<p class=\"form-submit\"><p class=\"be-mu-captcha-comment-image-p\"><label>Security Image:<\/label> <img decoding=\"async\" class=\"be-mu-captcha-image\" src=\"https:\/\/blogi.savonia.fi\/santerikolehmainen\/wp-content\/uploads\/sites\/12213\/be_mu_captcha\/v794chi44y8bmovj9vd22zn2utaxtgbkfl90g9cj.png\" \/> <input name=\"be-mu-captcha-request\" type=\"hidden\" value=\"v794chi44y8bmovj9vd22zn2utaxtgbkfl90g9cj\" \/><\/p><p class=\"be-mu-captcha-comment-answer-p\"><label for=\"be-mu-captcha-answer\">Security Text:<\/label> <input id=\"be-mu-captcha-answer\" autocomplete=\"off\" name=\"be-mu-captcha-answer\" size=\"9\" type=\"text\" \/><\/p><input name=\"submit\" type=\"submit\" id=\"submit\" class=\"submit\" value=\"L\u00e4het\u00e4 kommentti\" \/> <input type='hidden' name='comment_post_ID' value='342' id='comment_post_ID' \/>\n<input type='hidden' name='comment_parent' id='comment_parent' value='0' \/>\n<\/p><\/form>\t<\/div><!-- #respond -->\n\t<\/div>\n","protected":false},"excerpt":{"rendered":"<p>Eettinen osaaminen ja ammatillisuus Oma eettinen osaaminen ja ammatillisuus on kasvanut taas harjoittelun aikana. Harjoittelun aikana on paljon tullut tilanteita, jossa eettisyys on t\u00e4rke\u00e4\u00e4. Potilaan hoidossa tasa-arvoisuus ja kunnioitus on t\u00e4rke\u00e4\u00e4. Oma ammatillisuus on my\u00f6s lis\u00e4\u00e4ntynyt, olen kokenut saaneeni eritt\u00e4in paljon irti harjoittelusta ja kokenut akuuttihoitoty\u00f6n olevan itselle mielenkiintoinen. Ty\u00f6yhteis\u00f6osaaminen Harjoittelun aikana ty\u00f6yhteis\u00f6osaaminen on mennyt\u2026 <span class=\"read-more\"><a href=\"https:\/\/blogi.savonia.fi\/santerikolehmainen\/harjoittelut\/sa00ba95-harjoittelu-akuutti-ja-tehohoitotyo\/valiarvio\/\">Read More &raquo;<\/a><\/span><\/p>\n","protected":false},"author":10217,"featured_media":0,"parent":335,"menu_order":3,"comment_status":"open","ping_status":"closed","template":"","meta":{"footnotes":""},"class_list":["post-342","page","type-page","status-publish","hentry"],"_links":{"self":[{"href":"https:\/\/blogi.savonia.fi\/santerikolehmainen\/wp-json\/wp\/v2\/pages\/342","targetHints":{"allow":["GET"]}}],"collection":[{"href":"https:\/\/blogi.savonia.fi\/santerikolehmainen\/wp-json\/wp\/v2\/pages"}],"about":[{"href":"https:\/\/blogi.savonia.fi\/santerikolehmainen\/wp-json\/wp\/v2\/types\/page"}],"author":[{"embeddable":true,"href":"https:\/\/blogi.savonia.fi\/santerikolehmainen\/wp-json\/wp\/v2\/users\/10217"}],"replies":[{"embeddable":true,"href":"https:\/\/blogi.savonia.fi\/santerikolehmainen\/wp-json\/wp\/v2\/comments?post=342"}],"version-history":[{"count":2,"href":"https:\/\/blogi.savonia.fi\/santerikolehmainen\/wp-json\/wp\/v2\/pages\/342\/revisions"}],"predecessor-version":[{"id":364,"href":"https:\/\/blogi.savonia.fi\/santerikolehmainen\/wp-json\/wp\/v2\/pages\/342\/revisions\/364"}],"up":[{"embeddable":true,"href":"https:\/\/blogi.savonia.fi\/santerikolehmainen\/wp-json\/wp\/v2\/pages\/335"}],"wp:attachment":[{"href":"https:\/\/blogi.savonia.fi\/santerikolehmainen\/wp-json\/wp\/v2\/media?parent=342"}],"curies":[{"name":"wp","href":"https:\/\/api.w.org\/{rel}","templated":true}]}}