{"id":13,"date":"2019-06-28T08:59:24","date_gmt":"2019-06-28T05:59:24","guid":{"rendered":"https:\/\/blogi.savonia.fi\/sotetie\/?page_id=13"},"modified":"2021-02-18T14:35:52","modified_gmt":"2021-02-18T12:35:52","slug":"yhteystiedot-ja-toimijat","status":"publish","type":"page","link":"https:\/\/blogi.savonia.fi\/sotetie\/yhteystiedot-ja-toimijat\/","title":{"rendered":"Hankkeen kuvaus, yhteystiedot ja toimijat"},"content":{"rendered":"<p><img loading=\"lazy\" decoding=\"async\" class=\"alignnone wp-image-60 size-full\" src=\"https:\/\/blogi.savonia.fi\/sotetie\/wp-content\/uploads\/sites\/6826\/2019\/10\/Dia2-1.jpg\" alt=\"\" width=\"1176\" height=\"522\" srcset=\"https:\/\/blogi.savonia.fi\/sotetie\/wp-content\/uploads\/sites\/6826\/2019\/10\/Dia2-1.jpg 1176w, https:\/\/blogi.savonia.fi\/sotetie\/wp-content\/uploads\/sites\/6826\/2019\/10\/Dia2-1-300x133.jpg 300w, https:\/\/blogi.savonia.fi\/sotetie\/wp-content\/uploads\/sites\/6826\/2019\/10\/Dia2-1-768x341.jpg 768w, https:\/\/blogi.savonia.fi\/sotetie\/wp-content\/uploads\/sites\/6826\/2019\/10\/Dia2-1-1024x455.jpg 1024w\" sizes=\"auto, (max-width: 1176px) 100vw, 1176px\" \/><\/p>\n<p><strong>Tiekartta sote-ammattilaisen jatkuvan oppimisen toteuttamiseen<\/strong><\/p>\n<p>Euroopan sosiaalirahaston rahoittama valtakunnallinen Sote-alan ammattilaisen jatkuvan oppimisen tiekartta (SOTETIE) \u2013hanke k\u00e4ynnistyi syyskuussa 2019 ja jatkuu vuoden 2021 loppuun saakka. Hankkeessa kehitet\u00e4\u00e4n s\u00e4hk\u00f6inen tiekartta, joka tekee sosiaali- ja terveydenhuollon ammattilaisten t\u00e4ydennyskoulutuksen tarpeen arvioinnin ja opintojen l\u00f6yt\u00e4misen nopeaksi ja helpoksi.<strong>\u00a0<\/strong><\/p>\n<p>SOTETIE -hanke vastaa sosiaali- ja terveysalan muuttuvaan osaamistarpeeseen, jonka taustalla on sosiaali- ja terveydenhuollon toimintaymp\u00e4rist\u00f6n ja asiakkaiden palveluntarpeen muutos. T\u00e4h\u00e4n muutokseen vaikuttavat mm. digitalisaatio, asiakkaiden omaehtoinen terveyden ja hyvinvoinnin edist\u00e4minen ja niukkenevat resurssit.<\/p>\n<p>Hankkeeessa on mukana 16 korkeakoulua eri puolilta Suomea. Yhteisty\u00f6kumppaneina hankkeessa ovat ty\u00f6el\u00e4m\u00e4n organisaatiot, jotka edustavat laajasti sosiaali- ja terveysalan palveluntuottajia.<\/p>\n<p>Hankkeessa kehitet\u00e4\u00e4n sosiaali- ja terveysalan ammattilaisille joustavaa ty\u00f6el\u00e4m\u00e4l\u00e4ht\u00f6ist\u00e4 jatkuvaa oppimista tukeva toimintamalli, s\u00e4hk\u00f6inen tiekartta. Tiekartan avulla ammattilaisten osaamisen p\u00e4ivitt\u00e4minen tulevaisuuden osaamistarpeisiin tulee helpoksi ja joustavaksi. Tiekartan avulla osaamista pystyt\u00e4\u00e4n arvioimaan ammattilaisen, ty\u00f6yhteis\u00f6n ja organisaation tasolla sek\u00e4 verkko-opintotarjontaa l\u00f6yt\u00e4m\u00e4\u00e4n ja opintoja toteuttamaan sujuvasti.<\/p>\n<p>Sosiaali- ja terveysalan yhteisen osaamisen rinnalla hankkeessa parannetaan my\u00f6s palvelujen asiakasl\u00e4ht\u00f6isyytt\u00e4 kehitt\u00e4m\u00e4ll\u00e4 asiakas- ja palveluohjauksen osaamiseen liittyv\u00e4\u00e4 arviointia ja koulutusta. Lis\u00e4ksi tulevaisuuden laajentuvien ja uudistuvien teht\u00e4v\u00e4nkuvien edellytt\u00e4m\u00e4\u00e4n erikoisosaamiseen vastataan luomalla uudenlainen malli ty\u00f6el\u00e4m\u00e4l\u00e4ht\u00f6isten erikoistumiskoulutusten toteuttamiseksi.<\/p>\n<p><strong>SOTETIE -hanketta hallinnoi Savonia-ammattikorkeakoulu<\/strong><\/p>\n<p>Projektinjohtaja P\u00e4ivi Tikkanen<\/p>\n<p>paivi.tikkanen@savonia.fi<\/p>\n<p>www.savonia.fi<\/p>\n<p><strong>Hankkeen osatoteuttajia ovat:<\/strong><\/p>\n<p>Diakonia-ammattikorkeakoulu oy<\/p>\n<p>Hankekoordinaattori Jari Helminen<\/p>\n<p>jari.helminen@diak.fi<\/p>\n<p>H\u00e4meen ammattikorkeakoulu oy<\/p>\n<p>Projektikoordinaattori P\u00e4ivi Sanerma<\/p>\n<p>paivi.sanerma@hamk.fi<\/p>\n<p>It\u00e4-Suomen yliopisto<\/p>\n<p>Projektitutkija Ulla Kek\u00e4l\u00e4inen<\/p>\n<p>ulla.kekalainen@uef.fi<\/p>\n<p>Jyv\u00e4skyl\u00e4n ammattikorkeakoulu oy<\/p>\n<p>Projektikoordinaattori Jaana Ritsil\u00e4<\/p>\n<p>jaana.ritsila@jamk.fi<\/p>\n<p>Kaakkois-Suomen ammattikorkeakoulu oy<\/p>\n<p>Projektikoordinaattori Sari Laanter\u00e4<\/p>\n<p>sari.laantera@xamk.fi<\/p>\n<p>Kajaanin ammattikorkeakoulu oy<\/p>\n<p>Projektikoordinaattori Kirsi Moisanen<\/p>\n<p>kirsi.moisanen@kamk.fi<\/p>\n<p>Lapin ammattikorkeakoulu<\/p>\n<p>Projektikoordinaattori Sirkka Saranki-Rantakokko<\/p>\n<p>Sirkka.Saranki-Rantakokko@lapinamk.fi<\/p>\n<p>Laurea-ammattikorkeakoulu<\/p>\n<p>Projektikoordinaattori Tarja Kantola<\/p>\n<p>tarja.kantola@laurea.fi<\/p>\n<p>Metropolia ammattikorkeakoulu oy<\/p>\n<p>Projektikoordinaattori Johanna Holvikivi<\/p>\n<p>johanna.holvikivi@metropolia.fi<\/p>\n<p>Satakunnan ammattikorkeakoulu oy<\/p>\n<p>Projektip\u00e4\u00e4llikk\u00f6 Tapio Myllymaa<\/p>\n<p>tapio.myllymaa@samk.fi<\/p>\n<p>Tampereen ammattikorkeakoulu oy<\/p>\n<p>Projektip\u00e4\u00e4llikk\u00f6 Tiina S\u00e4il\u00e4<\/p>\n<p>tiina.saila@tuni.fi<\/p>\n<p>Turun ammattikorkeakoulu oyj<\/p>\n<p>Projektikoordinaattori Kaarina Rajala<\/p>\n<p>kaarina.rajala@turkuamk.fi<\/p>\n<p>Oy Vaasan ammattikorkeakoulu<\/p>\n<p>Hankekoordinaattori Ulla Isosaari<\/p>\n<p>ulla.isosaari@vamk.fi<\/p>\n<p>Yskesh\u00f6gskolan Arcada Ab<\/p>\n<p>Projektikoordinaattori Arla Cederberg<\/p>\n<p>arla.cederberg@arcada.fi<\/p>\n<p>Ab Yrkeh\u00f6gskolan Novia<\/p>\n<p>Projektikoordinaattori Anne Nummela<\/p>\n<p>anne.nummela@novia.fi<\/p>\n<p><strong>Hankkeen ohjausryhm\u00e4ss\u00e4 ovat<\/strong><\/p>\n<p>Helj\u00e4 Lundgren-Laine, johtajaylihoitaja, Keski-Suomen keskussairaala, ohjausryhm\u00e4n puheenjohtaja<br \/>\nMarjo Huovinen-Tervo, hallintoylihoitaja, Kainuun sote<br \/>\nSari M\u00e4kinen, ylil\u00e4\u00e4k\u00e4ri, vastuualuejohtaja, Pirkanmaan sairaanhoitopiiri, PTH yksikk\u00f6<br \/>\nHeikki Tikkanen, professori, UEF, l\u00e4\u00e4ketieteen laitos<br \/>\nTuula Tuominen, toimitusjohtaja, Pikassos Oy<br \/>\nJuha Kurtti, tutkimusp\u00e4\u00e4llikk\u00f6, Tehy ry<br \/>\nJarno Talvitie, asiantuntija, Hyvinvointiala HALI ry<br \/>\nTarja Kauppila, johtaja, It\u00e4-Suomen sosiaalialan osaamiskeskus (ISO)<br \/>\nSalla Sepp\u00e4nen, koulutusvastuujohtaja, Savonia-ammattikorkeakoulu oy<br \/>\nSanna Hirsivaara, opetusneuvos, Opetus- ja kulttuuriministeri\u00f6<br \/>\nMarjukka Vallimies-Patom\u00e4ki, terveydenhuoltoneuvos, Sosiaali- ja terveysministeri\u00f6.<\/p>\n","protected":false},"excerpt":{"rendered":"<p>Tiekartta sote-ammattilaisen jatkuvan oppimisen toteuttamiseen Euroopan sosiaalirahaston rahoittama valtakunnallinen Sote-alan ammattilaisen jatkuvan oppimisen tiekartta (SOTETIE) \u2013hanke k\u00e4ynnistyi syyskuussa 2019 ja jatkuu vuoden 2021 loppuun saakka. Hankkeessa kehitet\u00e4\u00e4n s\u00e4hk\u00f6inen tiekartta, joka tekee sosiaali- ja terveydenhuollon ammattilaisten t\u00e4ydennyskoulutuksen tarpeen arvioinnin ja opintojen<\/p>\n","protected":false},"author":476,"featured_media":0,"parent":0,"menu_order":0,"comment_status":"closed","ping_status":"closed","template":"","meta":{"footnotes":""},"class_list":["post-13","page","type-page","status-publish","hentry"],"_links":{"self":[{"href":"https:\/\/blogi.savonia.fi\/sotetie\/wp-json\/wp\/v2\/pages\/13","targetHints":{"allow":["GET"]}}],"collection":[{"href":"https:\/\/blogi.savonia.fi\/sotetie\/wp-json\/wp\/v2\/pages"}],"about":[{"href":"https:\/\/blogi.savonia.fi\/sotetie\/wp-json\/wp\/v2\/types\/page"}],"author":[{"embeddable":true,"href":"https:\/\/blogi.savonia.fi\/sotetie\/wp-json\/wp\/v2\/users\/476"}],"replies":[{"embeddable":true,"href":"https:\/\/blogi.savonia.fi\/sotetie\/wp-json\/wp\/v2\/comments?post=13"}],"version-history":[{"count":13,"href":"https:\/\/blogi.savonia.fi\/sotetie\/wp-json\/wp\/v2\/pages\/13\/revisions"}],"predecessor-version":[{"id":485,"href":"https:\/\/blogi.savonia.fi\/sotetie\/wp-json\/wp\/v2\/pages\/13\/revisions\/485"}],"wp:attachment":[{"href":"https:\/\/blogi.savonia.fi\/sotetie\/wp-json\/wp\/v2\/media?parent=13"}],"curies":[{"name":"wp","href":"https:\/\/api.w.org\/{rel}","templated":true}]}}