{"id":130,"date":"2023-11-07T20:59:27","date_gmt":"2023-11-07T18:59:27","guid":{"rendered":"https:\/\/blogi.savonia.fi\/thomascoelho\/?page_id=130"},"modified":"2023-11-29T19:17:49","modified_gmt":"2023-11-29T17:17:49","slug":"mita-opin","status":"publish","type":"page","link":"https:\/\/blogi.savonia.fi\/thomascoelho\/matkailu-ja-majoituspalvelut-tutuksi-e-portfolio-oppimistehtava\/mita-opin\/","title":{"rendered":"Itsearviointi ja loppuyhteenveto"},"content":{"rendered":"\n<p>Ai ett\u00e4, t\u00e4m\u00e4 piste on nyt saavutettu, nimitt\u00e4in portfolioteht\u00e4v\u00e4ni loppu! Teht\u00e4v\u00e4n teko oli kuin vuoren yl\u00f6s kapuamista, v\u00e4lill\u00e4 tuli vastaan kohtia jotka tuntuivat ylitsep\u00e4\u00e4sem\u00e4tt\u00f6milt\u00e4, mutta oikealla asenteella ja taktikoinnilla p\u00e4\u00e4stiin kunnialla loppuun.<\/p>\n\n\n\n<figure class=\"wp-block-image size-large\"><img loading=\"lazy\" decoding=\"async\" width=\"1024\" height=\"638\" src=\"https:\/\/blogi.savonia.fi\/thomascoelho\/wp-content\/uploads\/sites\/12672\/2023\/11\/rockclimbing-2040824_1280-1024x638.jpg\" alt=\"\" class=\"wp-image-213\" srcset=\"https:\/\/blogi.savonia.fi\/thomascoelho\/wp-content\/uploads\/sites\/12672\/2023\/11\/rockclimbing-2040824_1280-1024x638.jpg 1024w, https:\/\/blogi.savonia.fi\/thomascoelho\/wp-content\/uploads\/sites\/12672\/2023\/11\/rockclimbing-2040824_1280-300x187.jpg 300w, https:\/\/blogi.savonia.fi\/thomascoelho\/wp-content\/uploads\/sites\/12672\/2023\/11\/rockclimbing-2040824_1280-768x478.jpg 768w, https:\/\/blogi.savonia.fi\/thomascoelho\/wp-content\/uploads\/sites\/12672\/2023\/11\/rockclimbing-2040824_1280-624x389.jpg 624w, https:\/\/blogi.savonia.fi\/thomascoelho\/wp-content\/uploads\/sites\/12672\/2023\/11\/rockclimbing-2040824_1280.jpg 1280w\" sizes=\"auto, (max-width: 1024px) 100vw, 1024px\" \/><\/figure>\n\n\n\n<p>Kuva 1. Kalliokiipeily (Pf\u00fcderi Julkaisuaika tuntematon)<\/p>\n\n\n\n<p><strong>Aikajana<\/strong><\/p>\n\n\n\n<p>L\u00e4hdet\u00e4\u00e4n liikkeelle ihan teht\u00e4v\u00e4n alusta. Alku oli minulle hieman vaikea, enk\u00e4 usko, ett\u00e4 olen ainoa. Blogialusta oli sekava sek\u00e4 itselleni t\u00e4ysin vieras ja vaikka mielenkiintoisia uutisia ja julkaisuja etsin ja l\u00f6ysin, niin alkuvaiheessa niiden kanssa p\u00e4\u00e4stiin vain tosiaan sille l\u00f6yt\u00e4misen tasolle.<\/p>\n\n\n\n<p>Tein aluksi my\u00f6s sen virheen, mink\u00e4 varmasti joku muukin teki, aloin tehd\u00e4 teht\u00e4v\u00e4\u00e4 omasta mielest\u00e4ni v\u00e4\u00e4r\u00e4ll\u00e4 tavalla ja masentuneena hylk\u00e4sin ensimm\u00e4isen pohjani kokonaan. T\u00e4ss\u00e4 vaiheessa ker\u00e4sin kuitenkin itseni kasaan ja kysyin rohkeasti apua Memmulta. <\/p>\n\n\n\n<p>Memmu neuvoi ja opasti, mill\u00e4 tavoin h\u00e4nen on helpoin k\u00e4yd\u00e4 ty\u00f6 l\u00e4pi ja n\u00e4ytti helpon ja selke\u00e4n tyylin portfolion rakentamiseen. Heti t\u00e4st\u00e4 pisteest\u00e4 eteenp\u00e4in uutisia ja mielenkiinnon kohteita ei mennyt en\u00e4\u00e4 haaskuun vaan portfolion rakentaminen ensimm\u00e4isen kuukauden ongelmien j\u00e4lkeen tuntui selke\u00e4lt\u00e4 ja sujuvalta.<\/p>\n\n\n\n<p>Vaikeuksista eroon p\u00e4\u00e4sty\u00e4ni, portfoliooni kirjoittamat julkaisut ainakin omasta mielest\u00e4ni parani yksi toisensa j\u00e4lkeen, alussa kirjoittaminen oli viel\u00e4 v\u00e4h\u00e4n kankeaa, mutta mit\u00e4 pidemm\u00e4lle ty\u00f6ss\u00e4ni etenin olin lopputulokseen kokoajan tyytyv\u00e4isempi.<\/p>\n\n\n\n<p>Koen my\u00f6s, ett\u00e4 saavutin teht\u00e4v\u00e4ss\u00e4ni sen pisteen, mik\u00e4 oli tarkoituskin. L\u00f6ysin mielenkiintoisia ajankohtaisia julkaisuja useista tunnetuista ja v\u00e4hemm\u00e4n tunnetuista, mutta silti luotettavista l\u00e4hteist\u00e4 ehk\u00e4 Iltasanomat lukuun ottamatta, ja sain avattua n\u00e4it\u00e4 uutisia ja pohdittua niiss\u00e4 k\u00e4siteltyj\u00e4 aiheita monipuolisesti, sek\u00e4 kirjattua yl\u00f6s omia mielipiteit\u00e4 ja muutamia kokemuksiakin.<\/p>\n\n\n\n<p><strong>Oppia, osaamista ja sen sis\u00e4ist\u00e4mist\u00e4<\/strong><\/p>\n\n\n\n<p>Olen oppinut seuraamaan alani t\u00e4rkeit\u00e4 medioita ja ruvennut teht\u00e4v\u00e4n my\u00f6t\u00e4 seuraamaan esimerkiksi Visit Finland verkkosivua aktiivisesti. On my\u00f6s hauska huomata, miten Googlen tarjoama uutisfiidi on muuttunut Putinin kasvoista matkailupainotteiseksi ja esimerkiksi YouTube ehdotukseni on k\u00e4\u00e4ntynyt alaamme koskevaksi.<\/p>\n\n\n\n<p>Teht\u00e4v\u00e4n tekeminen on palauttanut minulle mieleen, miten t\u00e4rke\u00e4\u00e4 on pysy\u00e4 ajan tasalla ja seurata ajankohtaisia ja t\u00e4rkeit\u00e4 julkaisuja ja teemoja. Vaikka teht\u00e4v\u00e4 nyt loppuukin niin aktiivinen alaamme koskevien julkaisujen seuraaminen on j\u00e4\u00e4nyt pysy\u00e4kseen.<\/p>\n\n\n\n<p><strong>Itsearviointi<\/strong><\/p>\n\n\n\n<p>Olen teht\u00e4v\u00e4ss\u00e4ni seurannut ja kirjoittanut yl\u00f6s julkaisuja eritt\u00e4in monesta eri l\u00e4hteest\u00e4 ja aiheesta koko silt\u00e4 aikajanalta milt\u00e4 olen osannut tehd\u00e4 teht\u00e4v\u00e4\u00e4 ja k\u00e4ytt\u00e4\u00e4 blogialustaa, koen my\u00f6s, ett\u00e4 l\u00e4hdemerkint\u00e4ni on tehty huolellisesti ja hyvin t\u00e4m\u00e4n hetkisen osaamiseni mukaan. Olen my\u00f6s panostanut aiheiden monipuolisuuteen, ja kirjoittanut varsinkin minua itse\u00e4ni koskettavia ja kiinnostavia uutisia yl\u00f6s panostaen sis\u00e4ll\u00f6n mielenkiintoon ja helppoon luettavuuteen. Teemoja on my\u00f6s ollut useita erilaisia, on tulevaisuutta, vastuullisuutta, ajankohtaisuutta ja n\u00e4iden kaikkien sekoituksia mukana. Koen ylt\u00e4v\u00e4ni t\u00e4ll\u00e4 ty\u00f6ll\u00e4 v\u00e4hint\u00e4\u00e4n hyv\u00e4\u00e4n jos en erinomaiseen arvosanaan.<\/p>\n\n\n\n<p><em>Loppujen lopuksi teht\u00e4v\u00e4st\u00e4 j\u00e4i hyv\u00e4 fiilis<\/em>!<\/p>\n\n\n\n<figure class=\"wp-block-image size-large is-resized\"><img loading=\"lazy\" decoding=\"async\" width=\"1024\" height=\"682\" src=\"https:\/\/blogi.savonia.fi\/thomascoelho\/wp-content\/uploads\/sites\/12672\/2023\/11\/children-593313_1280-1024x682.jpg\" alt=\"\" class=\"wp-image-214\" style=\"aspect-ratio:1.501466275659824;width:512px;height:auto\" srcset=\"https:\/\/blogi.savonia.fi\/thomascoelho\/wp-content\/uploads\/sites\/12672\/2023\/11\/children-593313_1280-1024x682.jpg 1024w, https:\/\/blogi.savonia.fi\/thomascoelho\/wp-content\/uploads\/sites\/12672\/2023\/11\/children-593313_1280-300x200.jpg 300w, https:\/\/blogi.savonia.fi\/thomascoelho\/wp-content\/uploads\/sites\/12672\/2023\/11\/children-593313_1280-768x512.jpg 768w, https:\/\/blogi.savonia.fi\/thomascoelho\/wp-content\/uploads\/sites\/12672\/2023\/11\/children-593313_1280-624x416.jpg 624w, https:\/\/blogi.savonia.fi\/thomascoelho\/wp-content\/uploads\/sites\/12672\/2023\/11\/children-593313_1280.jpg 1280w\" sizes=\"auto, (max-width: 1024px) 100vw, 1024px\" \/><\/figure>\n\n\n\n<p>Kuva 2. Lapset voittaa (StartupStockPhotos Julkaisuaika tuntematon)<\/p>\n\n\n\n<p>Kiitos teht\u00e4v\u00e4st\u00e4 ja suunta uusia oppimistilaisuuksia kohti!<\/p>\n\n\n\n<p>24.11.2023<\/p>\n\n\n\n<p>L\u00e4hteet:<\/p>\n\n\n\n<ul class=\"wp-block-list\">\n<li>Pf\u00fcderi Julkaisuaika tuntematon. Kalliokiipeily. Valokuva. Pixabay. <a rel=\"noreferrer noopener\" href=\"https:\/\/pixabay.com\/fi\/photos\/kalliokiipeily-menestys-vuori-2040824\/\" target=\"_blank\">https:\/\/pixabay.com\/fi\/photos\/kalliokiipeily-menestys-vuori-2040824\/<\/a> Viitattu 24.11.2023<\/li>\n\n\n\n<li>StartupStockPhotos Julkaisuaika tuntematon. Lapset voittaa. Valokuva. Pixabay. <a rel=\"noreferrer noopener\" href=\"https:\/\/pixabay.com\/fi\/photos\/lapset-voittaa-menestys-videopeli-593313\/\" target=\"_blank\">https:\/\/pixabay.com\/fi\/photos\/lapset-voittaa-menestys-videopeli-593313\/<\/a> Viitattu 24.11.2023<\/li>\n<\/ul>\n","protected":false},"excerpt":{"rendered":"<p>Ai ett\u00e4, t\u00e4m\u00e4 piste on nyt saavutettu, nimitt\u00e4in portfolioteht\u00e4v\u00e4ni loppu! Teht\u00e4v\u00e4n teko oli kuin vuoren yl\u00f6s kapuamista, v\u00e4lill\u00e4 tuli vastaan kohtia jotka tuntuivat ylitsep\u00e4\u00e4sem\u00e4tt\u00f6milt\u00e4, mutta oikealla asenteella ja taktikoinnilla p\u00e4\u00e4stiin kunnialla loppuun. Kuva 1. Kalliokiipeily (Pf\u00fcderi Julkaisuaika tuntematon) Aikajana L\u00e4hdet\u00e4\u00e4n liikkeelle ihan teht\u00e4v\u00e4n alusta. Alku oli minulle hieman vaikea, enk\u00e4 usko, ett\u00e4 olen ainoa. Blogialusta [&hellip;]<\/p>\n","protected":false},"author":10470,"featured_media":0,"parent":8,"menu_order":11,"comment_status":"closed","ping_status":"closed","template":"","meta":{"footnotes":""},"class_list":["post-130","page","type-page","status-publish","hentry"],"_links":{"self":[{"href":"https:\/\/blogi.savonia.fi\/thomascoelho\/wp-json\/wp\/v2\/pages\/130","targetHints":{"allow":["GET"]}}],"collection":[{"href":"https:\/\/blogi.savonia.fi\/thomascoelho\/wp-json\/wp\/v2\/pages"}],"about":[{"href":"https:\/\/blogi.savonia.fi\/thomascoelho\/wp-json\/wp\/v2\/types\/page"}],"author":[{"embeddable":true,"href":"https:\/\/blogi.savonia.fi\/thomascoelho\/wp-json\/wp\/v2\/users\/10470"}],"replies":[{"embeddable":true,"href":"https:\/\/blogi.savonia.fi\/thomascoelho\/wp-json\/wp\/v2\/comments?post=130"}],"version-history":[{"count":8,"href":"https:\/\/blogi.savonia.fi\/thomascoelho\/wp-json\/wp\/v2\/pages\/130\/revisions"}],"predecessor-version":[{"id":230,"href":"https:\/\/blogi.savonia.fi\/thomascoelho\/wp-json\/wp\/v2\/pages\/130\/revisions\/230"}],"up":[{"embeddable":true,"href":"https:\/\/blogi.savonia.fi\/thomascoelho\/wp-json\/wp\/v2\/pages\/8"}],"wp:attachment":[{"href":"https:\/\/blogi.savonia.fi\/thomascoelho\/wp-json\/wp\/v2\/media?parent=130"}],"curies":[{"name":"wp","href":"https:\/\/api.w.org\/{rel}","templated":true}]}}